-- https://www.phpmyadmin.net/
--

START TRANSACTION;



-- --------------------------------------------------------

--
-- Table structure for table `booking`
--

CREATE TABLE `booking` (
  `id` int NOT NULL,
  `id_tour` int NOT NULL COMMENT 'Tour',
  `date_created` datetime NOT NULL COMMENT 'Fecha de creaciÃ³n '
) ENGINE=InnoDB DEFAULT CHARSET=utf8mb4 COLLATE=utf8mb4_general_ci ROW_FORMAT=DYNAMIC;

-- --------------------------------------------------------

--
-- Table structure for table `booking_payment`
--

CREATE TABLE `booking_payment` (
  `id` int UNSIGNED NOT NULL,
  `charge_id` varchar(180) CHARACTER SET utf8mb4 COLLATE utf8mb4_general_ci DEFAULT NULL,
  `livemode` tinyint NOT NULL DEFAULT (0),
  `tour_booking_id` tinyint NOT NULL DEFAULT (0),
  `created_at` varchar(50) CHARACTER SET utf8mb4 COLLATE utf8mb4_general_ci DEFAULT NULL
) ENGINE=InnoDB DEFAULT CHARSET=utf8mb4 COLLATE=utf8mb4_general_ci;

--
-- Dumping data for table `booking_payment`
--

INSERT INTO `booking_payment` (`id`, `charge_id`, `livemode`, `tour_booking_id`, `created_at`) VALUES
(1, 'ch_3PXUrFRuCpp8nrm90tGWyYax', 0, 44, '1719781225'),
(2, 'ch_3PXUrSRuCpp8nrm905pw7vRu', 0, 45, '1719781238'),
(3, 'ch_3PXUrmRuCpp8nrm90zodHym3', 0, 46, '1719781258'),
(4, 'ch_3PXXbSRuCpp8nrm907QAhbHH', 0, 47, '1719791778'),
(5, 'ch_3PXkShRuCpp8nrm91YjCSLlY', 0, 56, '1719841207'),
(6, 'ch_3PXkTlRuCpp8nrm91wlP3Gpv', 0, 57, '1719841273'),
(7, 'ch_3PXy93RuCpp8nrm91DM7Czv0', 0, 58, '1719893805'),
(8, 'ch_3PXyCyRuCpp8nrm90ZYbCtbG', 0, 59, '1719894048'),
(9, 'ch_3PXyDARuCpp8nrm90v1QgCyM', 0, 60, '1719894060'),
(10, 'ch_3PXyDuRuCpp8nrm90hMlTEVV', 0, 61, '1719894106'),
(11, 'ch_3PXyE0RuCpp8nrm91BFaATa3', 0, 62, '1719894112');

-- --------------------------------------------------------

--
-- Table structure for table `booking_systems`
--

CREATE TABLE `booking_systems` (
  `id` int UNSIGNED NOT NULL,
  `name` varchar(150) CHARACTER SET utf8mb4 COLLATE utf8mb4_general_ci DEFAULT NULL,
  `config` text CHARACTER SET utf8mb4 COLLATE utf8mb4_general_ci
) ENGINE=InnoDB DEFAULT CHARSET=utf8mb4 COLLATE=utf8mb4_general_ci;

--
-- Dumping data for table `booking_systems`
--

INSERT INTO `booking_systems` (`id`, `name`, `config`) VALUES
(1, 'Rezdy', '{}'),
(2, 'FareHarbor', '{}');

-- --------------------------------------------------------

--
-- Table structure for table `categories`
--

CREATE TABLE `categories` (
  `id` int NOT NULL,
  `name` varchar(150) CHARACTER SET utf8mb4 COLLATE utf8mb4_general_ci DEFAULT NULL,
  `description` varchar(180) CHARACTER SET utf8mb4 COLLATE utf8mb4_general_ci DEFAULT NULL,
  `icon` varchar(20) CHARACTER SET utf8mb4 COLLATE utf8mb4_general_ci DEFAULT NULL,
  `slug` varchar(30) CHARACTER SET utf8mb4 COLLATE utf8mb4_general_ci DEFAULT NULL
) ENGINE=InnoDB DEFAULT CHARSET=utf8mb4 COLLATE=utf8mb4_general_ci ROW_FORMAT=DYNAMIC;

-- --------------------------------------------------------

--
-- Table structure for table `channel`
--

CREATE TABLE `channel` (
  `id` int UNSIGNED NOT NULL,
  `name` varchar(180) CHARACTER SET utf8mb4 COLLATE utf8mb4_general_ci DEFAULT NULL,
  `active` tinyint(1) NOT NULL DEFAULT '0'
) ENGINE=InnoDB DEFAULT CHARSET=utf8mb4 COLLATE=utf8mb4_general_ci ROW_FORMAT=DYNAMIC;

-- --------------------------------------------------------

--
-- Table structure for table `city`
--

CREATE TABLE `city` (
  `id` int NOT NULL,
  `name` varchar(180) CHARACTER SET utf8mb4 COLLATE utf8mb4_general_ci DEFAULT NULL,
  `id_region` int NOT NULL COMMENT 'RegiÃ³n',
  `slug` varchar(180) CHARACTER SET utf8mb4 COLLATE utf8mb4_general_ci DEFAULT NULL,
  `image` varchar(250) CHARACTER SET utf8mb4 COLLATE utf8mb4_general_ci DEFAULT NULL,
  `is_zone` int DEFAULT NULL
) ENGINE=InnoDB DEFAULT CHARSET=utf8mb4 COLLATE=utf8mb4_general_ci ROW_FORMAT=DYNAMIC;

--
-- Dumping data for table `city`
--

INSERT INTO `city` (`id`, `name`, `id_region`, `slug`, `image`, `is_zone`) VALUES
(1, 'Stuttgart', 1, 'stuttgart', NULL, NULL),
(2, 'Múnich', 2, 'munich', NULL, NULL),
(3, 'Berlín', 3, 'berlin', 'berlin.jpg', NULL),
(4, 'Potsdam', 4, 'potsdam', NULL, NULL),
(5, 'Bremen', 5, 'bremen', NULL, NULL),
(6, 'Hamburgo', 6, 'hamburgo', NULL, NULL),
(7, 'Wiesbaden', 7, 'wiesbaden', NULL, NULL),
(8, 'Schwerin', 8, 'schwerin', NULL, NULL),
(9, 'Hanóver', 9, 'hanover', NULL, NULL),
(10, 'Düsseldorf', 10, 'dusseldorf', NULL, NULL),
(11, 'Maguncia', 11, 'maguncia', NULL, NULL),
(12, 'Sarrebruck', 12, 'sarrebruck', NULL, NULL),
(13, 'Dresde', 13, 'dresde', NULL, NULL),
(14, 'Magdeburgo', 14, 'magdeburgo', NULL, NULL),
(15, 'Kiel', 15, 'kiel', NULL, NULL),
(16, 'Erfurt', 16, 'erfurt', NULL, NULL),
(17, 'Colonia', 10, 'colonia', NULL, NULL),
(18, 'Heidelberg', 1, 'heidelberg', NULL, NULL),
(19, 'Buenos Aires', 17, 'buenos-aires', 'patagonia-argentina-.jpg', NULL),
(20, 'Córdoba', 18, 'cordoba', NULL, NULL),
(21, 'Rosario', 19, 'rosario', NULL, NULL),
(22, 'La Plata', 20, 'la-plata', NULL, NULL),
(23, 'San Miguel de Tucumán', 21, 'san-miguel-de-tucuman', NULL, NULL),
(24, 'Mar del Plata', 20, 'mar-del-plata', NULL, NULL),
(25, 'Ciudad de Salta', 22, 'ciudad-de-salta', NULL, NULL),
(26, 'Ciudad de Santa Fe', 23, 'ciudad-de-santa-fe', NULL, NULL),
(27, 'Lanús', 20, 'lanus', NULL, NULL),
(28, 'Ciudad de Corrientes', 24, 'ciudad-de-corrientes', NULL, NULL),
(29, 'Bahía Blanca', 20, 'bahia-blanca', NULL, NULL),
(30, 'San Isidro', 20, 'san-isidro', NULL, NULL),
(31, 'Resistencia', 25, 'resistencia', NULL, NULL),
(32, 'Vicente López', 20, 'vicente-lopez', NULL, NULL),
(33, 'Posadas', 26, 'posadas', NULL, NULL),
(34, 'Paraná', 27, 'parana', NULL, NULL),
(35, 'Merlo', 20, 'merlo', NULL, NULL),
(36, 'San Salvador de Jujuy', 28, 'san-salvador-de-jujuy', NULL, NULL),
(37, 'Quilmes', 20, 'quilmes', NULL, NULL),
(38, 'Ciudad de Santiago del Estero', 29, 'ciudad-de-santiago-del-estero', NULL, NULL),
(39, 'Pilar', 20, 'pilar', NULL, NULL),
(40, 'Banfield', 30, 'banfield', NULL, NULL),
(41, 'Guaymallén', 31, 'guaymallen', NULL, NULL),
(42, 'Ciudad de Formosa', 32, 'ciudad-de-formosa', NULL, NULL),
(43, 'José C. Paz', 20, 'jose-c-paz', NULL, NULL),
(44, 'Ciudad de Neuquén', 33, 'ciudad-de-neuquen', NULL, NULL),
(45, 'Godoy Cruz', 31, 'godoy-cruz', NULL, NULL),
(46, 'Las Heras', 31, 'las-heras', NULL, NULL),
(47, 'Gregorio de Laferrere', 20, 'gregorio-de-laferrere', NULL, NULL),
(48, 'Berazategui', 20, 'berazategui', NULL, NULL),
(49, 'González Catán', 20, 'gonzalez-catan', NULL, NULL),
(50, 'San Miguel', 20, 'san-miguel', NULL, NULL),
(51, 'Ciudad de Río Cuarto', 18, 'ciudad-de-rio-cuarto', NULL, NULL),
(52, 'Ciudad de San Luis', 34, 'ciudad-de-san-luis', NULL, NULL),
(53, 'Moreno', 20, 'moreno', NULL, NULL),
(54, 'Concordia', 27, 'concordia', NULL, NULL),
(55, 'Ciudad de La Rioja', 35, 'ciudad-de-la-rioja', NULL, NULL),
(56, 'San Fernando del Valle de Catamarca', 36, 'san-fernando-del-valle-de-catamarca', NULL, NULL),
(57, 'Comodoro Rivadavia', 37, 'comodoro-rivadavia', NULL, NULL),
(58, 'Isidro Casanova', 20, 'isidro-casanova', NULL, NULL),
(59, 'Ituzaingó', 20, 'ituzaingo', NULL, NULL),
(60, 'San Nicolás de los Arroyos', 20, 'san-nicolas-de-los-arroyos', NULL, NULL),
(61, 'Florencio Varela', 20, 'florencio-varela', NULL, NULL),
(62, 'San Rafael', 31, 'san-rafael', NULL, NULL),
(63, 'Ciudad de San Juan', 38, 'ciudad-de-san-juan', NULL, NULL),
(64, 'Lomas de Zamora', 20, 'lomas-de-zamora', NULL, NULL),
(65, 'Temperley', 20, 'temperley', NULL, NULL),
(66, 'Ciudad de Mendoza', 31, 'ciudad-de-mendoza', NULL, NULL),
(67, 'Monte Grande', 20, 'monte-grande', NULL, NULL),
(68, 'Bernal', 20, 'bernal', NULL, NULL),
(69, 'San Justo', 20, 'san-justo', NULL, NULL),
(70, 'Pergamino', 20, 'pergamino', NULL, NULL),
(71, 'Castelar', 20, 'castelar', NULL, NULL),
(72, 'Rafael Castillo', 20, 'rafael-castillo', NULL, NULL),
(73, 'Santa Rosa', 39, 'santa-rosa', NULL, NULL),
(74, 'Tandil', 20, 'tandil', NULL, NULL),
(75, 'Libertad', 20, 'libertad', NULL, NULL),
(76, 'Ramos Mejía', 20, 'ramos-mejia', NULL, NULL),
(77, 'Zárate', 20, 'zarate', NULL, NULL),
(78, 'Villa Mercedes', 34, 'villa-mercedes', NULL, NULL),
(79, 'Río Gallegos', 40, 'rio-gallegos', NULL, NULL),
(80, 'Caseros', 20, 'caseros', NULL, NULL),
(81, 'La Banda', 29, 'la-banda', NULL, NULL),
(82, 'Trujui', 20, 'trujui', NULL, NULL),
(83, 'Campana', 20, 'campana', NULL, NULL),
(84, 'Puerto Madryn', 37, 'puerto-madryn', NULL, NULL),
(85, 'Ezeiza', 20, 'ezeiza', NULL, NULL),
(86, 'Morón', 20, 'moron', NULL, NULL),
(87, 'Virrey del Pino', 20, 'virrey-del-pino', NULL, NULL),
(88, 'San Carlos de Bariloche', 41, 'san-carlos-de-bariloche', NULL, NULL),
(89, 'Trelew', 37, 'trelew', NULL, NULL),
(90, 'Maipú', 31, 'maipu', NULL, NULL),
(91, 'Chivilcoy', 20, 'chivilcoy', NULL, NULL),
(92, 'Junín', 20, 'junin', NULL, NULL),
(93, 'Burzaco', 20, 'burzaco', NULL, NULL),
(94, 'Grand Bourg', 20, 'grand-bourg', NULL, NULL),
(95, 'Monte Chingolo', 20, 'monte-chingolo', NULL, NULL),
(96, 'Olavarría', 20, 'olavarria', NULL, NULL),
(97, 'Rawson', 37, 'rawson', NULL, NULL),
(98, 'Rafaela', 19, 'rafaela', NULL, NULL),
(99, 'Remedios de Escalada (Partido de Lanús)', 20, 'remedios-de-escalada-partido-de-lanus', NULL, NULL),
(100, 'La Tablada', 20, 'la-tablada', NULL, NULL),
(101, 'Presidencia Roque Sáenz Peña', 25, 'presidencia-roque-saenz-pena', NULL, NULL),
(102, 'Rivadavia', 38, 'rivadavia', NULL, NULL),
(103, 'Florida (no es ciudad sino barrio)', 20, 'florida-no-es-ciudad-sino-barrio', NULL, NULL),
(104, 'Villa Madero', 20, 'villa-madero', NULL, NULL),
(105, 'Olivos (no es ciudad sino barrio)', 20, 'olivos-no-es-ciudad-sino-barrio', NULL, NULL),
(106, 'Gualeguaychú', 27, 'gualeguaychu', NULL, NULL),
(107, 'Villa Gobernador Gálvez', 19, 'villa-gobernador-galvez', NULL, NULL),
(108, 'Villa Luzuriaga', 20, 'villa-luzuriaga', NULL, NULL),
(109, 'Boulogne Sur Mer', 20, 'boulogne-sur-mer', NULL, NULL),
(110, 'Chimbas', 38, 'chimbas', NULL, NULL),
(111, 'Ciudadela', 20, 'ciudadela', NULL, NULL),
(112, 'Luján de Cuyo', 31, 'lujan-de-cuyo', NULL, NULL),
(113, 'Ezpeleta', 20, 'ezpeleta', NULL, NULL),
(114, 'Villa María', 18, 'villa-maria', NULL, NULL),
(115, 'General Roca', 41, 'general-roca', NULL, NULL),
(116, 'San Fernando', 20, 'san-fernando', NULL, NULL),
(117, 'Ciudad Evita', 20, 'ciudad-evita', NULL, NULL),
(118, 'Venado Tuerto', 19, 'venado-tuerto', NULL, NULL),
(119, 'Bella Vista', 20, 'bella-vista', NULL, NULL),
(120, 'Luján', 20, 'lujan', NULL, NULL),
(121, 'San Ramón de la Nueva Orán', 22, 'san-ramon-de-la-nueva-oran', NULL, NULL),
(122, 'Cipolletti', 41, 'cipolletti', NULL, NULL),
(123, 'Goya', 24, 'goya', NULL, NULL),
(124, 'Reconquista', 19, 'reconquista', NULL, NULL),
(125, 'Wilde', 20, 'wilde', NULL, NULL),
(126, 'Martínez', 20, 'martinez', NULL, NULL),
(127, 'Necochea', 20, 'necochea', NULL, NULL),
(128, 'Don Torcuato', 20, 'don-torcuato', NULL, NULL),
(129, 'Banda del Río Salí', 21, 'banda-del-rio-sali', NULL, NULL),
(130, 'Concepción del Uruguay', 27, 'concepcion-del-uruguay', NULL, NULL),
(131, 'General Rodríguez', 20, 'general-rodriguez', NULL, NULL),
(132, 'Villa Tesei', 20, 'villa-tesei', NULL, NULL),
(133, 'Ciudad Jardín El Libertador', 20, 'ciudad-jardin-el-libertador', NULL, NULL),
(134, 'Villa Carlos Paz', 18, 'villa-carlos-paz', NULL, NULL),
(135, 'Sarandí', 20, 'sarandi', NULL, NULL),
(136, 'Villa Domínico', 20, 'villa-dominico', NULL, NULL),
(137, 'Béccar', 20, 'beccar', NULL, NULL),
(138, 'San Francisco', 18, 'san-francisco', NULL, NULL),
(139, 'Glew', 20, 'glew', NULL, NULL),
(140, 'Punta Alta', 20, 'punta-alta', NULL, NULL),
(141, 'El Palomar', 20, 'el-palomar', NULL, NULL),
(142, 'Rafael Calzada', 20, 'rafael-calzada', NULL, NULL),
(143, 'Ushuaia', 42, 'ushuaia', NULL, NULL),
(144, 'Tartagal', 22, 'tartagal', NULL, NULL),
(145, 'San Pedro de Jujuy', 28, 'san-pedro-de-jujuy', NULL, NULL),
(146, 'Belén de Escobar', 20, 'belen-de-escobar', NULL, NULL),
(147, 'Berisso', 20, 'berisso', NULL, NULL),
(148, 'Mariano Acosta', 20, 'mariano-acosta', NULL, NULL),
(149, 'San Francisco Solano', 20, 'san-francisco-solano', NULL, NULL),
(150, 'Los Polvorines', 20, 'los-polvorines', NULL, NULL),
(151, 'Azul', 20, 'azul', NULL, NULL),
(152, 'Lomas del Mirador', 20, 'lomas-del-mirador', NULL, NULL),
(153, 'Río Grande', 42, 'rio-grande', NULL, NULL),
(154, 'Presidente Perón', 20, 'presidente-peron', NULL, NULL),
(155, 'General Pico', 39, 'general-pico', NULL, NULL),
(156, 'Mercedes', 20, 'mercedes', NULL, NULL),
(157, 'Bosques', 20, 'bosques', NULL, NULL),
(158, 'Oberá', 26, 'obera', NULL, NULL),
(159, 'Barranqueras', 25, 'barranqueras', NULL, NULL),
(160, 'Yerba Buena/Marcos Paz', 21, 'yerba-buenamarcos-paz', NULL, NULL),
(161, 'Villa Centenario', 20, 'villa-centenario', NULL, NULL),
(162, 'San Martín', 31, 'san-martin', NULL, NULL),
(163, 'Gobernador Julio A Costa', 20, 'gobernador-julio-a-costa', NULL, NULL),
(164, 'William Morris', 20, 'william-morris', NULL, NULL),
(165, 'El Jagüel', 20, 'el-jaguel', NULL, NULL),
(166, 'Villa Mariano Moreno-El Colmenar', 21, 'villa-mariano-moreno-el-colmenar', NULL, NULL),
(167, 'Eldorado', 26, 'eldorado', NULL, NULL),
(168, 'Longchamps', 20, 'longchamps', NULL, NULL),
(169, 'Clorinda', 32, 'clorinda', NULL, NULL),
(170, 'Viedma', 41, 'viedma', NULL, NULL),
(171, 'Concepción', 21, 'concepcion', NULL, NULL),
(172, 'Tres Arroyos', 20, 'tres-arroyos', NULL, NULL),
(173, 'Palpalá', 28, 'palpala', NULL, NULL),
(174, 'Villa Dolores', 18, 'villa-dolores', NULL, NULL),
(175, 'Viena', 43, 'viena', NULL, NULL),
(176, 'Graz', 44, 'graz', NULL, NULL),
(177, 'Linz', 45, 'linz', NULL, NULL),
(178, 'Salzburgo', 46, 'salzburgo', NULL, NULL),
(179, 'Innsbruck', 47, 'innsbruck', NULL, NULL),
(180, 'Klagenfurt', 48, 'klagenfurt', NULL, NULL),
(181, 'Villach', 48, 'villach', NULL, NULL),
(182, 'Wels', 45, 'wels', NULL, NULL),
(183, 'Sankt Pölten', 49, 'sankt-polten', NULL, NULL),
(184, 'Dornbirn', 50, 'dornbirn', NULL, NULL),
(185, 'Wiener Neustadt', 49, 'wiener-neustadt', NULL, NULL),
(186, 'Steyr', 45, 'steyr', NULL, NULL),
(187, 'Feldkirch', 50, 'feldkirch', NULL, NULL),
(188, 'Bregenz', 50, 'bregenz', NULL, NULL),
(189, 'Leonding', 45, 'leonding', NULL, NULL),
(190, 'Klosterneuburg', 49, 'klosterneuburg', NULL, NULL),
(191, 'Baden bei Wien', 49, 'baden-bei-wien', NULL, NULL),
(192, 'Wolfsberg', 48, 'wolfsberg', NULL, NULL),
(193, 'Leoben', 44, 'leoben', NULL, NULL),
(194, 'Krems', 49, 'krems', NULL, NULL),
(195, 'Traun', 45, 'traun', NULL, NULL),
(196, 'Amstetten', 49, 'amstetten', NULL, NULL),
(197, 'Kapfenberg', 44, 'kapfenberg', NULL, NULL),
(198, 'Lustenau', 50, 'lustenau', NULL, NULL),
(199, 'Mödling', 49, 'modling', NULL, NULL),
(200, 'Hallein', 46, 'hallein', NULL, NULL),
(201, 'Kufstein', 47, 'kufstein', NULL, NULL),
(202, 'Traiskirchen', 49, 'traiskirchen', NULL, NULL),
(203, 'Schwechat', 49, 'schwechat', NULL, NULL),
(204, 'Braunau am Inn', 45, 'braunau-am-inn', NULL, NULL),
(205, 'Saalfelden am Steinernen Mee', 46, 'saalfelden-am-steinernen-mee', NULL, NULL),
(206, 'Stockerau', 49, 'stockerau', NULL, NULL),
(207, 'Ansfelden', 45, 'ansfelden', NULL, NULL),
(208, 'Spittal an der Drau', 48, 'spittal-an-der-drau', NULL, NULL),
(209, 'Hohenems', 50, 'hohenems', NULL, NULL),
(210, 'Tulln an der Donau', 49, 'tulln-an-der-donau', NULL, NULL),
(211, 'Telfs', 47, 'telfs', NULL, NULL),
(212, 'Ternitz', 49, 'ternitz', NULL, NULL),
(213, 'Perchtoldsdorf', 49, 'perchtoldsdorf', NULL, NULL),
(214, 'Feldkirchen', 48, 'feldkirchen', NULL, NULL),
(215, 'Bludenz', 50, 'bludenz', NULL, NULL),
(216, 'Bad Ischl', 45, 'bad-ischl', NULL, NULL),
(217, 'Eisenstadt', 51, 'eisenstadt', NULL, NULL),
(218, 'Schwaz', 47, 'schwaz', NULL, NULL),
(219, 'Gmunden', 45, 'gmunden', NULL, NULL),
(220, 'Hall in Tirol', 47, 'hall-in-tirol', NULL, NULL),
(221, 'Wörgl', 47, 'worgl', NULL, NULL),
(222, 'Hard', 50, 'hard', NULL, NULL),
(223, 'Sankt Veit an der Glan', 48, 'sankt-veit-an-der-glan', NULL, NULL),
(224, 'Marchtrenk', 45, 'marchtrenk', NULL, NULL),
(225, 'Bruck an der Mur', 44, 'bruck-an-der-mur', NULL, NULL),
(226, 'Wals-Siezenheim', 46, 'wals-siezenheim', NULL, NULL),
(227, 'Neunkirchen', 49, 'neunkirchen', NULL, NULL),
(228, 'Korneuburg', 49, 'korneuburg', NULL, NULL),
(229, 'Vöcklabruck', 45, 'vocklabruck', NULL, NULL),
(230, 'Lienz', 47, 'lienz', NULL, NULL),
(231, 'Rankweil', 50, 'rankweil', NULL, NULL),
(232, 'Hollabrunn', 49, 'hollabrunn', NULL, NULL),
(233, 'Knittelfeld', 44, 'knittelfeld', NULL, NULL),
(234, 'Waidhofen', 49, 'waidhofen', NULL, NULL),
(235, 'Enns', 45, 'enns', NULL, NULL),
(236, 'Ried im Innkreis', 45, 'ried-im-innkreis', NULL, NULL),
(237, 'Brunn am Gebirge', 49, 'brunn-am-gebirge', NULL, NULL),
(238, 'Bad Vöslau', 49, 'bad-voslau', NULL, NULL),
(239, 'Trofaiach', 44, 'trofaiach', NULL, NULL),
(240, 'Zwettl', 45, 'zwettl', NULL, NULL),
(241, 'Völkermarkt', 48, 'volkermarkt', NULL, NULL),
(242, 'Mistelbach', 49, 'mistelbach', NULL, NULL),
(243, 'Götzis', 50, 'gotzis', NULL, NULL),
(244, 'Sankt Johann im Pongau', 52, 'sankt-johann-im-pongau', NULL, NULL),
(245, 'Gänserndorf', 49, 'ganserndorf', NULL, NULL),
(246, 'Bischofshofen', 46, 'bischofshofen', NULL, NULL),
(247, 'Gerasdorf bei Wien', 53, 'gerasdorf-bei-wien', NULL, NULL),
(248, 'Sankt Andrä', 48, 'sankt-andra', NULL, NULL),
(249, 'Seekirchen am Wallersee', 46, 'seekirchen-am-wallersee', NULL, NULL),
(250, 'Ebreichsdorf', 49, 'ebreichsdorf', NULL, NULL),
(251, 'Köflach', 44, 'koflach', NULL, NULL),
(252, 'Hallstatt', 45, 'hallstatt', NULL, NULL),
(253, 'Santa Cruz de la Sierra', 224, 'santa-cruz-de-la-sierra', NULL, NULL),
(254, 'El Alto', 54, 'el-alto', NULL, NULL),
(255, 'La Paz', 54, 'la-paz', NULL, NULL),
(256, 'Cochabamba', 56, 'cochabamba', NULL, NULL),
(257, 'Oruro', 57, 'oruro', NULL, NULL),
(258, 'Sucre', 58, 'sucre', NULL, NULL),
(259, 'Tarija', 59, 'tarija', NULL, NULL),
(260, 'Potosí', 60, 'potosi', NULL, NULL),
(261, 'Sacaba', 56, 'sacaba', NULL, NULL),
(262, 'Quillacollo', 56, 'quillacollo', NULL, NULL),
(263, 'Montero', 224, 'montero', NULL, NULL),
(264, 'Trinidad', 61, 'trinidad', NULL, NULL),
(265, 'Ayuni', 60, 'ayuni', NULL, NULL),
(266, 'São Paulo', 73, 'sao-paulo', NULL, NULL),
(267, 'Rio de Janeiro', 74, 'rio-de-janeiro', 'brasil.jpg', NULL),
(268, 'Salvador', 75, 'salvador', NULL, NULL),
(269, 'Brasilia', 76, 'brasilia', NULL, NULL),
(270, 'Fortaleza', 77, 'fortaleza', NULL, NULL),
(271, 'Belo Horizonte', 78, 'belo-horizonte', NULL, NULL),
(272, 'Manaos', 79, 'manaos', NULL, NULL),
(273, 'Curitiba', 80, 'curitiba', NULL, NULL),
(274, 'Recife', 81, 'recife', NULL, NULL),
(275, 'Porto Alegre', 82, 'porto-alegre', NULL, NULL),
(276, 'Belém', 83, 'belem', NULL, NULL),
(277, 'Goiânia', 84, 'goiania', NULL, NULL),
(278, 'São Luís', 85, 'sao-luis', NULL, NULL),
(279, 'Maceió', 86, 'maceio', NULL, NULL),
(280, 'Teresina', 87, 'teresina', NULL, NULL),
(281, 'Natal', 88, 'natal', NULL, NULL),
(282, 'Campo Grande', 89, 'campo-grande', NULL, NULL),
(283, 'João Pessoa', 90, 'joao-pessoa', NULL, NULL),
(284, 'Aracaju', 91, 'aracaju', NULL, NULL),
(285, 'Cuiabá', 92, 'cuiaba', NULL, NULL),
(286, 'Porto Velho', 93, 'porto-velho', NULL, NULL),
(287, 'Florianópolis', 94, 'florianopolis', NULL, NULL),
(288, 'Macapá', 95, 'macapa', NULL, NULL),
(289, 'Rio Branco', 96, 'rio-branco', NULL, NULL),
(290, 'Vitória', 97, 'vitoria', NULL, NULL),
(291, 'Boa Vista', 98, 'boa-vista', NULL, NULL),
(292, 'Amberes', 62, 'amberes', NULL, NULL),
(293, 'Gante', 63, 'gante', NULL, NULL),
(294, 'Charleroi', 64, 'charleroi', NULL, NULL),
(295, 'Lieja', 65, 'lieja', NULL, NULL),
(296, 'Bruselas', 66, 'bruselas', 'Bruselasportada.jpg', 0),
(297, 'Schaerbeek', 66, 'schaerbeek', NULL, NULL),
(298, 'Brujas', 68, 'brujas', NULL, NULL),
(299, 'Anderlecht', 66, 'anderlecht', NULL, NULL),
(300, 'Namur', 69, 'namur', NULL, NULL),
(301, 'Lovaina', 70, 'lovaina', NULL, NULL),
(302, 'Molenbeek-Saint-Jean', 66, 'molenbeek-saint-jean', NULL, NULL),
(303, 'Mons', 64, 'mons', NULL, NULL),
(304, 'Ixelles', 66, 'ixelles', NULL, NULL),
(305, 'Malinas', 62, 'malinas', NULL, NULL),
(306, 'Aalst', 63, 'aalst', NULL, NULL),
(307, 'Uccle', 66, 'uccle', NULL, NULL),
(308, 'La Louvière', 64, 'la-louviere', NULL, NULL),
(309, 'Hasselt', 71, 'hasselt', NULL, NULL),
(310, 'Cortrique', 68, 'cortrique', NULL, NULL),
(311, 'San Nicolás de Flandes', 63, 'san-nicolas-de-flandes', NULL, NULL),
(312, 'Ostende', 68, 'ostende', NULL, NULL),
(313, 'Tournai', 64, 'tournai', NULL, NULL),
(314, 'Genk', 71, 'genk', NULL, NULL),
(315, 'Seraing', 72, 'seraing', NULL, NULL),
(316, 'Vancouver', 99, 'vancouver', NULL, NULL),
(317, 'Jasper', 100, 'jasper', NULL, NULL),
(318, 'Toronto', 101, 'toronto', NULL, NULL),
(319, 'Montreal', 99, 'montreal', NULL, NULL),
(320, 'Calgary', 100, 'calgary', NULL, NULL),
(321, 'Ottawa', 99, 'ottawa', NULL, NULL),
(322, 'Edmonton', 100, 'edmonton', NULL, NULL),
(323, 'Mississauga', 102, 'mississauga', NULL, NULL),
(324, 'Winnipeg', 103, 'winnipeg', NULL, NULL),
(325, 'Vancouver', 101, 'vancouver', NULL, NULL),
(326, 'Quebec, Quebec', 100, 'quebec-quebec', NULL, NULL),
(327, 'Hamilton', 100, 'hamilton', NULL, NULL),
(328, 'Brampton', 103, 'brampton', NULL, NULL),
(329, 'Surrey', 104, 'surrey', NULL, NULL),
(330, 'Halifax', 101, 'halifax', NULL, NULL),
(331, 'Laval', 100, 'laval', NULL, NULL),
(332, 'London', 100, 'london', NULL, NULL),
(333, 'Markham', 101, 'markham', NULL, NULL),
(334, 'Gatineau', 100, 'gatineau', NULL, NULL),
(335, 'Vaughan', 101, 'vaughan', NULL, NULL),
(336, 'Longueuil', 100, 'longueuil', NULL, NULL),
(337, 'Windsor', 100, 'windsor', NULL, NULL),
(338, 'Kitchener', 103, 'kitchener', NULL, NULL),
(339, 'Burnaby', 105, 'burnaby', NULL, NULL),
(340, 'Saskatoon', 105, 'saskatoon', NULL, NULL),
(341, 'Regina', 103, 'regina', NULL, NULL),
(342, 'Richmond', 100, 'richmond', NULL, NULL),
(343, 'Oakville', 100, 'oakville', NULL, NULL),
(344, 'Burlington', 100, 'burlington', NULL, NULL),
(345, 'Richmond Hill', 100, 'richmond-hill', NULL, NULL),
(346, 'Greater Sudbury', 101, 'greater-sudbury', NULL, NULL),
(347, 'Sherbrooke', 101, 'sherbrooke', NULL, NULL),
(348, 'Saguenay', 100, 'saguenay', NULL, NULL),
(349, 'Oshawa', 100, 'oshawa', NULL, NULL),
(350, 'St. Catharines', 101, 'st-catharines', NULL, NULL),
(351, 'Lévis', 100, 'levis', NULL, NULL),
(352, 'Barrie, Ontario', 101, 'barrie-ontario', NULL, NULL),
(353, 'Trois-Rivières', 103, 'trois-rivieres', NULL, NULL),
(354, 'Abbotsford', 100, 'abbotsford', NULL, NULL),
(355, 'Campbridge', 100, 'campbridge', NULL, NULL),
(356, 'Kingston', 100, 'kingston', NULL, NULL),
(357, 'Guelph', 103, 'guelph', NULL, NULL),
(358, 'Coquitlam', 100, 'coquitlam', NULL, NULL),
(359, 'Whitby', 100, 'whitby', NULL, NULL),
(360, 'Thunder Bay', 103, 'thunder-bay', NULL, NULL),
(361, 'Saanich', 100, 'saanich', NULL, NULL),
(362, 'Chatham-Kent', 103, 'chatham-kent', NULL, NULL),
(363, 'Kelowna', 104, 'kelowna', NULL, NULL),
(364, 'Cape Breton', 107, 'cape-breton', NULL, NULL),
(365, 'San Juan de Terranova', 100, 'san-juan-de-terranova', NULL, NULL),
(366, 'Waterloo', 103, 'waterloo', NULL, NULL),
(367, 'Delta', 101, 'delta', NULL, NULL),
(368, 'Terrebonne', 103, 'terrebonne', NULL, NULL),
(369, 'Langley', 100, 'langley', NULL, NULL),
(370, 'Brantford', 100, 'brantford', NULL, NULL),
(371, 'Ajax', 100, 'ajax', NULL, NULL),
(372, 'Pickering', 101, 'pickering', NULL, NULL),
(373, 'Saint-Jean-sur-Richelieu', 99, 'saint-jean-sur-richelieu', NULL, NULL),
(374, 'Red Deer', 103, 'red-deer', NULL, NULL),
(375, 'North Vancouver', 99, 'north-vancouver', NULL, NULL),
(376, 'Strathcona County', 100, 'strathcona-county', NULL, NULL),
(377, 'Niagara Falls', 103, 'niagara-falls', NULL, NULL),
(378, 'Kamloops', 103, 'kamloops', NULL, NULL),
(379, 'Nanaimo', 103, 'nanaimo', NULL, NULL),
(380, 'Victoria', 100, 'victoria', NULL, NULL),
(381, 'Clarington', 101, 'clarington', NULL, NULL),
(382, 'Repentigny', 100, 'repentigny', NULL, NULL),
(383, 'Sault Ste. Marie', 100, 'sault-ste-marie', NULL, NULL),
(384, 'Peterborough', 99, 'peterborough', NULL, NULL),
(385, 'Lethbridge', 100, 'lethbridge', NULL, NULL),
(386, 'Kawartha Lakes', 100, 'kawartha-lakes', NULL, NULL),
(387, 'Newmarket', 100, 'newmarket', NULL, NULL),
(388, 'Sarnia, Ontario', 101, 'sarnia-ontario', NULL, NULL),
(389, 'Brossard', 108, 'brossard', NULL, NULL),
(390, 'Prince George', 108, 'prince-george', NULL, NULL),
(391, 'Chilliwack', 108, 'chilliwack', NULL, NULL),
(392, 'Maple Ridge', 109, 'maple-ridge', NULL, NULL),
(393, 'Saint John', 101, 'saint-john', NULL, NULL),
(394, 'Drummondville', 109, 'drummondville', NULL, NULL),
(395, 'Moncton', 101, 'moncton', NULL, NULL),
(396, 'Saint-Jérôme', 100, 'saint-jerome', NULL, NULL),
(397, 'Norfolk County', 103, 'norfolk-county', NULL, NULL),
(398, 'New Westminster', 99, 'new-westminster', NULL, NULL),
(399, 'St. Albert', 100, 'st-albert', NULL, NULL),
(400, 'Caledon', 99, 'caledon', NULL, NULL),
(401, 'Medicine Hat', 100, 'medicine-hat', NULL, NULL),
(402, 'Halton Hills', 100, 'halton-hills', NULL, NULL),
(403, 'North Bay', 100, 'north-bay', NULL, NULL),
(404, 'Milton', 103, 'milton', NULL, NULL),
(405, 'Port Coquitlam', 101, 'port-coquitlam', NULL, NULL),
(406, 'Shawinigan', 101, 'shawinigan', NULL, NULL),
(407, 'Saint-Hyacinthe', 99, 'saint-hyacinthe', NULL, NULL),
(408, 'Wood Buffalo', 104, 'wood-buffalo', NULL, NULL),
(409, 'Fredericton', 100, 'fredericton', NULL, NULL),
(410, 'Welland', 101, 'welland', NULL, NULL),
(411, 'Dollard-des-Ormeaux', 100, 'dollard-des-ormeaux', NULL, NULL),
(412, 'Belleville', 101, 'belleville', NULL, NULL),
(413, 'Granby', 100, 'granby', NULL, NULL),
(414, 'Aurora', 99, 'aurora', NULL, NULL),
(415, 'Grande Prairie', 101, 'grande-prairie', NULL, NULL),
(416, 'Blainville', 100, 'blainville', NULL, NULL),
(417, 'Metropolitana de Santiago', 110, 'metropolitana-de-santiago', NULL, NULL),
(418, 'Biobío', 111, 'biobio', NULL, NULL),
(419, 'Valparaíso', 112, 'valparaiso', NULL, NULL),
(420, 'Coquimbo', 113, 'coquimbo', NULL, NULL),
(421, 'Antofagasta', 114, 'antofagasta', NULL, NULL),
(422, 'Araucanía', 115, 'araucania', NULL, NULL),
(423, 'Tarapacá', 117, 'tarapaca', NULL, NULL),
(424, 'Maule', 118, 'maule', NULL, NULL),
(425, 'Arica y Parinacota', 119, 'arica-y-parinacota', NULL, NULL),
(426, 'Los Lagos', 120, 'los-lagos', NULL, NULL),
(427, 'Ñuble', 121, 'nuble', NULL, NULL),
(428, 'Biobío', 122, 'biobio', NULL, NULL),
(429, 'Antofagasta', 123, 'antofagasta', NULL, NULL),
(430, 'Atacama', 124, 'atacama', NULL, NULL),
(431, 'Los Lagos', 125, 'los-lagos', NULL, NULL),
(432, 'Valparaíso', 126, 'valparaiso', NULL, NULL),
(433, 'Los Ríos', 127, 'los-rios', NULL, NULL),
(434, 'Magallanes', 128, 'magallanes', NULL, NULL),
(435, 'Valparaíso', 129, 'valparaiso', NULL, NULL),
(436, 'Maule', 130, 'maule', NULL, NULL),
(437, 'Coquimbo', 131, 'coquimbo', NULL, NULL),
(438, 'Maule', 132, 'maule', NULL, NULL),
(439, 'Valparaíso', 133, 'valparaiso', NULL, NULL),
(440, 'Metropolitana de Santiago', 134, 'metropolitana-de-santiago', NULL, NULL),
(441, 'Valparaíso', 135, 'valparaiso', NULL, NULL),
(442, 'Islade Pascua', 112, 'islade-pascua', NULL, NULL),
(443, 'Bogotá', 136, 'bogota', NULL, NULL),
(444, 'Medellín', 137, 'medellin', NULL, NULL),
(445, 'Cali', 138, 'cali', NULL, NULL),
(446, 'Barranquilla', 139, 'barranquilla', NULL, NULL),
(447, 'Cartagena', 140, 'cartagena', NULL, NULL),
(448, 'Cúcuta', 141, 'cucuta', NULL, NULL),
(449, 'Soledad', 139, 'soledad', NULL, NULL),
(450, 'Ibagué', 142, 'ibague', NULL, NULL),
(451, 'Soacha', 136, 'soacha', NULL, NULL),
(452, 'Bucaramanga', 143, 'bucaramanga', NULL, NULL),
(453, 'Villavicencio', 144, 'villavicencio', NULL, NULL),
(454, 'Santa Marta', 145, 'santa-marta', NULL, NULL),
(455, 'Valledupar', 146, 'valledupar', NULL, NULL),
(456, 'Bello', 137, 'bello', NULL, NULL),
(457, 'Pereira', 147, 'pereira', NULL, NULL),
(458, 'Montería', 225, 'monteria', NULL, NULL),
(459, 'Pasto', 148, 'pasto', NULL, NULL),
(460, 'Buenaventura', 138, 'buenaventura', NULL, NULL),
(461, 'Manizales', 149, 'manizales', NULL, NULL),
(462, 'Neiva', 150, 'neiva', NULL, NULL),
(463, 'Palmira', 138, 'palmira', NULL, NULL),
(464, 'Armenia', 151, 'armenia', NULL, NULL),
(465, 'Riohacha', 152, 'riohacha', NULL, NULL),
(466, 'Sincelejo', 153, 'sincelejo', NULL, NULL),
(467, 'Popayán', 154, 'popayan', NULL, NULL),
(468, 'Itagüí', 137, 'itagui', NULL, NULL),
(469, 'Floridablanca', 143, 'floridablanca', NULL, NULL),
(470, 'Envigado', 137, 'envigado', NULL, NULL),
(471, 'Tuluá', 138, 'tulua', NULL, NULL),
(472, 'Tumaco', 148, 'tumaco', NULL, NULL),
(473, 'San José', 155, 'san-jose', NULL, NULL),
(474, 'Alajuela', 156, 'alajuela', NULL, NULL),
(475, 'Desamparados', 157, 'desamparados', NULL, NULL),
(476, 'San Carlos', 156, 'san-carlos', NULL, NULL),
(477, 'Cartago', 158, 'cartago', NULL, NULL),
(478, 'Pérez Zeledón', 157, 'perez-zeledon', NULL, NULL),
(479, 'Pococí', 159, 'pococi', NULL, NULL),
(480, 'Heredia', 160, 'heredia', NULL, NULL),
(481, 'Puntarenas', 161, 'puntarenas', NULL, NULL),
(482, 'Goicoechea', 157, 'goicoechea', NULL, NULL),
(483, 'La Unión', 158, 'la-union', NULL, NULL),
(484, 'Limón', 159, 'limon', NULL, NULL),
(485, 'San Ramón', 156, 'san-ramon', NULL, NULL),
(486, 'Alajuelita', 157, 'alajuelita', NULL, NULL),
(487, 'Turrialba', 158, 'turrialba', NULL, NULL),
(488, 'Grecia', 156, 'grecia', NULL, NULL),
(489, 'Curridabat', 157, 'curridabat', NULL, NULL),
(490, 'Tibás', 157, 'tibas', NULL, NULL),
(491, 'Liberia', 162, 'liberia', NULL, NULL),
(492, 'Vázquez de Coronado', 157, 'vazquez-de-coronado', NULL, NULL),
(493, 'Aserrí', 157, 'aserri', NULL, NULL),
(494, 'Paraíso', 158, 'paraiso', NULL, NULL),
(495, 'Sarapiquí', 160, 'sarapiqui', NULL, NULL),
(496, 'Siquirres', 159, 'siquirres', NULL, NULL),
(497, 'Moravia', 157, 'moravia', NULL, NULL),
(498, 'Escazú', 157, 'escazu', NULL, NULL),
(499, 'Santa Cruz', 162, 'santa-cruz', NULL, NULL),
(500, 'Nicoya', 162, 'nicoya', NULL, NULL),
(501, 'Montes de Oca', 157, 'montes-de-oca', NULL, NULL),
(502, 'Santa Ana', 157, 'santa-ana', NULL, NULL),
(503, 'San Rafael', 160, 'san-rafael', NULL, NULL),
(504, 'Oreamuno', 158, 'oreamuno', NULL, NULL),
(505, 'Buenos Aires', 161, 'buenos-aires', NULL, NULL),
(506, 'Upala', 156, 'upala', NULL, NULL),
(507, 'Naranjo', 156, 'naranjo', NULL, NULL),
(508, 'Corredores', 161, 'corredores', NULL, NULL),
(509, 'El Guarco', 158, 'el-guarco', NULL, NULL),
(510, 'Guácimo', 159, 'guacimo', NULL, NULL),
(511, 'Barva', 160, 'barva', NULL, NULL),
(512, 'Santo Domingo', 160, 'santo-domingo', NULL, NULL),
(513, 'Golfito', 161, 'golfito', NULL, NULL),
(514, 'Coto Brus', 161, 'coto-brus', NULL, NULL),
(515, 'Matina', 159, 'matina', NULL, NULL),
(516, 'Carrillo', 162, 'carrillo', NULL, NULL),
(517, 'Santa Bárbara', 160, 'santa-barbara', NULL, NULL),
(518, 'Palmares', 156, 'palmares', NULL, NULL),
(519, 'Puriscal', 157, 'puriscal', NULL, NULL),
(520, 'Talamanca', 159, 'talamanca', NULL, NULL),
(521, 'Osa', 161, 'osa', NULL, NULL),
(522, 'Poás', 156, 'poas', NULL, NULL),
(523, 'Esparza', 161, 'esparza', NULL, NULL),
(524, 'San Pablo', 160, 'san-pablo', NULL, NULL),
(525, 'Aguirre', 161, 'aguirre', NULL, NULL),
(526, 'Mora', 157, 'mora', NULL, NULL),
(527, 'Cañas', 162, 'canas', NULL, NULL),
(528, 'Atenas', 156, 'atenas', NULL, NULL),
(529, 'Los Chiles', 156, 'los-chiles', NULL, NULL),
(530, 'Belén', 160, 'belen', NULL, NULL),
(531, 'San Isidro', 160, 'san-isidro', NULL, NULL),
(532, 'Orotina', 156, 'orotina', NULL, NULL),
(533, 'Acosta', 157, 'acosta', NULL, NULL),
(534, 'Flores', 160, 'flores', NULL, NULL),
(535, 'Tilarán', 162, 'tilaran', NULL, NULL),
(536, 'Bagaces', 162, 'bagaces', NULL, NULL),
(537, 'La Cruz', 162, 'la-cruz', NULL, NULL),
(538, 'Valverde Vega', 156, 'valverde-vega', NULL, NULL),
(539, 'Abangares', 162, 'abangares', NULL, NULL),
(540, 'Garabito', 161, 'garabito', NULL, NULL),
(541, 'Tarrazú', 157, 'tarrazu', NULL, NULL),
(542, 'Parrita', 161, 'parrita', NULL, NULL),
(543, 'Guatuso', 156, 'guatuso', NULL, NULL),
(544, 'Jiménez', 158, 'jimenez', NULL, NULL),
(545, 'Alvarado', 158, 'alvarado', NULL, NULL),
(546, 'Montes de oro', 161, 'montes-de-oro', NULL, NULL),
(547, 'Zarcero', 156, 'zarcero', NULL, NULL),
(548, 'León Cortés', 157, 'leon-cortes', NULL, NULL),
(549, 'Nandayure', 162, 'nandayure', NULL, NULL),
(550, 'Río Cuarto', 156, 'rio-cuarto', NULL, NULL),
(551, 'Hojancha', 162, 'hojancha', NULL, NULL),
(552, 'Dota', 157, 'dota', NULL, NULL),
(553, 'San Mateo', 156, 'san-mateo', NULL, NULL),
(554, 'Turrubares', 157, 'turrubares', NULL, NULL),
(555, 'La Fortuna', 156, 'la-fortuna', NULL, NULL),
(556, 'Tamarindo', 162, 'tamarindo', NULL, NULL),
(557, 'Dubrovnik', 163, 'dubrovnik', NULL, NULL),
(558, 'Split', 164, 'split', NULL, NULL),
(559, 'Zadar', 165, 'zadar', NULL, NULL),
(560, 'Hvar', 166, 'hvar', NULL, NULL),
(561, 'Zagreb', 167, 'zagreb', NULL, NULL),
(562, 'Pula', 168, 'pula', NULL, NULL),
(563, 'Trogir', 164, 'trogir', NULL, NULL),
(564, 'La Habana', 169, 'la-habana', NULL, NULL),
(565, 'Varadero', 170, 'varadero', NULL, NULL),
(566, 'Trinidad', 171, 'trinidad', NULL, NULL),
(567, 'Santiango de Cuba', 172, 'santiango-de-cuba', NULL, NULL),
(568, 'Viñales', 173, 'vinales', NULL, NULL),
(569, 'Cienfuegos', 174, 'cienfuegos', NULL, NULL),
(570, 'Santa Clara', 175, 'santa-clara', NULL, NULL),
(571, 'Cayo Coco', 176, 'cayo-coco', NULL, NULL),
(572, 'Cayo Santa María', 175, 'cayo-santa-maria', NULL, NULL),
(573, 'Alejandría', 177, 'alejandria', NULL, NULL),
(574, 'Asuán', 178, 'asuan', NULL, NULL),
(575, 'Asiut', 179, 'asiut', NULL, NULL),
(576, 'Damanhur', 180, 'damanhur', NULL, NULL),
(577, 'Beni Suef', 181, 'beni-suef', NULL, NULL),
(578, 'El Cairo', 182, 'el-cairo', 'pyramid-2675466_1920.jpg', 0),
(579, 'Mansura', 183, 'mansura', NULL, NULL),
(580, 'Damieta', 184, 'damieta', NULL, NULL),
(581, 'Fayún', 185, 'fayun', NULL, NULL),
(582, 'Tanta', 186, 'tanta', NULL, NULL),
(583, 'Guiza', 187, 'guiza', NULL, NULL),
(584, 'Ismailia', 188, 'ismailia', NULL, NULL),
(585, 'Kafr el Sheij', 189, 'kafr-el-sheij', NULL, NULL),
(586, 'Marsá Matrú', 190, 'marsa-matru', NULL, NULL),
(587, 'Menia', 191, 'menia', NULL, NULL),
(588, 'Shibin el-Kom', 192, 'shibin-el-kom', NULL, NULL),
(589, 'El Jariyá', 193, 'el-jariya', NULL, NULL),
(590, 'El Arish', 194, 'el-arish', NULL, NULL),
(591, 'Puerto Saíd', 195, 'puerto-said', NULL, NULL),
(592, 'Banha', 196, 'banha', NULL, NULL),
(593, 'Quena', 197, 'quena', NULL, NULL),
(594, 'Hurgada', 198, 'hurgada', NULL, NULL),
(595, 'Zaqaziq', 199, 'zaqaziq', NULL, NULL),
(596, 'Suhag', 200, 'suhag', NULL, NULL),
(597, 'El Tor', 201, 'el-tor', NULL, NULL),
(598, 'Suez', 202, 'suez', NULL, NULL),
(599, 'Abu Dabi', 203, 'abu-dabi', NULL, NULL),
(600, 'Ajmán', 204, 'ajman', NULL, NULL),
(601, 'Dubái', 205, 'dubai', NULL, NULL),
(602, 'Fuyaira', 206, 'fuyaira', NULL, NULL),
(603, 'Ras al-Jaima', 207, 'ras-al-jaima', NULL, NULL),
(604, 'Sarja', 208, 'sarja', NULL, NULL),
(605, 'Edimburgo', 209, 'edimburgo', 'edimburgo.jpg', NULL),
(606, 'Glasgow', 210, 'glasgow', 'Glasgow.jpg', 0),
(607, 'Skye', 211, 'skye', NULL, NULL),
(608, 'Inverness', 212, 'inverness', NULL, NULL),
(609, 'Fort William', 212, 'fort-william', NULL, NULL),
(610, 'Stirling', 213, 'stirling', NULL, NULL),
(611, 'Saint Andrews', 214, 'saint-andrews', NULL, NULL),
(612, 'Glencoe', 212, 'glencoe', NULL, NULL),
(613, 'Sevilla', 215, 'sevilla', 'seville-3386116_1920.jpg', 0),
(614, 'Madrid', 216, 'madrid', 'Alcala.jpg', NULL),
(615, 'Barcelona', 217, 'barcelona', 'Sagradaaerea.jpg', NULL),
(616, 'Malaga', 215, 'malaga', NULL, NULL),
(617, 'Valencia', 218, 'valencia', NULL, NULL),
(618, 'Palma de Mallorca', 219, 'palma-de-mallorca', NULL, NULL),
(619, 'Valladolid', 220, 'valladolid', NULL, NULL),
(620, 'Toledo', 221, 'toledo', NULL, NULL),
(621, 'Almería', 215, 'almeria', NULL, NULL),
(622, 'Santigao de Compostela', 222, 'santigao-de-compostela', NULL, NULL),
(623, 'Santander', 223, 'santander', NULL, NULL),
(624, 'Burgos', 220, 'burgos', NULL, NULL),
(625, 'San Senastian', 226, 'san-senastian', NULL, NULL),
(626, 'Logroño', 227, 'logrono', NULL, NULL),
(627, 'Segovia', 220, 'segovia', NULL, NULL),
(628, 'Avila', 220, 'avila', NULL, NULL),
(629, 'Ibiza', 219, 'ibiza', NULL, NULL),
(630, 'Granada', 215, 'granada', NULL, NULL),
(631, 'Códoba', 215, 'codoba', NULL, NULL),
(632, 'Santa Cruz Telerife', 228, 'santa-cruz-telerife', NULL, NULL),
(633, 'Mallorca', 219, 'mallorca', NULL, NULL),
(634, 'Bilbao', 226, 'bilbao', NULL, NULL),
(635, 'Nueva York', 229, 'nueva-york', 'nueva-york.jpg', NULL),
(636, 'San Francisco', 230, 'san-francisco', NULL, NULL),
(637, 'Los Angeles', 230, 'los-angeles', NULL, NULL),
(638, 'Las Vegas', 231, 'las-vegas', NULL, NULL),
(639, 'Washinton D.C', 232, 'washinton-dc', NULL, NULL),
(640, 'Miami', 233, 'miami', NULL, NULL),
(641, 'Maui', 234, 'maui', NULL, NULL),
(642, 'Oahu', 234, 'oahu', NULL, NULL),
(643, 'Honolulu', 234, 'honolulu', NULL, NULL),
(644, 'Orlando', 233, 'orlando', NULL, NULL),
(645, 'Chicago', 235, 'chicago', NULL, NULL),
(646, 'Santa Monica', 230, 'santa-monica', NULL, NULL),
(647, 'San Diego', 230, 'san-diego', NULL, NULL),
(648, 'Boston', 236, 'boston', NULL, NULL),
(649, 'Seattle', 232, 'seattle', NULL, NULL),
(650, 'Nuevo Orleans', 237, 'nuevo-orleans', NULL, NULL),
(651, 'Kanuai', 234, 'kanuai', NULL, NULL),
(652, 'Niagara Falls', 229, 'niagara-falls', NULL, NULL),
(653, 'Filadelfia', 238, 'filadelfia', NULL, NULL),
(654, 'Santa Bárbara', 230, 'santa-barbara', NULL, NULL),
(655, 'París', 239, 'paris', 'paris.jpg', NULL),
(656, 'Marsella', 240, 'marsella', NULL, NULL),
(657, 'Lyon', 241, 'lyon', NULL, NULL),
(658, 'Toulouse', 242, 'toulouse', NULL, NULL),
(659, 'Niza', 240, 'niza', NULL, NULL),
(660, 'Nantes', 243, 'nantes', NULL, NULL),
(661, 'Estrasburgo', 244, 'estrasburgo', NULL, NULL),
(662, 'Montpellier', 245, 'montpellier', NULL, NULL),
(663, 'Lille', 246, 'lille', NULL, NULL),
(664, 'Burdeos', 247, 'burdeos', NULL, NULL),
(665, 'Rennes', 248, 'rennes', NULL, NULL),
(666, 'Reims', 249, 'reims', NULL, NULL),
(667, 'El Havre', 250, 'el-havre', NULL, NULL),
(668, 'Saint-Étienne', 241, 'saint-etienne', NULL, NULL),
(669, 'Tolón', 240, 'tolon', NULL, NULL),
(670, 'Grenoble', 241, 'grenoble', NULL, NULL),
(671, 'Dijon', 251, 'dijon', NULL, NULL),
(672, 'Angers', 243, 'angers', NULL, NULL),
(673, 'Aix-en-Provence', 240, 'aix-en-provence', NULL, NULL),
(674, 'Nimes', 245, 'nimes', NULL, NULL),
(675, 'Limoges', 252, 'limoges', NULL, NULL),
(676, 'Amiens', 253, 'amiens', NULL, NULL),
(677, 'Tours', 254, 'tours', NULL, NULL),
(678, 'Le Mans', 243, 'le-mans', NULL, NULL),
(679, 'Brest', 248, 'brest', NULL, NULL),
(680, 'Santorini', 255, 'santorini', NULL, NULL),
(681, 'Mykones', 255, 'mykones', NULL, NULL),
(682, 'Oia', 255, 'oia', NULL, NULL),
(683, 'Rodas', 255, 'rodas', NULL, NULL),
(684, 'Zante', 256, 'zante', NULL, NULL),
(685, 'Salónica', 257, 'salonica', NULL, NULL),
(686, 'Naxos', 255, 'naxos', NULL, NULL),
(687, 'Lindos', 255, 'lindos', NULL, NULL),
(688, 'Corfú', 256, 'corfu', NULL, NULL),
(689, 'Atenas ', 258, 'atenas', NULL, NULL),
(690, 'Tesalónica', 257, 'tesalonica', NULL, NULL),
(691, 'Patras', 259, 'patras', NULL, NULL),
(692, 'El Pireo ', 260, 'el-pireo', NULL, NULL),
(693, 'Larissa', 261, 'larissa', NULL, NULL),
(694, 'Heraklion', 262, 'heraklion', NULL, NULL),
(695, 'Peristeri ', 259, 'peristeri', NULL, NULL),
(696, 'Kallithea', 259, 'kallithea', NULL, NULL),
(697, 'Acarnas', 259, 'acarnas', NULL, NULL),
(698, 'Kalamaria ', 257, 'kalamaria', NULL, NULL),
(699, 'Níkea', 259, 'nikea', NULL, NULL),
(700, 'Glifada', 259, 'glifada', NULL, NULL),
(701, 'Volos', 261, 'volos', NULL, NULL),
(702, 'Ílion', 259, 'ilion', NULL, NULL),
(703, 'Heliópolis', 259, 'heliopolis', NULL, NULL),
(704, 'Keratsini', 259, 'keratsini', NULL, NULL),
(705, 'Évosmo', 257, 'evosmo', NULL, NULL),
(706, 'Calandria', 259, 'calandria', NULL, NULL),
(707, 'Nea Smyrni', 259, 'nea-smyrni', NULL, NULL),
(708, 'Marousi', 259, 'marousi', NULL, NULL),
(709, 'Agios Dimitrios', 259, 'agios-dimitrios', NULL, NULL),
(710, 'Zografou', 259, 'zografou', NULL, NULL),
(711, 'Egaleo', 259, 'egaleo', NULL, NULL),
(712, 'Nea Ionia', 259, 'nea-ionia', NULL, NULL),
(713, 'Paleo Fáliro', 259, 'paleo-faliro', NULL, NULL),
(714, 'Ioánina', 263, 'ioanina', NULL, NULL),
(715, 'Korydallos', 259, 'korydallos', NULL, NULL),
(716, 'Trikala', 261, 'trikala', NULL, NULL),
(717, 'Vyronas', 259, 'vyronas', NULL, NULL),
(718, 'Agia Paraskevi', 259, 'agia-paraskevi', NULL, NULL),
(719, 'Galatsi', 259, 'galatsi', NULL, NULL),
(720, 'Calcidia', 264, 'calcidia', NULL, NULL),
(721, 'Petrópolis', 259, 'petropolis', NULL, NULL),
(722, 'Serres', 257, 'serres', NULL, NULL),
(723, 'Alejandrópolis', 265, 'alejandropolis', NULL, NULL),
(724, 'Xanthi', 265, 'xanthi', NULL, NULL),
(725, 'Katerini', 257, 'katerini', NULL, NULL),
(726, 'Kalamata', 266, 'kalamata', NULL, NULL),
(727, 'Kavala', 265, 'kavala', NULL, NULL),
(728, 'La Canea', 262, 'la-canea', NULL, NULL),
(729, 'Lamía', 264, 'lamia', NULL, NULL),
(730, 'Komotini', 265, 'komotini', NULL, NULL),
(731, 'Irakleio', 259, 'irakleio', NULL, NULL),
(732, 'Kifissia', 259, 'kifissia', NULL, NULL),
(733, 'Agrinio', 259, 'agrinio', NULL, NULL),
(734, 'Stavroupoli', 257, 'stavroupoli', NULL, NULL),
(735, 'Chaidari', 259, 'chaidari', NULL, NULL),
(736, 'Drama', 265, 'drama', NULL, NULL),
(737, 'Veria', 257, 'veria', NULL, NULL),
(738, 'Alimos', 259, 'alimos', NULL, NULL),
(739, 'Kozani', 267, 'kozani', NULL, NULL),
(740, 'Polichni', 257, 'polichni', NULL, NULL),
(741, 'Karditsa', 261, 'karditsa', NULL, NULL),
(742, 'Sykies', 257, 'sykies', NULL, NULL),
(743, 'Ampelokipoi', 257, 'ampelokipoi', NULL, NULL),
(744, 'Pylaia', 257, 'pylaia', NULL, NULL),
(745, 'Agioi Anargyroi', 259, 'agioi-anargyroi', NULL, NULL),
(746, 'Argyroupoli', 259, 'argyroupoli', NULL, NULL),
(747, 'Ano Liosia', 259, 'ano-liosia', NULL, NULL),
(748, 'Nea Ionia', 261, 'nea-ionia', NULL, NULL),
(749, 'Rétino', 262, 'retino', NULL, NULL),
(750, 'Ptolemaida', 267, 'ptolemaida', NULL, NULL),
(751, 'Trípoli', 266, 'tripoli', NULL, NULL),
(752, 'Cholargos', 259, 'cholargos', NULL, NULL),
(753, 'Vrilissia', 259, 'vrilissia', NULL, NULL),
(754, 'Aspropyrgos', 259, 'aspropyrgos', NULL, NULL),
(755, 'Corinto', 266, 'corinto', NULL, NULL),
(756, 'Gerakas', 259, 'gerakas', NULL, NULL),
(757, 'Metamorfosi', 259, 'metamorfosi', NULL, NULL),
(758, 'Giannitsa', 257, 'giannitsa', NULL, NULL),
(759, 'Voula', 259, 'voula', NULL, NULL),
(760, 'Kamatero', 259, 'kamatero', NULL, NULL),
(761, 'Mitilene', 268, 'mitilene', NULL, NULL),
(762, 'Neápolis', 257, 'neapolis', NULL, NULL),
(763, 'Eleftherio-Kordelio', 257, 'eleftherio-kordelio', NULL, NULL),
(764, 'Quíos', 268, 'quios', NULL, NULL),
(765, 'Agia Varvara', 259, 'agia-varvara', NULL, NULL),
(766, 'Kaisariani', 259, 'kaisariani', NULL, NULL),
(767, 'Nea Filadelfeia', 259, 'nea-filadelfeia', NULL, NULL),
(768, 'Moschato', 259, 'moschato', NULL, NULL),
(769, 'Perama', 259, 'perama', NULL, NULL),
(770, 'Salamina', 259, 'salamina', NULL, NULL),
(771, 'Eleusina', 259, 'eleusina', NULL, NULL),
(772, 'Corfu', 269, 'corfu', NULL, NULL),
(773, 'Pirgos', 259, 'pirgos', NULL, NULL),
(774, 'Megara', 259, 'megara', NULL, NULL),
(775, 'Kilkís', 257, 'kilkis', NULL, NULL),
(776, 'Dafni', 259, 'dafni', NULL, NULL),
(777, 'Tebas', 264, 'tebas', NULL, NULL),
(778, 'Melissia', 259, 'melissia', NULL, NULL),
(779, 'Argos', 266, 'argos', NULL, NULL),
(780, 'Arta', 263, 'arta', NULL, NULL),
(781, 'Artemis', 259, 'artemis', NULL, NULL),
(782, 'Lebadea', 264, 'lebadea', NULL, NULL),
(783, 'Pefki', 259, 'pefki', NULL, NULL),
(784, 'Oraiokastro', 257, 'oraiokastro', NULL, NULL),
(785, 'Aigio', 259, 'aigio', NULL, NULL),
(786, 'Cos', 255, 'cos', NULL, NULL),
(787, 'Koropi', 259, 'koropi', NULL, NULL),
(788, 'Preveza', 263, 'preveza', NULL, NULL),
(789, 'Nausa', 257, 'nausa', NULL, NULL),
(790, 'Orestiada', 265, 'orestiada', NULL, NULL),
(791, 'Peraia', 257, 'peraia', NULL, NULL),
(792, 'Édessa', 257, 'edessa', NULL, NULL),
(793, 'Flórina', 267, 'florina', NULL, NULL),
(794, 'Panorama', 257, 'panorama', NULL, NULL),
(795, 'Nea Erythraia', 259, 'nea-erythraia', NULL, NULL),
(796, 'Ellinikon', 259, 'ellinikon', NULL, NULL),
(797, 'Amaliada', 259, 'amaliada', NULL, NULL),
(798, 'Pallini', 259, 'pallini', NULL, NULL),
(799, 'Esparta', 266, 'esparta', NULL, NULL),
(800, 'Agios Ioannis Rentis', 259, 'agios-ioannis-rentis', NULL, NULL),
(801, 'Thermi', 257, 'thermi', NULL, NULL),
(802, 'Vari', 259, 'vari', NULL, NULL),
(803, 'Nea Makri', 259, 'nea-makri', NULL, NULL),
(804, 'Tavros', 259, 'tavros', NULL, NULL),
(805, 'Alexandria', 257, 'alexandria', NULL, NULL),
(806, 'Menemeni', 257, 'menemeni', NULL, NULL),
(807, 'Paiania', 259, 'paiania', NULL, NULL),
(808, 'Kalyvia Thorikou', 259, 'kalyvia-thorikou', NULL, NULL),
(809, 'Nauplia', 266, 'nauplia', NULL, NULL),
(810, 'Drapetsona', 259, 'drapetsona', NULL, NULL),
(811, 'Efkarpia', 257, 'efkarpia', NULL, NULL),
(812, 'Papagou', 259, 'papagou', NULL, NULL),
(813, 'Nafpaktos', 259, 'nafpaktos', NULL, NULL),
(814, 'Kastoriá', 267, 'kastoria', NULL, NULL),
(815, 'Grevená', 267, 'grevena', NULL, NULL),
(816, 'Pefka', 257, 'pefka', NULL, NULL),
(817, 'Nea Alikarnassos', 262, 'nea-alikarnassos', NULL, NULL),
(818, 'Missolonghi', 259, 'missolonghi', NULL, NULL),
(819, 'Gazi', 262, 'gazi', NULL, NULL),
(820, 'Ierapetra', 262, 'ierapetra', NULL, NULL),
(821, 'Pothia', 255, 'pothia', NULL, NULL),
(822, 'Rafina', 259, 'rafina', NULL, NULL),
(823, 'Loutraki', 266, 'loutraki', NULL, NULL),
(824, 'Ágios Nikolaos', 262, 'agios-nikolaos', NULL, NULL),
(825, 'Ermoupoli', 255, 'ermoupoli', NULL, NULL),
(826, 'Ialysos', 255, 'ialysos', NULL, NULL),
(827, 'Mandra', 259, 'mandra', NULL, NULL),
(828, 'Tyrnavos', 261, 'tyrnavos', NULL, NULL),
(829, 'Glyka Nera', 259, 'glyka-nera', NULL, NULL),
(830, 'Ymittos', 259, 'ymittos', NULL, NULL),
(831, 'Antigua Guatemala', 270, 'antigua-guatemala', NULL, NULL),
(832, 'Tikal', 271, 'tikal', NULL, NULL),
(833, 'Atitlán', 272, 'atitlan', NULL, NULL),
(834, 'Flores', 271, 'flores', NULL, NULL),
(835, 'Chichicastenango', 273, 'chichicastenango', NULL, NULL),
(836, 'Semuc Champey', 274, 'semuc-champey', NULL, NULL),
(837, 'Budapest', 275, 'budapest', NULL, NULL),
(838, 'Debrecen', 276, 'debrecen', NULL, NULL),
(839, 'Miskolc', 277, 'miskolc', NULL, NULL),
(840, 'Szeged', 278, 'szeged', NULL, NULL),
(841, 'Pécs', 279, 'pecs', NULL, NULL),
(842, 'Győr', 280, 'gyor', NULL, NULL),
(843, 'Nyíregyháza', 281, 'nyiregyhaza', NULL, NULL),
(844, 'Kecskemét', 282, 'kecskemet', NULL, NULL),
(845, 'Székesfehérvár', 283, 'szekesfehervar', NULL, NULL),
(846, 'Szombathely', 284, 'szombathely', NULL, NULL),
(847, 'Szolnok', 285, 'szolnok', NULL, NULL),
(848, 'Tatabánya', 286, 'tatabanya', NULL, NULL),
(849, 'Kaposvár', 287, 'kaposvar', NULL, NULL),
(850, 'Békéscsaba', 288, 'bekescsaba', NULL, NULL),
(851, 'Érd', 289, 'erd', NULL, NULL),
(852, 'Veszprém', 290, 'veszprem', NULL, NULL),
(853, 'Zalaegerszeg', 291, 'zalaegerszeg', NULL, NULL),
(854, 'Sopron', 280, 'sopron', NULL, NULL),
(855, 'Nagykanizsa', 291, 'nagykanizsa', NULL, NULL),
(856, 'Eger', 292, 'eger', NULL, NULL),
(857, 'Dunaújváros', 283, 'dunaujvaros', NULL, NULL),
(858, 'Hódmezővásárhely', 278, 'hodmezovasarhely', NULL, NULL),
(859, 'Londres', 293, 'londres', 'londres.jpg', NULL),
(860, 'Bath', 294, 'bath', NULL, NULL),
(861, 'Oxford', 295, 'oxford', NULL, NULL),
(862, 'Mánchester', 296, 'manchester', NULL, NULL),
(863, 'Liverpool', 297, 'liverpool', NULL, NULL),
(864, 'Windsor', 298, 'windsor', NULL, NULL),
(865, 'Bristol', 294, 'bristol', NULL, NULL),
(866, 'Cambridge', 299, 'cambridge', NULL, NULL),
(867, 'Belfast', 300, 'belfast', NULL, NULL),
(868, 'Derry', 301, 'derry', NULL, NULL),
(869, 'Antrim', 302, 'antrim', NULL, NULL),
(870, 'Roma', 303, 'roma', 'roma.jpg', NULL),
(871, 'Milán', 304, 'milan', NULL, NULL),
(872, 'Nápoles', 305, 'napoles', NULL, NULL),
(873, 'Turín', 306, 'turin', NULL, NULL),
(874, 'Palermo', 307, 'palermo', NULL, NULL),
(875, 'Génova', 308, 'genova', NULL, NULL),
(876, 'Bolonia', 309, 'bolonia', NULL, NULL),
(877, 'Florencia', 310, 'florencia', 'florencia.jpg', NULL),
(878, 'Bari', 311, 'bari', NULL, NULL),
(879, 'Catania', 307, 'catania', NULL, NULL),
(880, 'Venecia', 312, 'venecia', 'venecia-portada.jpg', NULL),
(881, 'Verona', 312, 'verona', NULL, NULL),
(882, 'Mesina', 307, 'mesina', NULL, NULL),
(883, 'Padua', 312, 'padua', NULL, NULL),
(884, 'Trieste', 313, 'trieste', NULL, NULL),
(885, 'Tarento', 311, 'tarento', NULL, NULL),
(886, 'Brescia', 304, 'brescia', NULL, NULL),
(887, 'Prato', 310, 'prato', NULL, NULL),
(888, 'Regio de Calabria', 314, 'regio-de-calabria', NULL, NULL),
(889, 'Módena', 309, 'modena', NULL, NULL),
(890, 'Parma', 309, 'parma', NULL, NULL),
(891, 'Perusa', 315, 'perusa', NULL, NULL),
(892, 'Reggio Emilia', 309, 'reggio-emilia', NULL, NULL),
(893, 'Livorno', 310, 'livorno', NULL, NULL),
(894, 'Rávena', 309, 'ravena', NULL, NULL),
(895, 'Cagliari', 316, 'cagliari', NULL, NULL),
(896, 'Foggia', 311, 'foggia', NULL, NULL),
(897, 'Rímini', 309, 'rimini', NULL, NULL),
(898, 'Salerno', 305, 'salerno', NULL, NULL),
(899, 'Ferrara', 309, 'ferrara', NULL, NULL),
(900, 'Sácer', 316, 'sacer', NULL, NULL),
(901, 'Siracusa', 307, 'siracusa', NULL, NULL),
(902, 'Pescara', 317, 'pescara', NULL, NULL),
(903, 'Monza', 304, 'monza', NULL, NULL),
(904, 'Latina', 318, 'latina', NULL, NULL),
(905, 'Bérgamo', 304, 'bergamo', NULL, NULL),
(906, 'Forlì', 309, 'forli', NULL, NULL),
(907, 'Giugliano de Campania', 305, 'giugliano-de-campania', NULL, NULL),
(908, 'Vicenza', 312, 'vicenza', NULL, NULL),
(909, 'Trento', 319, 'trento', NULL, NULL),
(910, 'Terni', 315, 'terni', NULL, NULL),
(911, 'Novara', 306, 'novara', NULL, NULL),
(912, 'Bolzano', 319, 'bolzano', NULL, NULL),
(913, 'Plasencia', 309, 'plasencia', NULL, NULL),
(914, 'Arezzo', 310, 'arezzo', NULL, NULL),
(915, 'Ancona', 320, 'ancona', NULL, NULL),
(916, 'Andria', 311, 'andria', NULL, NULL),
(917, 'Údine', 321, 'udine', NULL, NULL),
(918, 'Cesena', 309, 'cesena', NULL, NULL),
(919, 'Lecce', 311, 'lecce', NULL, NULL),
(920, 'La Spezia', 308, 'la-spezia', NULL, NULL),
(921, 'Pésaro', 320, 'pesaro', NULL, NULL),
(922, 'Alessandria', 306, 'alessandria', NULL, NULL),
(923, 'Barletta', 311, 'barletta', NULL, NULL),
(924, 'Catanzaro', 314, 'catanzaro', NULL, NULL),
(925, 'Pistoia', 310, 'pistoia', NULL, NULL),
(926, 'Bríndisi', 311, 'brindisi', NULL, NULL),
(927, 'Pisa', 310, 'pisa', 'pisa.portada.jpg', NULL),
(928, 'Torre del Greco', 305, 'torre-del-greco', NULL, NULL),
(929, 'Como', 304, 'como', NULL, NULL),
(930, 'Lucca', 310, 'lucca', NULL, NULL),
(931, 'Guidonia Montecelio', 318, 'guidonia-montecelio', NULL, NULL),
(932, 'Pozzuoli', 322, 'pozzuoli', NULL, NULL),
(933, 'Treviso', 312, 'treviso', NULL, NULL),
(934, 'Marsala', 307, 'marsala', NULL, NULL),
(935, 'Grosseto', 323, 'grosseto', NULL, NULL),
(936, 'Busto Arsizio', 304, 'busto-arsizio', NULL, NULL),
(937, 'Varese', 304, 'varese', NULL, NULL),
(938, 'Sesto San Giovanni', 304, 'sesto-san-giovanni', NULL, NULL),
(939, 'Casoria', 305, 'casoria', NULL, NULL),
(940, 'Caserta', 305, 'caserta', NULL, NULL),
(941, 'Gela', 307, 'gela', NULL, NULL),
(942, 'Asti', 306, 'asti', NULL, NULL),
(943, 'Cinisello Balsamo', 304, 'cinisello-balsamo', NULL, NULL),
(944, 'Ragusa', 307, 'ragusa', NULL, NULL),
(945, 'Cremona', 304, 'cremona', NULL, NULL),
(946, 'Lamezia Terme', 314, 'lamezia-terme', NULL, NULL),
(947, 'Pavia', 304, 'pavia', NULL, NULL),
(948, 'Fiumicino', 318, 'fiumicino', NULL, NULL),
(949, 'Massa', 310, 'massa', NULL, NULL),
(950, 'Trapani', 307, 'trapani', NULL, NULL),
(951, 'Aprilia', 318, 'aprilia', NULL, NULL),
(952, 'Cosenza', 314, 'cosenza', NULL, NULL),
(953, 'Altamura', 311, 'altamura', NULL, NULL),
(954, 'Imola', 309, 'imola', NULL, NULL),
(955, 'Carpi', 309, 'carpi', NULL, NULL),
(956, 'Carrara', 310, 'carrara', NULL, NULL),
(957, 'Potenza', 324, 'potenza', NULL, NULL),
(958, 'Castellammare di Stabia', 305, 'castellammare-di-stabia', NULL, NULL),
(959, 'Viareggio', 310, 'viareggio', NULL, NULL),
(960, 'Fano', 320, 'fano', NULL, NULL),
(961, 'Afragola', 305, 'afragola', NULL, NULL),
(962, 'Vigevano', 304, 'vigevano', NULL, NULL),
(963, 'Viterbo', 318, 'viterbo', NULL, NULL),
(964, 'Vittoria', 307, 'vittoria', NULL, NULL),
(965, 'Savona', 308, 'savona', NULL, NULL),
(966, 'Crotone', 314, 'crotone', NULL, NULL),
(967, 'Benevento', 305, 'benevento', NULL, NULL),
(968, 'Pomezia', 318, 'pomezia', NULL, NULL),
(969, 'Matera', 324, 'matera', NULL, NULL),
(970, 'Caltanissetta', 307, 'caltanissetta', NULL, NULL),
(971, 'Molfetta', 311, 'molfetta', NULL, NULL),
(972, 'Marano di Napoli', 322, 'marano-di-napoli', NULL, NULL),
(973, 'Agrigento', 307, 'agrigento', NULL, NULL),
(974, 'Legnano', 304, 'legnano', NULL, NULL),
(975, 'Cerignola', 311, 'cerignola', NULL, NULL),
(976, 'Moncalieri', 306, 'moncalieri', NULL, NULL),
(977, 'Foligno', 315, 'foligno', NULL, NULL),
(978, 'Faenza', 309, 'faenza', NULL, NULL),
(979, 'Manfredonia', 311, 'manfredonia', NULL, NULL),
(980, 'San Remo', 308, 'san-remo', NULL, NULL),
(981, 'Tívoli', 318, 'tivoli', NULL, NULL),
(982, 'Bitonto', 311, 'bitonto', NULL, NULL),
(983, 'Avellino', 305, 'avellino', NULL, NULL),
(984, 'Bagheria', 307, 'bagheria', NULL, NULL),
(985, 'Acerra', 305, 'acerra', NULL, NULL),
(986, 'Olbia', 316, 'olbia', NULL, NULL),
(987, 'Cuneo', 306, 'cuneo', NULL, NULL),
(988, 'Anzio', 318, 'anzio', NULL, NULL),
(989, 'San Severo', 311, 'san-severo', NULL, NULL),
(990, 'Modica', 307, 'modica', NULL, NULL),
(991, 'Teramo', 317, 'teramo', NULL, NULL),
(992, 'Bisceglie', 311, 'bisceglie', NULL, NULL),
(993, 'Ercolano', 305, 'ercolano', NULL, NULL),
(994, 'Siena', 310, 'siena', NULL, NULL),
(995, 'Chieti', 317, 'chieti', NULL, NULL),
(996, 'Portici', 305, 'portici', NULL, NULL),
(997, 'Trani', 311, 'trani', NULL, NULL),
(998, 'Velletri', 318, 'velletri', NULL, NULL),
(999, 'Acireale', 307, 'acireale', NULL, NULL),
(1000, 'Rovigo', 312, 'rovigo', NULL, NULL),
(1001, 'Civitavecchia', 318, 'civitavecchia', NULL, NULL),
(1002, 'Gallarate', 304, 'gallarate', NULL, NULL),
(1003, 'Pordenone', 321, 'pordenone', NULL, NULL),
(1004, 'Aversa', 305, 'aversa', NULL, NULL),
(1005, 'Montesilvano', 317, 'montesilvano', NULL, NULL),
(1006, 'Mazara del Vallo', 307, 'mazara-del-vallo', NULL, NULL),
(1007, 'Ascoli Piceno', 320, 'ascoli-piceno', NULL, NULL),
(1008, 'Battipaglia', 305, 'battipaglia', NULL, NULL),
(1009, 'Scafati', 305, 'scafati', NULL, NULL),
(1010, 'Campobasso', 325, 'campobasso', NULL, NULL),
(1011, 'Casalnuovo di Napoli', 305, 'casalnuovo-di-napoli', NULL, NULL),
(1012, 'Rho', 304, 'rho', NULL, NULL),
(1013, 'Chioggia', 312, 'chioggia', NULL, NULL),
(1014, 'Scandicci', 310, 'scandicci', NULL, NULL),
(1015, 'Dublin', 326, 'dublin', 'dublin-portada.jpg', NULL),
(1016, 'Antrim', 327, 'antrim', NULL, NULL),
(1017, 'Down', 328, 'down', NULL, NULL),
(1018, 'Cork', 329, 'cork', NULL, NULL),
(1019, 'Galway', 330, 'galway', NULL, NULL),
(1020, 'Londonderry', 331, 'londonderry', NULL, NULL),
(1021, 'Kildare', 332, 'kildare', NULL, NULL),
(1022, 'Limerick', 333, 'limerick', NULL, NULL),
(1023, 'Meath', 334, 'meath', NULL, NULL),
(1024, 'Tyrone', 335, 'tyrone', NULL, NULL),
(1025, 'Armagh', 336, 'armagh', NULL, NULL),
(1026, 'Donegal', 337, 'donegal', NULL, NULL),
(1027, 'Tipperary', 338, 'tipperary', NULL, NULL),
(1028, 'Kerry', 339, 'kerry', NULL, NULL),
(1029, 'Wexford', 340, 'wexford', NULL, NULL),
(1030, 'Wicklow', 341, 'wicklow', NULL, NULL),
(1031, 'Mayo', 342, 'mayo', NULL, NULL),
(1032, 'Louth', 343, 'louth', NULL, NULL),
(1033, 'Clare', 344, 'clare', NULL, NULL),
(1034, 'Waterford', 345, 'waterford', NULL, NULL),
(1035, 'Kilkenny', 346, 'kilkenny', NULL, NULL),
(1036, 'Westmeath', 347, 'westmeath', NULL, NULL),
(1037, 'Laois', 348, 'laois', NULL, NULL),
(1038, 'Offaly', 349, 'offaly', NULL, NULL),
(1039, 'Cavan', 350, 'cavan', NULL, NULL),
(1040, 'Sligo', 351, 'sligo', NULL, NULL),
(1041, 'Roscommon', 352, 'roscommon', NULL, NULL);
INSERT INTO `city` (`id`, `name`, `id_region`, `slug`, `image`, `is_zone`) VALUES
(1042, 'Fermanagh', 353, 'fermanagh', NULL, NULL),
(1043, 'Monaghan', 354, 'monaghan', NULL, NULL),
(1044, 'Carlow', 355, 'carlow', NULL, NULL),
(1045, 'Longford', 356, 'longford', NULL, NULL),
(1046, 'Casablanca', 357, 'casablanca', 'casablanca-2807439_1920.jpg', 0),
(1047, 'Rabat', 358, 'rabat', NULL, NULL),
(1048, 'Fez', 359, 'fez', NULL, NULL),
(1049, 'Marrakech', 360, 'marrakech', 'marra.jpg', 0),
(1050, 'Agadir', 361, 'agadir', NULL, NULL),
(1051, 'Tánger', 362, 'tanger', NULL, NULL),
(1052, 'Mequinez', 363, 'mequinez', NULL, NULL),
(1053, 'Oujda', 364, 'oujda', NULL, NULL),
(1054, 'Kenitra', 365, 'kenitra', NULL, NULL),
(1055, 'Cancún', 366, 'cancun', 'Aerealcan.jpg', NULL),
(1056, 'Playa del Carmen', 367, 'playa-del-carmen', 'Playadelcarmen.jpg', 0),
(1057, 'Tulum', 366, 'tulum', 'tulum-2724202_1920.jpg', 0),
(1058, 'Cozumel', 366, 'cozumel', 'shutterstock_521319178.jpg', 0),
(1059, 'Isla Mujeres', 366, 'isla-mujeres', NULL, NULL),
(1060, 'Bacalar', 366, 'bacalar', NULL, NULL),
(1061, 'Holbox', 366, 'holbox', NULL, NULL),
(1062, 'Mahahual', 366, 'mahahual', NULL, NULL),
(1063, 'Chetumal', 366, 'chetumal', NULL, NULL),
(1064, 'Akumal', 366, 'akumal', NULL, NULL),
(1065, 'Puerto Aventuras', 366, 'puerto-aventuras', NULL, NULL),
(1066, 'Siaan Kaan', 366, 'siaan-kaan', NULL, NULL),
(1067, 'Punta Allen', 366, 'punta-allen', NULL, NULL),
(1068, 'Mérida', 368, 'merida', NULL, NULL),
(1069, 'Valladolid', 368, 'valladolid', NULL, NULL),
(1070, 'Celestun', 368, 'celestun', NULL, NULL),
(1071, 'Uxmal', 368, 'uxmal', NULL, NULL),
(1072, 'Progreso', 368, 'progreso', NULL, NULL),
(1073, 'Tizimín', 368, 'tizimin', NULL, NULL),
(1074, 'El cuyo', 368, 'el-cuyo', NULL, NULL),
(1075, 'Río Lagartos', 368, 'rio-lagartos', NULL, NULL),
(1076, 'Izamal', 368, 'izamal', NULL, NULL),
(1077, 'Sotuta de Peón', 368, 'sotuta-de-peon', NULL, NULL),
(1078, 'Campeche', 369, 'campeche', NULL, NULL),
(1079, 'Calakmul', 369, 'calakmul', NULL, NULL),
(1080, 'Tuxtla Gutiérrez', 370, 'tuxtla-gutierrez', 'cañon-del-sumidero.portada.jpg', NULL),
(1081, 'Palenque', 370, 'palenque', 'Palenque.jpg', NULL),
(1082, 'San Cristóbal de las Casas', 370, 'san-cristobal-de-las-casas', 'sancristobal.jpg', NULL),
(1083, 'Oaxaca', 371, 'oaxaca', 'oaxaca-portada.jpg', NULL),
(1084, 'Puerto Escondido', 371, 'puerto-escondido', NULL, NULL),
(1085, 'Huatulco', 371, 'huatulco', 'huatulco-portada.jpg', NULL),
(1086, 'Boca del Río', 372, 'boca-del-rio', NULL, NULL),
(1087, 'Xalapa', 372, 'xalapa', NULL, NULL),
(1088, 'Catemaco', 372, 'catemaco', NULL, NULL),
(1089, 'Alvarado', 372, 'alvarado', NULL, NULL),
(1090, 'Tlacotalpan', 372, 'tlacotalpan', NULL, NULL),
(1091, 'Coatzacoalcos', 372, 'coatzacoalcos', NULL, NULL),
(1092, 'Villaermosa', 373, 'villaermosa', NULL, NULL),
(1093, 'Acapulco', 374, 'acapulco', NULL, NULL),
(1094, 'Taxco', 374, 'taxco', NULL, NULL),
(1095, 'Ixtapa Zihuatanejo', 374, 'ixtapa-zihuatanejo', NULL, NULL),
(1096, 'Cuernavaca', 375, 'cuernavaca', NULL, NULL),
(1097, 'Cuautla', 376, 'cuautla', NULL, NULL),
(1098, 'Puebla', 377, 'puebla', NULL, NULL),
(1099, 'Atlixco', 378, 'atlixco', NULL, NULL),
(1100, 'Cholula', 377, 'cholula', NULL, NULL),
(1101, 'Zacatlán', 377, 'zacatlan', NULL, NULL),
(1102, 'Ciudad de México', 379, 'ciudad-de-mexico', 'bellasartes2.jpg', NULL),
(1103, 'Teotihuacán', 380, 'teotihuacan', NULL, NULL),
(1104, 'Toluca ', 380, 'toluca', NULL, NULL),
(1105, 'Valle de Bravo', 380, 'valle-de-bravo', NULL, NULL),
(1106, 'Tepotzotlán', 380, 'tepotzotlan', NULL, NULL),
(1107, 'Ixtapan de la Sal', 380, 'ixtapan-de-la-sal', NULL, NULL),
(1108, 'Texcoco', 380, 'texcoco', NULL, NULL),
(1109, 'Metepec', 380, 'metepec', NULL, NULL),
(1110, 'Amecameca', 380, 'amecameca', NULL, NULL),
(1111, 'Malinalco', 380, 'malinalco', NULL, NULL),
(1112, 'Aculco', 380, 'aculco', NULL, NULL),
(1113, 'Oro', 380, 'oro', NULL, NULL),
(1114, 'Guanajuato', 381, 'guanajuato', 'guanajuato.jpg', NULL),
(1115, 'San Miguel de Alende', 382, 'san-miguel-de-alende', NULL, NULL),
(1116, 'León', 381, 'leon', NULL, NULL),
(1117, 'Dolores Hidalgo', 381, 'dolores-hidalgo', NULL, NULL),
(1118, 'Querétaro', 383, 'queretaro', NULL, NULL),
(1119, 'Bernal', 384, 'bernal', NULL, NULL),
(1120, 'Tequisquiapan', 383, 'tequisquiapan', NULL, NULL),
(1121, 'Jalpan de Serra', 383, 'jalpan-de-serra', NULL, NULL),
(1122, 'San Luis Potosi', 385, 'san-luis-potosi', NULL, NULL),
(1123, 'Ciudad Valles', 386, 'ciudad-valles', NULL, NULL),
(1124, 'Guadalajara', 387, 'guadalajara', NULL, NULL),
(1125, 'Puerto Vallarta', 388, 'puerto-vallarta', NULL, NULL),
(1126, 'Tequila', 387, 'tequila', NULL, NULL),
(1127, 'Tapalpa', 387, 'tapalpa', NULL, NULL),
(1128, 'Tonalá', 387, 'tonala', NULL, NULL),
(1129, 'Mazamitla', 387, 'mazamitla', NULL, NULL),
(1130, 'San Sebastián del Oeste', 387, 'san-sebastian-del-oeste', NULL, NULL),
(1131, 'Lago de Chapala', 387, 'lago-de-chapala', NULL, NULL),
(1132, 'Zapopan', 387, 'zapopan', NULL, NULL),
(1133, 'Ajijic', 387, 'ajijic', NULL, NULL),
(1134, 'Lagos de Moreno', 387, 'lagos-de-moreno', NULL, NULL),
(1135, 'Sayula', 387, 'sayula', NULL, NULL),
(1136, 'Tlaquepaque', 387, 'tlaquepaque', NULL, NULL),
(1137, 'Colima', 389, 'colima', NULL, NULL),
(1138, 'Manzanillo', 389, 'manzanillo', NULL, NULL),
(1139, 'Comala', 389, 'comala', NULL, NULL),
(1140, 'Sayulita', 390, 'sayulita', NULL, NULL),
(1141, 'Nuevo Vallarta', 390, 'nuevo-vallarta', NULL, NULL),
(1142, 'Punta Mita', 390, 'punta-mita', NULL, NULL),
(1143, 'Bucerias', 390, 'bucerias', NULL, NULL),
(1144, 'San Blas', 390, 'san-blas', NULL, NULL),
(1145, 'Tepic', 390, 'tepic', NULL, NULL),
(1146, 'Rincón de Guayabitos', 390, 'rincon-de-guayabitos', NULL, NULL),
(1147, 'Guayabitos', 390, 'guayabitos', NULL, NULL),
(1148, 'Mexcaltitlán', 390, 'mexcaltitlan', NULL, NULL),
(1149, 'Huamantla', 391, 'huamantla', NULL, NULL),
(1150, 'Tlaxcala', 391, 'tlaxcala', NULL, NULL),
(1151, 'Tlaxco', 391, 'tlaxco', NULL, NULL),
(1152, 'Aguascalientes', 392, 'aguascalientes', NULL, NULL),
(1153, 'Zacatecas', 393, 'zacatecas', NULL, NULL),
(1154, 'Jalpa', 393, 'jalpa', NULL, NULL),
(1155, 'Durango', 394, 'durango', NULL, NULL),
(1156, 'Mazatlán', 395, 'mazatlan', NULL, NULL),
(1157, 'Los Mochis', 395, 'los-mochis', NULL, NULL),
(1158, 'El Fuerte', 395, 'el-fuerte', NULL, NULL),
(1159, 'Topolobampo', 395, 'topolobampo', NULL, NULL),
(1160, 'Cosalá', 395, 'cosala', NULL, NULL),
(1161, 'Concordia', 395, 'concordia', NULL, NULL),
(1162, 'Monterrey', 396, 'monterrey', NULL, NULL),
(1163, 'Santiago', 396, 'santiago', NULL, NULL),
(1164, 'Guadalupe', 396, 'guadalupe', NULL, NULL),
(1165, 'Bustamante', 396, 'bustamante', NULL, NULL),
(1166, 'Saltillo', 397, 'saltillo', NULL, NULL),
(1167, 'Torreón', 398, 'torreon', NULL, NULL),
(1168, 'Parras de la Fuente', 397, 'parras-de-la-fuente', NULL, NULL),
(1169, 'Cuatrociénegas', 397, 'cuatrocienegas', NULL, NULL),
(1170, 'Chihuahua', 399, 'chihuahua', NULL, NULL),
(1171, 'Creel', 400, 'creel', NULL, NULL),
(1172, 'Batopilas', 399, 'batopilas', NULL, NULL),
(1173, 'Urique', 399, 'urique', NULL, NULL),
(1174, 'Ciudad Juarez', 399, 'ciudad-juarez', NULL, NULL),
(1175, 'Cusárare', 399, 'cusarare', NULL, NULL),
(1176, 'El Divisadero', 399, 'el-divisadero', NULL, NULL),
(1177, 'Bahuichivo', 399, 'bahuichivo', NULL, NULL),
(1178, 'Basaseachi', 399, 'basaseachi', NULL, NULL),
(1179, 'Hermosillo', 401, 'hermosillo', NULL, NULL),
(1180, 'Puerto Peñasco', 401, 'puerto-penasco', NULL, NULL),
(1181, 'Guaymas', 401, 'guaymas', NULL, NULL),
(1182, 'Alamos', 401, 'alamos', NULL, NULL),
(1183, 'San Carlos', 401, 'san-carlos', NULL, NULL),
(1184, 'Tijuana', 402, 'tijuana', NULL, NULL),
(1185, 'Ensenada', 402, 'ensenada', NULL, NULL),
(1186, 'Rosarito', 402, 'rosarito', NULL, NULL),
(1187, 'Valle de Guadalupe', 402, 'valle-de-guadalupe', NULL, NULL),
(1188, 'Mexicali', 402, 'mexicali', NULL, NULL),
(1189, 'Tecate', 402, 'tecate', NULL, NULL),
(1190, 'Isla Guadalupe', 402, 'isla-guadalupe', NULL, NULL),
(1191, 'La Rumorosa', 402, 'la-rumorosa', NULL, NULL),
(1192, 'Cabo San Lucas', 403, 'cabo-san-lucas', 'cabo-san-lucas-933885_1920.jpg', 0),
(1193, 'La Paz', 404, 'la-paz', NULL, NULL),
(1194, 'San José del Cabo', 403, 'san-jose-del-cabo', NULL, NULL),
(1195, 'Loreto', 403, 'loreto', NULL, NULL),
(1196, 'Todos Santos', 403, 'todos-santos', NULL, NULL),
(1197, 'Isla Espíritu Santo', 403, 'isla-espiritu-santo', NULL, NULL),
(1198, 'Cabo Pulmo', 403, 'cabo-pulmo', NULL, NULL),
(1199, 'Morelia', 405, 'morelia', NULL, NULL),
(1200, 'Pátzcuaro', 405, 'patzcuaro', NULL, NULL),
(1201, 'Janitzio', 405, 'janitzio', NULL, NULL),
(1202, 'Santa Clara del Cobre', 405, 'santa-clara-del-cobre', NULL, NULL),
(1203, 'Ámsterdam', 406, 'amsterdam', 'amsterdam, portada-.jpg', NULL),
(1204, 'Róterdam (Rotterdam)', 407, 'roterdam-rotterdam', NULL, NULL),
(1205, 'La Haya (Den Haag)', 407, 'la-haya-den-haag', NULL, NULL),
(1206, 'Utrecht', 408, 'utrecht', NULL, NULL),
(1207, 'Eindhoven', 409, 'eindhoven', NULL, NULL),
(1208, 'Tilburgo (Tilburg)', 409, 'tilburgo-tilburg', NULL, NULL),
(1209, 'Groningen', 410, 'groningen', NULL, NULL),
(1210, 'Almere', 411, 'almere', NULL, NULL),
(1211, 'Breda', 409, 'breda', NULL, NULL),
(1212, 'Nimega (Nijmegen)', 412, 'nimega-nijmegen', NULL, NULL),
(1213, 'Apeldoorn', 412, 'apeldoorn', NULL, NULL),
(1214, 'Haarlem', 406, 'haarlem', NULL, NULL),
(1215, 'Enschede', 413, 'enschede', NULL, NULL),
(1216, 'Arnhem', 412, 'arnhem', NULL, NULL),
(1217, 'Amersfoort', 414, 'amersfoort', NULL, NULL),
(1218, 'Zaanstad', 406, 'zaanstad', NULL, NULL),
(1219, 'Bolduque (’s-Hertogenbosch o Den Bosch)', 409, 'bolduque-s-hertogenbosch-o-den-bosch', NULL, NULL),
(1220, 'Haarlemmermeer', 406, 'haarlemmermeer', NULL, NULL),
(1221, 'Zwolle', 413, 'zwolle', NULL, NULL),
(1222, 'Zoetermeer', 407, 'zoetermeer', NULL, NULL),
(1223, 'Leiden', 407, 'leiden', NULL, NULL),
(1224, 'Maastricht', 415, 'maastricht', NULL, NULL),
(1225, 'Dordrecht', 407, 'dordrecht', NULL, NULL),
(1226, 'Ede', 412, 'ede', NULL, NULL),
(1227, 'Alphen aan den Rijn', 407, 'alphen-aan-den-rijn', NULL, NULL),
(1228, 'Leeuwarden', 416, 'leeuwarden', NULL, NULL),
(1229, 'Alkmaar', 406, 'alkmaar', NULL, NULL),
(1230, 'Westland', 407, 'westland', NULL, NULL),
(1231, 'Emmen', 417, 'emmen', NULL, NULL),
(1232, 'Delft', 407, 'delft', NULL, NULL),
(1233, 'Venlo', 415, 'venlo', NULL, NULL),
(1234, 'Deventer', 413, 'deventer', NULL, NULL),
(1235, 'Sittard-Geleen', 415, 'sittard-geleen', NULL, NULL),
(1236, 'Helmond', 409, 'helmond', NULL, NULL),
(1237, 'Oss', 409, 'oss', NULL, NULL),
(1238, 'Amstelveen', 406, 'amstelveen', NULL, NULL),
(1239, 'Hilversum', 406, 'hilversum', NULL, NULL),
(1240, 'Heerlen', 415, 'heerlen', NULL, NULL),
(1241, 'Nissewaard4​', 406, 'nissewaard4', NULL, NULL),
(1242, 'Hengelo', 413, 'hengelo', NULL, NULL),
(1243, 'Purmerend', 406, 'purmerend', NULL, NULL),
(1244, 'Schiedam', 407, 'schiedam', NULL, NULL),
(1245, 'Roosendaal', 409, 'roosendaal', NULL, NULL),
(1246, 'Spijkenisse4​', 407, 'spijkenisse4', NULL, NULL),
(1247, 'Lelystad', 411, 'lelystad', NULL, NULL),
(1248, 'Leidschendam-Voorburg', 407, 'leidschendam-voorburg', NULL, NULL),
(1249, 'Almelo', 413, 'almelo', NULL, NULL),
(1250, 'Hoorn', 406, 'hoorn', NULL, NULL),
(1251, 'Vlaardingen', 407, 'vlaardingen', NULL, NULL),
(1252, 'Gouda', 407, 'gouda', NULL, NULL),
(1253, 'Velsen', 406, 'velsen', NULL, NULL),
(1254, 'Assen', 417, 'assen', NULL, NULL),
(1255, 'Capelle aan den IJssel', 407, 'capelle-aan-den-ijssel', NULL, NULL),
(1256, 'Bergen op Zoom', 409, 'bergen-op-zoom', NULL, NULL),
(1257, 'Katwijk', 407, 'katwijk', NULL, NULL),
(1258, 'Veenendaal', 414, 'veenendaal', NULL, NULL),
(1259, 'Zeist', 414, 'zeist', NULL, NULL),
(1260, 'Nieuwegein', 408, 'nieuwegein', NULL, NULL),
(1261, 'Hardenberg', 413, 'hardenberg', NULL, NULL),
(1262, 'Lansingerland', 407, 'lansingerland', NULL, NULL),
(1263, 'Roermond', 415, 'roermond', NULL, NULL),
(1264, 'Doetinchem', 412, 'doetinchem', NULL, NULL),
(1265, 'Gooise Meren', 406, 'gooise-meren', NULL, NULL),
(1266, 'Den Helder', 406, 'den-helder', NULL, NULL),
(1267, 'Barneveld', 412, 'barneveld', NULL, NULL),
(1268, 'Smallingerland', 416, 'smallingerland', NULL, NULL),
(1269, 'Hoogeveen', 417, 'hoogeveen', NULL, NULL),
(1270, 'Krimpenerwaard', 407, 'krimpenerwaard', NULL, NULL),
(1271, 'Terneuzen', 418, 'terneuzen', NULL, NULL),
(1272, 'Oosterhout', 409, 'oosterhout', NULL, NULL),
(1273, 'Heerhugowaard', 406, 'heerhugowaard', NULL, NULL),
(1274, 'Pijnacker-Nootdorp', 407, 'pijnacker-nootdorp', NULL, NULL),
(1275, 'Kampen', 413, 'kampen', NULL, NULL),
(1276, 'De Fryske Marren', 416, 'de-fryske-marren', NULL, NULL),
(1277, 'Heerenveen', 416, 'heerenveen', NULL, NULL),
(1278, 'Volendam', 419, 'volendam', NULL, NULL),
(1279, 'Overijssel', 420, 'overijssel', NULL, NULL),
(1280, 'Asunción', 421, 'asuncion', NULL, NULL),
(1281, 'Ciudad del Este', 422, 'ciudad-del-este', NULL, NULL),
(1282, 'Luque', 423, 'luque', NULL, NULL),
(1283, 'Encarnación', 424, 'encarnacion', NULL, NULL),
(1284, 'Caaguazú', 425, 'caaguazu', NULL, NULL),
(1285, 'Pedro Juan Caballero', 426, 'pedro-juan-caballero', NULL, NULL),
(1286, 'Concepción', 427, 'concepcion', NULL, NULL),
(1287, 'Villarrica', 428, 'villarrica', NULL, NULL),
(1288, 'Caacupé', 429, 'caacupe', NULL, NULL),
(1289, 'Curuguaty', 430, 'curuguaty', NULL, NULL),
(1290, 'San Estanislao', 431, 'san-estanislao', NULL, NULL),
(1291, 'Villa Hayes', 432, 'villa-hayes', NULL, NULL),
(1292, 'San Juan Nepomuceno', 433, 'san-juan-nepomuceno', NULL, NULL),
(1293, 'Carapeguá', 434, 'carapegua', NULL, NULL),
(1294, 'San Ignacio Guazú', 435, 'san-ignacio-guazu', NULL, NULL),
(1295, 'Pilar', 436, 'pilar', NULL, NULL),
(1296, 'Mariscal José Félix Estigarribia', 437, 'mariscal-jose-felix-estigarribia', NULL, NULL),
(1297, 'Lima', 438, 'lima', 'shutterstock_682350025.jpg', 0),
(1298, 'Arequipa', 439, 'arequipa', NULL, NULL),
(1299, 'Trujillo', 440, 'trujillo', NULL, NULL),
(1300, 'Chiclayo', 441, 'chiclayo', NULL, NULL),
(1301, 'Iquitos', 442, 'iquitos', NULL, NULL),
(1302, 'Piura', 443, 'piura', NULL, NULL),
(1303, 'Cusco', 444, 'cusco', NULL, NULL),
(1304, 'Chimbote', 445, 'chimbote', NULL, NULL),
(1305, 'Huancayo', 446, 'huancayo', NULL, NULL),
(1306, 'Tacna', 447, 'tacna', NULL, NULL),
(1307, 'Juliaca', 448, 'juliaca', NULL, NULL),
(1308, 'Ica', 449, 'ica', NULL, NULL),
(1309, 'Cajamarca', 450, 'cajamarca', NULL, NULL),
(1310, 'Pucallpa', 451, 'pucallpa', NULL, NULL),
(1311, 'Sullana', 443, 'sullana', NULL, NULL),
(1312, 'Chincha', 449, 'chincha', NULL, NULL),
(1313, 'Ayacucho', 452, 'ayacucho', NULL, NULL),
(1314, 'Huacho', 438, 'huacho', NULL, NULL),
(1315, 'Huánuco', 453, 'huanuco', NULL, NULL),
(1316, 'Puno', 448, 'puno', NULL, NULL),
(1317, 'Tarapoto', 454, 'tarapoto', NULL, NULL),
(1318, 'Paita', 443, 'paita', NULL, NULL),
(1319, 'Huaraz', 445, 'huaraz', NULL, NULL),
(1320, 'Pisco', 449, 'pisco', NULL, NULL),
(1321, 'Tumbes', 455, 'tumbes', NULL, NULL),
(1322, 'Huaral', 438, 'huaral', NULL, NULL),
(1323, 'Jaén', 450, 'jaen', NULL, NULL),
(1324, 'Moyobamba', 454, 'moyobamba', NULL, NULL),
(1325, 'San Vicente de Cañete', 438, 'san-vicente-de-canete', NULL, NULL),
(1326, 'Catacaos', 443, 'catacaos', NULL, NULL),
(1327, 'Puerto Maldonado', 456, 'puerto-maldonado', NULL, NULL),
(1328, 'Moquegua', 457, 'moquegua', NULL, NULL),
(1329, 'Cerro de Pasco', 458, 'cerro-de-pasco', NULL, NULL),
(1330, 'Barranca', 438, 'barranca', NULL, NULL),
(1331, 'Yurimaguas', 442, 'yurimaguas', NULL, NULL),
(1332, 'Chancay', 438, 'chancay', NULL, NULL),
(1333, 'Andahuaylas', 459, 'andahuaylas', NULL, NULL),
(1334, 'Ilo', 457, 'ilo', NULL, NULL),
(1335, 'Talara', 443, 'talara', NULL, NULL),
(1336, 'Abancay', 459, 'abancay', NULL, NULL),
(1337, 'Lambayeque', 441, 'lambayeque', NULL, NULL),
(1338, 'Chulucanas', 443, 'chulucanas', NULL, NULL),
(1339, 'Tingo María', 453, 'tingo-maria', NULL, NULL),
(1340, 'Sicuani', 460, 'sicuani', NULL, NULL),
(1341, 'Mala', 438, 'mala', NULL, NULL),
(1342, 'Ferreñafe', 441, 'ferrenafe', NULL, NULL),
(1343, 'Huancavelica', 461, 'huancavelica', NULL, NULL),
(1344, 'Chepén', 440, 'chepen', NULL, NULL),
(1345, 'Pacasmayo', 440, 'pacasmayo', NULL, NULL),
(1346, 'Tarma', 446, 'tarma', NULL, NULL),
(1347, 'Sechura', 443, 'sechura', NULL, NULL),
(1348, 'Guadalupe', 440, 'guadalupe', NULL, NULL),
(1349, 'Varsovia(Warszawa)', 462, 'varsoviawarszawa', NULL, NULL),
(1350, 'Cracovia(Kraków)', 463, 'cracoviakrakow', 'cracow.jpg', 0),
(1351, 'Łódź', 464, 'lodz', NULL, NULL),
(1352, 'Breslavia(Wrocław)', 465, 'breslaviawroclaw', NULL, NULL),
(1353, 'Poznań', 466, 'poznan', NULL, NULL),
(1354, 'Gdańsk', 467, 'gdansk', NULL, NULL),
(1355, 'Szczecin', 468, 'szczecin', NULL, NULL),
(1356, 'Bydgoszcz', 469, 'bydgoszcz', NULL, NULL),
(1357, 'Lublin', 470, 'lublin', NULL, NULL),
(1358, 'Katowice(centro admin. de AMS)', 471, 'katowicecentro-admin-de-ams', NULL, NULL),
(1359, 'Białystok', 472, 'bialystok', NULL, NULL),
(1360, 'Gdynia', 467, 'gdynia', NULL, NULL),
(1361, 'Częstochowa', 471, 'czestochowa', NULL, NULL),
(1362, 'Radom', 462, 'radom', NULL, NULL),
(1363, 'Sosnowiec(incl. en AMS)', 471, 'sosnowiecincl-en-ams', NULL, NULL),
(1364, 'Toruń', 469, 'torun', NULL, NULL),
(1365, 'Kielce', 473, 'kielce', NULL, NULL),
(1366, 'Gliwice (incl. en AMS)', 471, 'gliwice-incl-en-ams', NULL, NULL),
(1367, 'Zabrze (incl. en AMS)', 471, 'zabrze-incl-en-ams', NULL, NULL),
(1368, 'Bytom (incl. en AMS)', 471, 'bytom-incl-en-ams', NULL, NULL),
(1369, 'Olsztyn', 474, 'olsztyn', NULL, NULL),
(1370, 'Bielsko-Biała', 471, 'bielsko-biala', NULL, NULL),
(1371, 'Ruda Śląska(incl. en AMS)', 471, 'ruda-slaskaincl-en-ams', NULL, NULL),
(1372, 'Rzeszów', 475, 'rzeszow', NULL, NULL),
(1373, 'Rybnik', 471, 'rybnik', NULL, NULL),
(1374, 'Tychy (incl. en AMS)', 471, 'tychy-incl-en-ams', NULL, NULL),
(1375, 'Dąbrowa Górnicza', 471, 'dabrowa-gornicza', NULL, NULL),
(1376, 'Płock', 462, 'plock', NULL, NULL),
(1377, 'Elbląg', 474, 'elblag', NULL, NULL),
(1378, 'Opole', 476, 'opole', NULL, NULL),
(1379, 'Wałbrzych', 465, 'walbrzych', NULL, NULL),
(1380, 'Gorzów Wielkopolski', 477, 'gorzow-wielkopolski', NULL, NULL),
(1381, 'Włocławek', 469, 'wloclawek', NULL, NULL),
(1382, 'Zielona Góra', 477, 'zielona-gora', NULL, NULL),
(1383, 'Tarnów', 463, 'tarnow', NULL, NULL),
(1384, 'Chorzów (incl. en AMS)', 471, 'chorzow-incl-en-ams', NULL, NULL),
(1385, 'Kalisz', 466, 'kalisz', NULL, NULL),
(1386, 'Koszalin', 468, 'koszalin', NULL, NULL),
(1387, 'Legnica', 465, 'legnica', NULL, NULL),
(1388, 'Grudziądz', 469, 'grudziadz', NULL, NULL),
(1389, 'Słupsk', 467, 'slupsk', NULL, NULL),
(1390, 'Jaworzno (incl. en AMS)', 471, 'jaworzno-incl-en-ams', NULL, NULL),
(1391, 'Jastrzębie Zdrój', 471, 'jastrzebie-zdroj', NULL, NULL),
(1392, 'Jelenia Góra', 465, 'jelenia-gora', NULL, NULL),
(1393, 'Nowy Sącz', 463, 'nowy-sacz', NULL, NULL),
(1394, 'Konin', 466, 'konin', NULL, NULL),
(1395, 'Piotrków Trybunalski', 464, 'piotrkow-trybunalski', NULL, NULL),
(1396, 'Siedlce', 462, 'siedlce', NULL, NULL),
(1397, 'Lubin', 465, 'lubin', NULL, NULL),
(1398, 'Inowrocław', 469, 'inowroclaw', NULL, NULL),
(1399, 'Mysłowice(incl. en AMS)', 471, 'myslowiceincl-en-ams', NULL, NULL),
(1400, 'Piła', 466, 'pila', NULL, NULL),
(1401, 'Ostrowiec Świętokrzyski', 473, 'ostrowiec-swietokrzyski', NULL, NULL),
(1402, 'Ostrów Wielkopolski', 466, 'ostrow-wielkopolski', NULL, NULL),
(1403, 'Siemianowice Śląskie', 471, 'siemianowice-slaskie', NULL, NULL),
(1404, 'Stargard Szczeciński', 468, 'stargard-szczecinski', NULL, NULL),
(1405, 'Pabianice', 464, 'pabianice', NULL, NULL),
(1406, 'Gniezno', 466, 'gniezno', NULL, NULL),
(1407, 'Suwałki', 472, 'suwalki', NULL, NULL),
(1408, 'Głogów', 465, 'glogow', NULL, NULL),
(1409, 'Chełm', 470, 'chelm', NULL, NULL),
(1410, 'Przemyśl', 475, 'przemysl', NULL, NULL),
(1411, 'Tomaszów Mazowiecki', 464, 'tomaszow-mazowiecki', NULL, NULL),
(1412, 'Zamość', 478, 'zamosc', NULL, NULL),
(1413, 'Kędzierzyn-Koźle', 476, 'kedzierzyn-kozle', NULL, NULL),
(1414, 'Stalowa Wola', 479, 'stalowa-wola', NULL, NULL),
(1415, 'Leszno', 466, 'leszno', NULL, NULL),
(1416, 'Łomża', 472, 'lomza', NULL, NULL),
(1417, 'Żory', 471, 'zory', NULL, NULL),
(1418, 'Bełchatów', 464, 'belchatow', NULL, NULL),
(1419, 'Mielec', 475, 'mielec', NULL, NULL),
(1420, 'Tarnowskie Góry', 471, 'tarnowskie-gory', NULL, NULL),
(1421, 'Tczew', 467, 'tczew', NULL, NULL),
(1422, 'Świdnica', 465, 'swidnica', NULL, NULL),
(1423, 'Piekary Śląskie(incl. en AMS)', 471, 'piekary-slaskieincl-en-ams', NULL, NULL),
(1424, 'Będzin', 471, 'bedzin', NULL, NULL),
(1425, 'Zgierz', 464, 'zgierz', NULL, NULL),
(1426, 'Biała Podlaska', 470, 'biala-podlaska', NULL, NULL),
(1427, 'Racibórz', 471, 'raciborz', NULL, NULL),
(1428, 'Ełk', 474, 'elk', NULL, NULL),
(1429, 'Pruszków', 462, 'pruszkow', NULL, NULL),
(1430, 'Świętochłowice(incl. en AMS)', 471, 'swietochlowiceincl-en-ams', NULL, NULL),
(1431, 'Ostrołęka', 462, 'ostroleka', NULL, NULL),
(1432, 'Starachowice', 473, 'starachowice', NULL, NULL),
(1433, 'Zawiercie', 471, 'zawiercie', NULL, NULL),
(1434, 'Legionowo', 462, 'legionowo', NULL, NULL),
(1435, 'Tarnobrzeg', 475, 'tarnobrzeg', NULL, NULL),
(1436, 'Puławy', 470, 'pulawy', NULL, NULL),
(1437, 'Wodzisław Śląski', 471, 'wodzislaw-slaski', NULL, NULL),
(1438, 'Radomsko', 464, 'radomsko', NULL, NULL),
(1439, 'Lisboa', 480, 'lisboa', NULL, NULL),
(1440, 'Oporto', 481, 'oporto', NULL, NULL),
(1441, 'Aveiro', 482, 'aveiro', NULL, NULL),
(1442, 'Lagos', 483, 'lagos', NULL, NULL),
(1443, 'Sintra', 480, 'sintra', NULL, NULL),
(1444, 'Faro', 483, 'faro', NULL, NULL),
(1445, 'Braga', 484, 'braga', NULL, NULL),
(1446, 'San Juan', 485, 'san-juan', NULL, NULL),
(1447, 'Vieques', 486, 'vieques', NULL, NULL),
(1448, 'Culebra', 487, 'culebra', NULL, NULL),
(1449, 'Arecibo', 486, 'arecibo', NULL, NULL),
(1450, 'Praga', 488, 'praga', 'prague-1845560_1920.jpg', 0),
(1451, 'Brno', 489, 'brno', NULL, NULL),
(1452, 'Ostrava', 490, 'ostrava', NULL, NULL),
(1453, 'Pilsen', 491, 'pilsen', NULL, NULL),
(1454, 'Liberec', 492, 'liberec', NULL, NULL),
(1455, 'Olomouc', 493, 'olomouc', NULL, NULL),
(1456, 'Ústí nad Labem', 494, 'usti-nad-labem', NULL, NULL),
(1457, 'České Budějovice', 489, 'ceske-budejovice', NULL, NULL),
(1458, 'Hradec Králové', 495, 'hradec-kralove', NULL, NULL),
(1459, 'Pardubice', 496, 'pardubice', NULL, NULL),
(1460, 'Havířov', 490, 'havirov', NULL, NULL),
(1461, 'Zlín', 497, 'zlin', NULL, NULL),
(1462, 'Kladno', 488, 'kladno', NULL, NULL),
(1463, 'Most', 494, 'most', NULL, NULL),
(1464, 'Karviná', 490, 'karvina', NULL, NULL),
(1465, 'Opava', 490, 'opava', NULL, NULL),
(1466, 'Frýdek-Místek', 490, 'frydek-mistek', NULL, NULL),
(1467, 'Jihlava', 498, 'jihlava', NULL, NULL),
(1468, 'Karlovy Vary', 499, 'karlovy-vary', NULL, NULL),
(1469, 'Teplice', 494, 'teplice', NULL, NULL),
(1470, 'Děčín', 494, 'decin', NULL, NULL),
(1471, 'Chomutov', 494, 'chomutov', NULL, NULL),
(1472, 'Jablonec nad Nisou', 492, 'jablonec-nad-nisou', NULL, NULL),
(1473, 'Prostějov', 493, 'prostejov', NULL, NULL),
(1474, 'Mladá Boleslav', 488, 'mlada-boleslav', NULL, NULL),
(1475, 'Přerov', 493, 'prerov', NULL, NULL),
(1476, 'Třebíč', 498, 'trebic', NULL, NULL),
(1477, 'Česká Lípa', 492, 'ceska-lipa', NULL, NULL),
(1478, 'Třinec', 490, 'trinec', NULL, NULL),
(1479, 'Tábor', 489, 'tabor', NULL, NULL),
(1480, 'Znojmo', 489, 'znojmo', NULL, NULL),
(1481, 'Příbram', 488, 'pribram', NULL, NULL),
(1482, 'Cheb', 499, 'cheb', NULL, NULL),
(1483, 'Orlová', 490, 'orlova', NULL, NULL),
(1484, 'Trutnov', 495, 'trutnov', NULL, NULL),
(1485, 'Kolín', 488, 'kolin', NULL, NULL),
(1486, 'Písek', 489, 'pisek', NULL, NULL),
(1487, 'Kroměříž', 497, 'kromeriz', NULL, NULL),
(1488, 'Vsetín', 497, 'vsetin', NULL, NULL),
(1489, 'Šumperk', 493, 'sumperk', NULL, NULL),
(1490, 'Valašské Meziříčí', 497, 'valasske-mezirici', NULL, NULL),
(1491, 'Litvínov', 494, 'litvinov', NULL, NULL),
(1492, 'Nový Jičín', 490, 'novy-jicin', NULL, NULL),
(1493, 'Hodonín', 489, 'hodonin', NULL, NULL),
(1494, 'Uherské Hradiště', 497, 'uherske-hradiste', NULL, NULL),
(1495, 'Český Těšín', 490, 'cesky-tesin', NULL, NULL),
(1496, 'Krnov', 490, 'krnov', NULL, NULL),
(1497, 'Sokolov', 499, 'sokolov', NULL, NULL),
(1498, 'Břeclav', 489, 'breclav', NULL, NULL),
(1499, 'Havlíčkův Brod', 498, 'havlickuv-brod', NULL, NULL),
(1500, 'Žďár nad Sázavou', 498, 'zdar-nad-sazavou', NULL, NULL),
(1501, 'Chrudim', 496, 'chrudim', NULL, NULL),
(1502, 'Strakonice', 489, 'strakonice', NULL, NULL),
(1503, 'Kopřivnice', 490, 'koprivnice', NULL, NULL),
(1504, 'Litoměřice', 494, 'litomerice', NULL, NULL),
(1505, 'Bohumín', 490, 'bohumin', NULL, NULL),
(1506, 'Klatovy', 491, 'klatovy', NULL, NULL),
(1507, 'Jindřichův Hradec', 489, 'jindrichuv-hradec', NULL, NULL),
(1508, 'Vyškov', 489, 'vyskov', NULL, NULL),
(1509, 'Kutná Hora', 488, 'kutna-hora', NULL, NULL),
(1510, 'Jirkov', 494, 'jirkov', NULL, NULL),
(1511, 'Náchod', 500, 'nachod', NULL, NULL),
(1512, 'Zúrich', 501, 'zurich', NULL, NULL),
(1513, 'Ginebra', 502, 'ginebra', NULL, NULL),
(1514, 'Basilea', 503, 'basilea', NULL, NULL),
(1515, 'Lausana', 504, 'lausana', NULL, NULL),
(1516, 'Berna', 505, 'berna', NULL, NULL),
(1517, 'Winterthur', 506, 'winterthur', NULL, NULL),
(1518, 'Lucerna', 507, 'lucerna', NULL, NULL),
(1519, 'San Galo', 508, 'san-galo', NULL, NULL),
(1520, 'Lugano', 509, 'lugano', NULL, NULL),
(1521, 'Biel/Bienne', 505, 'bielbienne', NULL, NULL),
(1522, 'Thun', 505, 'thun', NULL, NULL),
(1523, 'Köniz', 505, 'koniz', NULL, NULL),
(1524, 'La Chaux-de-Fonds', 510, 'la-chaux-de-fonds', NULL, NULL),
(1525, 'Schaffhausen', 511, 'schaffhausen', NULL, NULL),
(1526, 'Friburgo', 512, 'friburgo', NULL, NULL),
(1527, 'Coira (Chur)', 513, 'coira-chur', NULL, NULL),
(1528, 'Neuchâtel', 510, 'neuchatel', NULL, NULL),
(1529, 'Vernier', 502, 'vernier', NULL, NULL),
(1530, 'Uster', 506, 'uster', NULL, NULL),
(1531, 'Lancy', 502, 'lancy', NULL, NULL),
(1532, 'Sion', 514, 'sion', NULL, NULL),
(1533, 'Emmen', 507, 'emmen', NULL, NULL),
(1534, 'Yverdon-les-Bains', 504, 'yverdon-les-bains', NULL, NULL),
(1535, 'Kriens', 507, 'kriens', NULL, NULL),
(1536, 'Zug', 515, 'zug', NULL, NULL),
(1537, 'Rapperswil-Jona​', 508, 'rapperswil-jona', NULL, NULL),
(1538, 'Dübendorf', 501, 'dubendorf', NULL, NULL),
(1539, 'Montreux', 504, 'montreux', NULL, NULL),
(1540, 'Dietikon', 506, 'dietikon', NULL, NULL),
(1541, 'Wetzikon', 506, 'wetzikon', NULL, NULL),
(1542, 'Frauenfeld', 516, 'frauenfeld', NULL, NULL),
(1543, 'Meyrin', 502, 'meyrin', NULL, NULL),
(1544, 'Baar', 517, 'baar', NULL, NULL),
(1545, 'Riehen', 503, 'riehen', NULL, NULL),
(1546, 'Wädenswil', 501, 'wadenswil', NULL, NULL),
(1547, 'Carouge', 502, 'carouge', NULL, NULL),
(1548, 'Wettingen', 518, 'wettingen', NULL, NULL),
(1549, 'Kreuzlingen', 516, 'kreuzlingen', NULL, NULL),
(1550, 'Renens', 519, 'renens', NULL, NULL),
(1551, 'Aarau', 518, 'aarau', NULL, NULL),
(1552, 'Allschwil', 520, 'allschwil', NULL, NULL),
(1553, 'Bulle', 512, 'bulle', NULL, NULL),
(1554, 'Horgen', 506, 'horgen', NULL, NULL),
(1555, 'Nyon', 504, 'nyon', NULL, NULL),
(1556, 'Reinach', 520, 'reinach', NULL, NULL),
(1557, 'Vevey', 519, 'vevey', NULL, NULL),
(1558, 'Kloten', 501, 'kloten', NULL, NULL),
(1559, 'Wil', 508, 'wil', NULL, NULL),
(1560, 'Baden', 521, 'baden', NULL, NULL),
(1561, 'Gossau', 508, 'gossau', NULL, NULL),
(1562, 'Onex', 502, 'onex', NULL, NULL),
(1563, 'Bülach', 506, 'bulach', NULL, NULL),
(1564, 'Volketswil', 506, 'volketswil', NULL, NULL),
(1565, 'Bellinzona', 509, 'bellinzona', NULL, NULL),
(1566, 'Muttenz', 520, 'muttenz', NULL, NULL),
(1567, 'Thalwil', 506, 'thalwil', NULL, NULL),
(1568, 'Pully', 504, 'pully', NULL, NULL),
(1569, 'Olten', 522, 'olten', NULL, NULL),
(1570, 'Regensdorf', 506, 'regensdorf', NULL, NULL),
(1571, 'Adliswil', 506, 'adliswil', NULL, NULL),
(1572, 'Monthey', 514, 'monthey', NULL, NULL),
(1573, 'Schlieren', 506, 'schlieren', NULL, NULL),
(1574, 'Martigny', 514, 'martigny', NULL, NULL),
(1575, 'Soleura', 522, 'soleura', NULL, NULL),
(1576, 'Grenchen', 522, 'grenchen', NULL, NULL),
(1577, 'Freienbach', 523, 'freienbach', NULL, NULL),
(1578, 'Illnau-Effretikon', 506, 'illnau-effretikon', NULL, NULL),
(1579, 'Opfikon', 506, 'opfikon', NULL, NULL),
(1580, 'Sierre', 514, 'sierre', NULL, NULL),
(1581, 'Ostermundigen', 505, 'ostermundigen', NULL, NULL),
(1582, 'Steffisburg', 505, 'steffisburg', NULL, NULL),
(1583, 'Burgdorf', 505, 'burgdorf', NULL, NULL),
(1584, 'Pratteln', 520, 'pratteln', NULL, NULL),
(1585, 'Locarno', 509, 'locarno', NULL, NULL),
(1586, 'Herisau', 524, 'herisau', NULL, NULL),
(1587, 'Langenthal', 505, 'langenthal', NULL, NULL),
(1588, 'Cham', 515, 'cham', NULL, NULL),
(1589, 'Morges', 504, 'morges', NULL, NULL),
(1590, 'Binningen', 520, 'binningen', NULL, NULL),
(1591, 'Wohlen', 518, 'wohlen', NULL, NULL),
(1592, 'Schwyz4​', 523, 'schwyz4', NULL, NULL),
(1593, 'Einsiedeln', 523, 'einsiedeln', NULL, NULL),
(1594, 'Stäfa', 506, 'stafa', NULL, NULL),
(1595, 'Wallisellen', 506, 'wallisellen', NULL, NULL),
(1596, 'Arbon', 516, 'arbon', NULL, NULL),
(1597, 'Liestal', 520, 'liestal', NULL, NULL),
(1598, 'Thônex', 502, 'thonex', NULL, NULL),
(1599, 'Küsnacht', 506, 'kusnacht', NULL, NULL),
(1600, 'Horw', 507, 'horw', NULL, NULL),
(1601, 'Versoix', 502, 'versoix', NULL, NULL),
(1602, 'Uzwil', 508, 'uzwil', NULL, NULL),
(1603, 'Muri bei Bern', 505, 'muri-bei-bern', NULL, NULL),
(1604, 'Meilen', 506, 'meilen', NULL, NULL),
(1605, 'Spiez', 505, 'spiez', NULL, NULL),
(1606, 'Brig-Glis', 514, 'brig-glis', NULL, NULL),
(1607, 'Richterswil', 506, 'richterswil', NULL, NULL),
(1608, 'Oftringen', 518, 'oftringen', NULL, NULL),
(1609, 'Amriswil', 516, 'amriswil', NULL, NULL),
(1610, 'Küssnacht am Rigi', 523, 'kussnacht-am-rigi', NULL, NULL),
(1611, 'Ebikon', 507, 'ebikon', NULL, NULL),
(1612, 'Zollikon', 506, 'zollikon', NULL, NULL),
(1613, 'Rüti', 506, 'ruti', NULL, NULL),
(1614, 'Rheinfelden', 518, 'rheinfelden', NULL, NULL),
(1615, 'Lyss', 525, 'lyss', NULL, NULL),
(1616, 'Münchenstein', 526, 'munchenstein', NULL, NULL),
(1617, 'Gland', 504, 'gland', NULL, NULL),
(1618, 'Delémont', 527, 'delemont', NULL, NULL),
(1619, 'Mendrisio', 509, 'mendrisio', NULL, NULL),
(1620, 'Le Grand-Saconnex', 502, 'le-grand-saconnex', NULL, NULL),
(1621, 'Prilly', 504, 'prilly', NULL, NULL),
(1622, 'Villars-sur-Glâne', 512, 'villars-sur-glane', NULL, NULL),
(1623, 'Worb', 505, 'worb', NULL, NULL),
(1624, 'Buchs', 508, 'buchs', NULL, NULL),
(1625, 'Davos', 513, 'davos', NULL, NULL),
(1626, 'Ecublens', 504, 'ecublens', NULL, NULL),
(1627, 'Affoltern am Albis', 506, 'affoltern-am-albis', NULL, NULL),
(1628, 'Bassersdorf', 506, 'bassersdorf', NULL, NULL),
(1629, 'Ittigen', 505, 'ittigen', NULL, NULL),
(1630, 'Münsingen', 505, 'munsingen', NULL, NULL),
(1631, 'Altstätten', 508, 'altstatten', NULL, NULL),
(1632, 'Spreitenbach', 518, 'spreitenbach', NULL, NULL),
(1633, 'Val-de-Travers', 510, 'val-de-travers', NULL, NULL),
(1634, 'Zofingen', 518, 'zofingen', NULL, NULL),
(1635, 'La Tour-de-Peilz', 504, 'la-tour-de-peilz', NULL, NULL),
(1636, 'Arth', 523, 'arth', NULL, NULL),
(1637, 'Pfäffikon', 506, 'pfaffikon', NULL, NULL),
(1638, 'Männedorf', 506, 'mannedorf', NULL, NULL),
(1639, 'Oberwil', 520, 'oberwil', NULL, NULL),
(1640, 'Chêne-Bougeries', 502, 'chene-bougeries', NULL, NULL),
(1641, 'Brugg', 518, 'brugg', NULL, NULL),
(1642, 'Weinfelden', 516, 'weinfelden', NULL, NULL),
(1643, 'Hinwil', 501, 'hinwil', NULL, NULL),
(1644, 'Birsfelden', 520, 'birsfelden', NULL, NULL),
(1645, 'Belp', 505, 'belp', NULL, NULL),
(1646, 'Aesch', 520, 'aesch', NULL, NULL),
(1647, 'Neuhausen am Rheinfall', 511, 'neuhausen-am-rheinfall', NULL, NULL),
(1648, 'Le Locle', 510, 'le-locle', NULL, NULL),
(1649, 'Möhlin', 518, 'mohlin', NULL, NULL),
(1650, 'Veyrier', 502, 'veyrier', NULL, NULL),
(1651, 'Interlaken', 505, 'interlaken', NULL, NULL),
(1652, 'Zermatt', 514, 'zermatt', NULL, NULL),
(1653, 'Montevideo', 528, 'montevideo', NULL, NULL),
(1654, 'Salto', 529, 'salto', NULL, NULL),
(1655, 'Paysandú', 530, 'paysandu', NULL, NULL),
(1656, 'Maldonado', 531, 'maldonado', NULL, NULL),
(1657, 'Rivera', 532, 'rivera', NULL, NULL),
(1658, 'Tacuarembó', 533, 'tacuarembo', NULL, NULL),
(1659, 'Melo', 534, 'melo', NULL, NULL),
(1660, 'Artigas', 535, 'artigas', NULL, NULL),
(1661, 'Mercedes', 536, 'mercedes', NULL, NULL),
(1662, 'Minas', 537, 'minas', NULL, NULL),
(1663, 'San José de Mayo', 538, 'san-jose-de-mayo', NULL, NULL),
(1664, 'Durazno', 539, 'durazno', NULL, NULL),
(1665, 'Florida', 540, 'florida', NULL, NULL),
(1666, 'Treinta y Tres', 541, 'treinta-y-tres', NULL, NULL),
(1667, 'Colonia del Sacramento', 542, 'colonia-del-sacramento', NULL, NULL),
(1668, 'Rocha', 543, 'rocha', NULL, NULL),
(1669, 'Fray Bentos', 544, 'fray-bentos', NULL, NULL),
(1670, 'Trinidad', 545, 'trinidad', NULL, NULL),
(1671, 'Canakkale', 546, 'canakkale', NULL, NULL),
(1672, 'Selcuk', 547, 'selcuk', NULL, NULL),
(1673, 'Capadocia', 548, 'capadocia', NULL, NULL),
(1674, 'Bodroum', 549, 'bodroum', NULL, NULL),
(1675, 'Estambul', 550, 'estambul', NULL, NULL),
(1676, 'Ankara', 551, 'ankara', NULL, NULL),
(1677, 'Izmir', 547, 'izmir', NULL, NULL),
(1678, 'Bursa', 552, 'bursa', NULL, NULL),
(1679, 'Adana', 553, 'adana', NULL, NULL),
(1680, 'Gaziantep', 554, 'gaziantep', NULL, NULL),
(1681, 'Konya', 555, 'konya', NULL, NULL),
(1682, 'Antalya', 556, 'antalya', NULL, NULL),
(1683, 'Kayseri', 557, 'kayseri', NULL, NULL),
(1684, 'Mersin', 558, 'mersin', NULL, NULL),
(1685, 'Eskişehir', 559, 'eskisehir', NULL, NULL),
(1686, 'Diyarbakır', 560, 'diyarbakir', NULL, NULL),
(1687, 'Samsun', 561, 'samsun', NULL, NULL),
(1688, 'Denizli', 562, 'denizli', NULL, NULL),
(1689, 'Şanlıurfa', 563, 'sanliurfa', NULL, NULL),
(1690, 'Adapazarı', 564, 'adapazari', NULL, NULL),
(1691, 'Malatya', 565, 'malatya', NULL, NULL),
(1692, 'Kahramanmaraş', 566, 'kahramanmaras', NULL, NULL),
(1693, 'Erzurum', 567, 'erzurum', NULL, NULL),
(1694, 'Van', 568, 'van', NULL, NULL),
(1695, 'Batman', 569, 'batman', NULL, NULL),
(1696, 'Elâzığ', 570, 'elazig', NULL, NULL),
(1697, 'İzmit', 571, 'izmit', NULL, NULL),
(1698, 'Manisa', 572, 'manisa', NULL, NULL),
(1699, 'Sivas', 573, 'sivas', NULL, NULL),
(1700, 'Gebze', 571, 'gebze', NULL, NULL),
(1701, 'Tarsus', 558, 'tarsus', NULL, NULL),
(1702, 'Balıkesir', 574, 'balikesir', NULL, NULL),
(1703, 'Kütahya', 575, 'kutahya', NULL, NULL),
(1704, 'Trabzon', 576, 'trabzon', NULL, NULL),
(1705, 'Çorum', 577, 'corum', NULL, NULL),
(1706, 'Çorlu', 578, 'corlu', NULL, NULL),
(1707, 'Adıyaman', 579, 'adiyaman', NULL, NULL),
(1708, 'Osmaniye', 580, 'osmaniye', NULL, NULL),
(1709, 'Kırıkkale', 581, 'kirikkale', NULL, NULL),
(1710, 'Antioquía(Antakya)', 582, 'antioquiaantakya', NULL, NULL),
(1711, 'İskenderun', 582, 'iskenderun', NULL, NULL),
(1712, 'Aydın', 583, 'aydin', NULL, NULL),
(1713, 'Uşak', 584, 'usak', NULL, NULL),
(1714, 'Aksaray', 585, 'aksaray', NULL, NULL),
(1715, 'Afyonkarahisar', 586, 'afyonkarahisar', NULL, NULL),
(1716, 'Isparta', 587, 'isparta', NULL, NULL),
(1717, 'İnegöl', 552, 'inegol', NULL, NULL),
(1718, 'Tekirdağ', 578, 'tekirdag', NULL, NULL),
(1719, 'Darıca', 571, 'darica', NULL, NULL),
(1720, 'Edirne', 588, 'edirne', NULL, NULL),
(1721, 'Ordu', 589, 'ordu', NULL, NULL),
(1722, 'Karaman', 590, 'karaman', NULL, NULL),
(1723, 'Gölcük', 571, 'golcuk', NULL, NULL),
(1724, 'Siirt', 591, 'siirt', NULL, NULL),
(1725, 'Körfez', 571, 'korfez', NULL, NULL),
(1726, 'Kızıltepe', 592, 'kiziltepe', NULL, NULL),
(1727, 'Düzce', 593, 'duzce', NULL, NULL),
(1728, 'Tokat', 594, 'tokat', NULL, NULL),
(1729, 'Bolu', 595, 'bolu', NULL, NULL),
(1730, 'Derince', 571, 'derince', NULL, NULL),
(1731, 'Turgutlu', 572, 'turgutlu', NULL, NULL),
(1732, 'Bandırma', 574, 'bandirma', NULL, NULL),
(1733, 'Nazilli', 583, 'nazilli', NULL, NULL),
(1734, 'Kırşehir', 596, 'kirsehir', NULL, NULL),
(1735, 'Niğde', 597, 'nigde', NULL, NULL),
(1736, 'Zonguldak', 598, 'zonguldak', NULL, NULL),
(1737, 'Ceyhan', 553, 'ceyhan', NULL, NULL),
(1738, 'Karabük', 599, 'karabuk', NULL, NULL),
(1739, 'Siverek', 563, 'siverek', NULL, NULL),
(1740, 'Akhisar', 572, 'akhisar', NULL, NULL),
(1741, 'Lüleburgaz', 600, 'luleburgaz', NULL, NULL),
(1742, 'Ereğli', 598, 'eregli', NULL, NULL),
(1743, 'Ağrı', 601, 'agri', NULL, NULL),
(1744, 'Polatlı', 551, 'polatli', NULL, NULL),
(1745, 'Rize', 602, 'rize', NULL, NULL),
(1746, 'Salihli', 572, 'salihli', NULL, NULL),
(1747, 'Ereğli', 555, 'eregli', NULL, NULL),
(1748, 'Cizre', 603, 'cizre', NULL, NULL),
(1749, 'Nizip', 554, 'nizip', NULL, NULL),
(1750, 'Alanya', 556, 'alanya', NULL, NULL),
(1751, 'Yalova', 604, 'yalova', NULL, NULL),
(1752, 'Viranşehir', 563, 'viransehir', NULL, NULL),
(1753, 'Giresun', 605, 'giresun', NULL, NULL),
(1754, 'Bingöl', 606, 'bingol', NULL, NULL),
(1755, 'Amasya', 607, 'amasya', NULL, NULL),
(1756, 'Elbistan', 566, 'elbistan', NULL, NULL),
(1757, 'Kastamonu', 608, 'kastamonu', NULL, NULL),
(1758, 'Erzincan', 609, 'erzincan', NULL, NULL),
(1759, 'Nevşehir', 610, 'nevsehir', NULL, NULL),
(1760, 'Nusaybin', 592, 'nusaybin', NULL, NULL),
(1761, 'Kartepe', 571, 'kartepe', NULL, NULL),
(1762, 'Çayırova', 571, 'cayirova', NULL, NULL),
(1763, 'Mardin', 592, 'mardin', NULL, NULL),
(1764, 'Manavgat', 556, 'manavgat', NULL, NULL),
(1765, 'Bafra', 561, 'bafra', NULL, NULL),
(1766, 'Kadirli', 580, 'kadirli', NULL, NULL),
(1767, 'Kilis', 611, 'kilis', NULL, NULL),
(1768, 'Kars', 612, 'kars', NULL, NULL),
(1769, 'Iğdır', 613, 'igdir', NULL, NULL),
(1770, 'Ünye', 589, 'unye', NULL, NULL),
(1771, 'Kozan', 553, 'kozan', NULL, NULL),
(1772, 'Soma', 572, 'soma', NULL, NULL),
(1773, 'Silopi', 603, 'silopi', NULL, NULL),
(1774, 'Ödemiş', 547, 'odemis', NULL, NULL),
(1775, 'Muş', 614, 'mus', NULL, NULL),
(1776, 'Burdur', 615, 'burdur', NULL, NULL),
(1777, 'Yozgat', 616, 'yozgat', NULL, NULL),
(1778, 'Fethiye', 549, 'fethiye', NULL, NULL),
(1779, 'Erciş', 568, 'ercis', NULL, NULL),
(1780, 'Çerkezköy', 578, 'cerkezkoy', NULL, NULL),
(1781, 'Dörtyol', 582, 'dortyol', NULL, NULL),
(1782, 'Çankırı', 617, 'cankiri', NULL, NULL),
(1783, 'Kırıkhan', 582, 'kirikhan', NULL, NULL),
(1784, 'Söke', 583, 'soke', NULL, NULL),
(1785, 'Kırklareli', 600, 'kirklareli', NULL, NULL),
(1786, 'Şırnak', 603, 'sirnak', NULL, NULL),
(1787, 'Hakkâri', 618, 'hakkari', NULL, NULL),
(1788, 'Doğubeyazıt', 601, 'dogubeyazit', NULL, NULL),
(1789, 'Başiskele', 571, 'basiskele', NULL, NULL),
(1790, 'Kuşadası', 583, 'kusadasi', NULL, NULL),
(1791, 'Ergani', 560, 'ergani', NULL, NULL),
(1792, 'Tavşanlı', 575, 'tavsanli', NULL, NULL),
(1793, 'Muğla', 549, 'mugla', NULL, NULL),
(1794, 'Turhal', 594, 'turhal', NULL, NULL),
(1795, 'Yüksekova', 618, 'yuksekova', NULL, NULL),
(1796, 'Reyhanlı', 582, 'reyhanli', NULL, NULL),
(1797, 'Tatvan', 619, 'tatvan', NULL, NULL),
(1798, 'Kahta', 579, 'kahta', NULL, NULL),
(1799, 'Akşehir', 555, 'aksehir', NULL, NULL),
(1800, 'Bergama', 547, 'bergama', NULL, NULL),
(1801, 'Erbaa', 594, 'erbaa', NULL, NULL),
(1802, 'Çarşamba', 561, 'carsamba', NULL, NULL),
(1803, 'Bozüyük', 620, 'bozuyuk', NULL, NULL),
(1804, 'Mustafakemalpaşa', 552, 'mustafakemalpasa', NULL, NULL),
(1805, 'Patnos', 601, 'patnos', NULL, NULL),
(1806, 'Orhangazi', 552, 'orhangazi', NULL, NULL),
(1807, 'Bismil', 560, 'bismil', NULL, NULL),
(1808, 'Sorgun', 616, 'sorgun', NULL, NULL),
(1809, 'Keşan', 588, 'kesan', NULL, NULL),
(1810, 'Midyat', 592, 'midyat', NULL, NULL),
(1811, 'Merzifon', 607, 'merzifon', NULL, NULL),
(1812, 'Kapaklı', 578, 'kapakli', NULL, NULL),
(1813, 'Bartın', 621, 'bartin', NULL, NULL),
(1814, 'Milas', 549, 'milas', NULL, NULL),
(1815, 'Karacabey', 552, 'karacabey', NULL, NULL),
(1816, 'Suruç', 563, 'suruc', NULL, NULL),
(1817, 'Edremit', 574, 'edremit', NULL, NULL),
(1818, 'Tire', 547, 'tire', NULL, NULL),
(1819, 'Fatsa', 589, 'fatsa', NULL, NULL),
(1820, 'Silifke', 558, 'silifke', NULL, NULL),
(1821, 'Alaşehir', 572, 'alasehir', NULL, NULL),
(1822, 'Didim', 583, 'didim', NULL, NULL),
(1823, 'Serik', 556, 'serik', NULL, NULL),
(1824, 'Bilecik', 620, 'bilecik', NULL, NULL),
(1825, 'Karamürsel', 571, 'karamursel', NULL, NULL),
(1826, 'Bitlis', 619, 'bitlis', NULL, NULL),
(1827, 'Birecik', 563, 'birecik', NULL, NULL),
(1828, 'Karaköprü', 563, 'karakopru', NULL, NULL),
(1829, 'Samandağ', 582, 'samandag', NULL, NULL),
(1830, 'Erdemli', 558, 'erdemli', NULL, NULL),
(1831, 'Ceylanpınar', 563, 'ceylanpinar', NULL, NULL),
(1832, 'Gönen', 574, 'gonen', NULL, NULL),
(1833, 'Dilovası', 571, 'dilovasi', NULL, NULL),
(1834, 'Düziçi', 580, 'duzici', NULL, NULL),
(1835, 'Uzunköprü', 588, 'uzunkopru', NULL, NULL),
(1836, 'Biga', 546, 'biga', NULL, NULL),
(1837, 'Seydişehir', 555, 'seydisehir', NULL, NULL),
(1838, 'Silvan', 560, 'silvan', NULL, NULL),
(1839, 'Afşin', 566, 'afsin', NULL, NULL),
(1840, 'Burhaniye', 574, 'burhaniye', NULL, NULL),
(1841, 'Suluova', 607, 'suluova', NULL, NULL),
(1842, 'Bucak', 615, 'bucak', NULL, NULL),
(1843, 'Sinope', 622, 'sinope', NULL, NULL),
(1844, 'Develi', 557, 'develi', NULL, NULL),
(1845, 'Bulancak', 605, 'bulancak', NULL, NULL),
(1846, 'Bor', 597, 'bor', NULL, NULL),
(1847, 'Safranbolu', 599, 'safranbolu', NULL, NULL),
(1848, 'Akçaabat', 576, 'akcaabat', NULL, NULL),
(1849, 'Ayvalık', 574, 'ayvalik', NULL, NULL),
(1850, 'Marmaris', 549, 'marmaris', NULL, NULL),
(1851, 'Payas', 582, 'payas', NULL, NULL),
(1852, 'Sungurlu', 577, 'sungurlu', NULL, NULL),
(1853, 'Beypazarı', 551, 'beypazari', NULL, NULL),
(1854, 'Zile', 594, 'zile', NULL, NULL),
(1855, 'Kozlu', 598, 'kozlu', NULL, NULL),
(1856, 'Sandıklı', 586, 'sandikli', NULL, NULL),
(1857, 'Bodrum', 549, 'bodrum', NULL, NULL),
(1858, 'Bayburt', 623, 'bayburt', NULL, NULL),
(1859, 'Anamur', 558, 'anamur', NULL, NULL),
(1860, 'Karapınar', 555, 'karapinar', NULL, NULL),
(1861, 'Niksar', 594, 'niksar', NULL, NULL),
(1862, 'Terme', 561, 'terme', NULL, NULL),
(1863, 'Ilgın', 555, 'ilgin', NULL, NULL),
(1864, 'İslahiye', 554, 'islahiye', NULL, NULL),
(1865, 'Beyşehir', 555, 'beysehir', NULL, NULL),
(1866, 'Erzin', 582, 'erzin', NULL, NULL),
(1867, 'Bolvadin', 586, 'bolvadin', NULL, NULL),
(1868, 'Yenişehir', 552, 'yenisehir', NULL, NULL),
(1869, 'Tunceli', 624, 'tunceli', NULL, NULL),
(1870, 'Yerköy', 616, 'yerkoy', NULL, NULL),
(1871, 'Çumra', 555, 'cumra', NULL, NULL),
(1872, 'Karasu', 564, 'karasu', NULL, NULL),
(1873, 'Babaeski', 600, 'babaeski', NULL, NULL),
(1874, 'Malkara', 578, 'malkara', NULL, NULL),
(1875, 'Çan', 546, 'can', NULL, NULL),
(1876, 'Kumluca', 556, 'kumluca', NULL, NULL),
(1877, 'Kurtalan', 591, 'kurtalan', NULL, NULL),
(1878, 'Ortaca', 549, 'ortaca', NULL, NULL),
(1879, 'Şereflikoçhisar', 551, 'sereflikochisar', NULL, NULL),
(1880, 'Pazarcık', 566, 'pazarcik', NULL, NULL),
(1881, 'Mut', 558, 'mut', NULL, NULL),
(1882, 'Gölbaşı', 579, 'golbasi', NULL, NULL),
(1883, 'Tosya', 608, 'tosya', NULL, NULL),
(1884, 'Vezirköprü', 561, 'vezirkopru', NULL, NULL),
(1885, 'Boyabat', 622, 'boyabat', NULL, NULL),
(1886, 'Osmancık', 577, 'osmancik', NULL, NULL),
(1887, 'Besni', 579, 'besni', NULL, NULL),
(1888, 'Sarıkamış', 612, 'sarikamis', NULL, NULL),
(1889, 'Simav', 575, 'simav', NULL, NULL),
(1890, 'Dinar', 586, 'dinar', NULL, NULL),
(1891, 'Artvin', 625, 'artvin', NULL, NULL),
(1892, 'Gümüşhane', 626, 'gumushane', NULL, NULL),
(1893, 'Susurluk', 574, 'susurluk', NULL, NULL),
(1894, 'Akçakale', 563, 'akcakale', NULL, NULL),
(1895, 'Kilimli', 598, 'kilimli', NULL, NULL),
(1896, 'Harbiye', 582, 'harbiye', NULL, NULL),
(1897, 'İdil', 603, 'idil', NULL, NULL),
(1898, 'Ardeşen', 602, 'ardesen', NULL, NULL),
(1899, 'Dalaman', 549, 'dalaman', NULL, NULL),
(1900, 'Gelibolu', 546, 'gelibolu', NULL, NULL),
(1901, 'Erdek', 574, 'erdek', NULL, NULL),
(1902, 'Gazipaşa', 556, 'gazipasa', NULL, NULL),
(1903, 'Akçakoca', 593, 'akcakoca', NULL, NULL),
(1904, 'Çaycuma', 598, 'caycuma', NULL, NULL),
(1905, 'Çeşme', 547, 'cesme', NULL, NULL),
(1906, 'Kemer', 556, 'kemer', NULL, NULL),
(1907, 'Belen', 582, 'belen', NULL, NULL),
(1908, 'Saray', 578, 'saray', NULL, NULL),
(1909, 'İznik', 552, 'iznik', NULL, NULL),
(1910, 'Alaca', 577, 'alaca', NULL, NULL),
(1911, 'Gerede', 595, 'gerede', NULL, NULL),
(1912, 'Devrek', 598, 'devrek', NULL, NULL),
(1913, 'Akdağmadeni', 616, 'akdagmadeni', NULL, NULL),
(1914, 'Kaman', 596, 'kaman', NULL, NULL),
(1915, 'Serinyol', 582, 'serinyol', NULL, NULL),
(1916, 'Kozluk', 569, 'kozluk', NULL, NULL),
(1917, 'Bulanık', 614, 'bulanik', NULL, NULL),
(1918, 'Sarıkaya', 616, 'sarikaya', NULL, NULL),
(1919, 'Kulu', 555, 'kulu', NULL, NULL),
(1920, 'Şarkışla', 573, 'sarkisla', NULL, NULL),
(1921, 'Korkuteli', 556, 'korkuteli', NULL, NULL),
(1922, 'Oltu', 567, 'oltu', NULL, NULL),
(1923, 'Geyve', 564, 'geyve', NULL, NULL),
(1924, 'İmamoğlu', 553, 'imamoglu', NULL, NULL),
(1925, 'Çine', 583, 'cine', NULL, NULL),
(1926, 'Çivril', 562, 'civril', NULL, NULL),
(1927, 'Göksun', 566, 'goksun', NULL, NULL),
(1928, 'Derik', 592, 'derik', NULL, NULL),
(1929, 'Hilvan', 563, 'hilvan', NULL, NULL),
(1930, 'Çayeli', 602, 'cayeli', NULL, NULL),
(1931, 'İskilip', 577, 'iskilip', NULL, NULL),
(1932, 'Havza', 561, 'havza', NULL, NULL),
(1933, 'Yahyalı', 557, 'yahyali', NULL, NULL),
(1934, 'Hayrabolu', 578, 'hayrabolu', NULL, NULL),
(1935, 'İncirliova', 583, 'incirliova', NULL, NULL),
(1936, 'Kovancılar', 570, 'kovancilar', NULL, NULL),
(1937, 'Güroymak', 619, 'guroymak', NULL, NULL),
(1938, 'Muratlı', 578, 'muratli', NULL, NULL),
(1939, 'Malazgirt', 614, 'malazgirt', NULL, NULL),
(1940, 'Diyadin', 601, 'diyadin', NULL, NULL),
(1941, 'Emirdağ', 586, 'emirdag', NULL, NULL),
(1942, 'Alaplı', 598, 'alapli', NULL, NULL),
(1943, 'Bostaniçi', 568, 'bostanici', NULL, NULL),
(1944, 'Gediz', 575, 'gediz', NULL, NULL),
(1945, 'Sarayköy', 562, 'saraykoy', NULL, NULL),
(1946, 'Yalvaç', 587, 'yalvac', NULL, NULL),
(1947, 'Mahmutlar', 556, 'mahmutlar', NULL, NULL),
(1948, 'Demirci', 572, 'demirci', NULL, NULL),
(1949, 'Ortaköy', 585, 'ortakoy', NULL, NULL),
(1950, 'Turgutreis', 549, 'turgutreis', NULL, NULL),
(1951, 'Karaağaç', 582, 'karaagac', NULL, NULL),
(1952, 'Yatağan', 549, 'yatagan', NULL, NULL),
(1953, 'Nurdağı', 554, 'nurdagi', NULL, NULL),
(1954, 'Çiftlikköy', 604, 'ciftlikkoy', NULL, NULL),
(1955, 'Battalgazi', 565, 'battalgazi', NULL, NULL),
(1956, 'Çermik', 560, 'cermik', NULL, NULL),
(1957, 'Dargeçit', 592, 'dargecit', NULL, NULL),
(1958, 'Genç', 606, 'genc', NULL, NULL),
(1959, 'Dursunbey', 574, 'dursunbey', NULL, NULL),
(1960, 'Horasan', 567, 'horasan', NULL, NULL),
(1961, 'Gümüşhacıköy', 607, 'gumushacikoy', NULL, NULL),
(1962, 'Kızılcahamam', 551, 'kizilcahamam', NULL, NULL),
(1963, 'Pamukova', 564, 'pamukova', NULL, NULL),
(1964, 'Eğirdir', 587, 'egirdir', NULL, NULL),
(1965, 'Şarköy', 578, 'sarkoy', NULL, NULL),
(1966, 'Boğazlıyan', 616, 'bogazliyan', NULL, NULL),
(1967, 'Hopa', 625, 'hopa', NULL, NULL),
(1968, 'Yeşilli', 592, 'yesilli', NULL, NULL),
(1969, 'Dikili', 547, 'dikili', NULL, NULL),
(1970, 'Ahlat', 619, 'ahlat', NULL, NULL),
(1971, 'Ardahan', 627, 'ardahan', NULL, NULL),
(1972, 'Ürgüp', 610, 'urgup', NULL, NULL),
(1973, 'Çekmece', 582, 'cekmece', NULL, NULL),
(1974, 'Taşköprü', 608, 'taskopru', NULL, NULL),
(1975, 'Zeytinli', 574, 'zeytinli', NULL, NULL),
(1976, 'Eskil', 585, 'eskil', NULL, NULL),
(1977, 'Muradiye', 568, 'muradiye', NULL, NULL),
(1978, 'Espiye', 605, 'espiye', NULL, NULL),
(1979, 'Bozyazı', 558, 'bozyazi', NULL, NULL),
(1980, 'Bigadiç', 574, 'bigadic', NULL, NULL),
(1981, 'Kırkağaç', 572, 'kirkagac', NULL, NULL),
(1982, 'Saruhanlı', 572, 'saruhanli', NULL, NULL),
(1983, 'Demre', 556, 'demre', NULL, NULL),
(1984, 'Kızılpınar', 578, 'kizilpinar', NULL, NULL),
(1985, 'Pazar', 602, 'pazar', NULL, NULL),
(1986, 'Cihanbeyli', 555, 'cihanbeyli', NULL, NULL),
(1987, 'Marmaraereğlisi', 578, 'marmaraereglisi', NULL, NULL),
(1988, 'Altınoluk', 574, 'altinoluk', NULL, NULL),
(1989, 'Banaz', 584, 'banaz', NULL, NULL),
(1990, 'Görele', 605, 'gorele', NULL, NULL),
(1991, 'Buldan', 562, 'buldan', NULL, NULL),
(1992, 'Elmalı', 556, 'elmali', NULL, NULL),
(1993, 'Araklı', 576, 'arakli', NULL, NULL),
(1994, 'Of', 576, 'of', NULL, NULL),
(1995, 'Çaldıran', 568, 'caldiran', NULL, NULL),
(1996, 'Şemdinli', 618, 'semdinli', NULL, NULL),
(1997, 'Denizciler', 582, 'denizciler', NULL, NULL),
(1998, 'Arhavi', 625, 'arhavi', NULL, NULL),
(1999, 'Side', 556, 'side', NULL, NULL),
(2000, 'Armutalan', 549, 'armutalan', NULL, NULL),
(2001, 'Vakfıkebir', 576, 'vakfikebir', NULL, NULL),
(2002, 'Aybastı', 589, 'aybasti', NULL, NULL),
(2003, 'Karakoçan', 570, 'karakocan', NULL, NULL),
(2004, 'Obaköy', 556, 'obakoy', NULL, NULL),
(2005, 'Narlıca', 582, 'narlica', NULL, NULL),
(2006, 'Türkoğlu', 566, 'turkoglu', NULL, NULL),
(2007, 'Solhan', 606, 'solhan', NULL, NULL),
(2008, 'Çay', 586, 'cay', NULL, NULL),
(2009, 'Osmaneli', 620, 'osmaneli', NULL, NULL),
(2010, 'Kadınhanı', 555, 'kadinhani', NULL, NULL),
(2011, 'Pelitli', 576, 'pelitli', NULL, NULL),
(2012, 'Sürmene', 576, 'surmene', NULL, NULL),
(2013, 'Kelkit', 626, 'kelkit', NULL, NULL),
(2014, 'Pasinler', 567, 'pasinler', NULL, NULL),
(2015, 'Kağızman', 612, 'kagizman', NULL, NULL),
(2016, 'Suşehri', 573, 'susehri', NULL, NULL),
(2017, 'Ilıca', 556, 'ilica', NULL, NULL),
(2018, 'Sarıgöl', 572, 'sarigol', NULL, NULL),
(2019, 'Tirebolu', 605, 'tirebolu', NULL, NULL),
(2020, 'Başkale', 568, 'baskale', NULL, NULL),
(2021, 'Bayramiç', 546, 'bayramic', NULL, NULL),
(2022, 'Karaçulha', 549, 'karaculha', NULL, NULL),
(2023, 'Korgan', 589, 'korgan', NULL, NULL),
(2024, 'Eşme', 584, 'esme', NULL, NULL),
(2025, 'Gölhisar', 615, 'golhisar', NULL, NULL),
(2026, 'Sındırgı', 574, 'sindirgi', NULL, NULL),
(2027, 'Arsin', 576, 'arsin', NULL, NULL),
(2028, 'Ortaklar', 583, 'ortaklar', NULL, NULL),
(2029, 'Bahçe', 580, 'bahce', NULL, NULL),
(2030, 'Edremit', 568, 'edremit', NULL, NULL),
(2031, 'Uludere', 603, 'uludere', NULL, NULL),
(2032, 'Konaklı', 556, 'konakli', NULL, NULL),
(2033, 'Kocaali', 564, 'kocaali', NULL, NULL),
(2034, 'Çağlayancerit', 566, 'caglayancerit', NULL, NULL),
(2035, 'Germencik', 583, 'germencik', NULL, NULL),
(2036, 'Kadıkendi', 563, 'kadikendi', NULL, NULL),
(2037, 'Şarkikaraağaç', 587, 'sarkikaraagac', NULL, NULL),
(2038, 'Çelebibağı', 568, 'celebibagi', NULL, NULL),
(2039, 'Bünyan', 557, 'bunyan', NULL, NULL),
(2040, 'Çınarcık', 604, 'cinarcik', NULL, NULL),
(2041, 'Şuhut', 586, 'suhut', NULL, NULL),
(2042, 'Tavas', 562, 'tavas', NULL, NULL),
(2043, 'Mucur', 596, 'mucur', NULL, NULL),
(2044, 'Beşikdüzü', 576, 'besikduzu', NULL, NULL),
(2045, 'Kumru', 589, 'kumru', NULL, NULL),
(2046, 'Nallıhan', 551, 'nallihan', NULL, NULL),
(2047, 'Acıpayam', 562, 'acipayam', NULL, NULL),
(2048, 'Kınık', 547, 'kinik', NULL, NULL),
(2049, 'Sason', 569, 'sason', NULL, NULL),
(2050, 'Vize', 600, 'vize', NULL, NULL),
(2051, 'Hasköy', 614, 'haskoy', NULL, NULL),
(2052, 'Finike', 556, 'finike', NULL, NULL),
(2053, 'Doğanşehir', 565, 'dogansehir', NULL, NULL),
(2054, 'İscehisar', 586, 'iscehisar', NULL, NULL),
(2055, 'Özalp', 568, 'ozalp', NULL, NULL),
(2056, 'Çifteler', 559, 'cifteler', NULL, NULL),
(2057, 'Kuzuculu', 582, 'kuzuculu', NULL, NULL),
(2058, 'Tömük', 558, 'tomuk', NULL, NULL),
(2059, 'Küçükköy', 574, 'kucukkoy', NULL, NULL),
(2060, 'Ezine', 546, 'ezine', NULL, NULL),
(2061, 'Taşova', 607, 'tasova', NULL, NULL),
(2062, 'Pınarhisar', 600, 'pinarhisar', NULL, NULL),
(2063, 'Kargıpınarı', 558, 'kargipinari', NULL, NULL),
(2064, 'Avanos', 610, 'avanos', NULL, NULL),
(2065, 'Yeniceköy', 552, 'yenicekoy', NULL, NULL),
(2066, 'Gördes', 572, 'gordes', NULL, NULL),
(2067, 'Gölköy', 589, 'golkoy', NULL, NULL),
(2068, 'Zara', 573, 'zara', NULL, NULL),
(2069, 'Umurlu', 583, 'umurlu', NULL, NULL),
(2070, 'Gerze', 622, 'gerze', NULL, NULL),
(2071, 'Ondokuzmayıs', 561, 'ondokuzmayis', NULL, NULL),
(2072, 'Datça', 549, 'datca', NULL, NULL),
(2073, 'Pınarbaşı', 557, 'pinarbasi', NULL, NULL),
(2074, 'Çınar', 560, 'cinar', NULL, NULL),
(2075, 'Ayancık', 622, 'ayancik', NULL, NULL),
(2076, 'Lice', 560, 'lice', NULL, NULL),
(2077, 'Alaçam', 561, 'alacam', NULL, NULL),
(2078, 'Serinhisar', 562, 'serinhisar', NULL, NULL),
(2079, 'Yalıkavak', 549, 'yalikavak', NULL, NULL),
(2080, 'Yomra', 576, 'yomra', NULL, NULL);
INSERT INTO `city` (`id`, `name`, `id_region`, `slug`, `image`, `is_zone`) VALUES
(2081, 'Yeşilköy', 582, 'yesilkoy', NULL, NULL),
(2082, 'Havran', 574, 'havran', NULL, NULL),
(2083, 'Çukurca', 618, 'cukurca', NULL, NULL),
(2084, 'Bozova', 563, 'bozova', NULL, NULL),
(2085, 'Lapseki', 546, 'lapseki', NULL, NULL),
(2086, 'Altınova', 574, 'altinova', NULL, NULL),
(2087, 'Emet', 575, 'emet', NULL, NULL),
(2088, 'Akçay', 574, 'akcay', NULL, NULL),
(2089, 'Divriği', 573, 'divrigi', NULL, NULL),
(2090, 'Davutlar', 583, 'davutlar', NULL, NULL),
(2091, 'Karaağaç', 588, 'karaagac', NULL, NULL),
(2092, 'Derinkuyu', 610, 'derinkuyu', NULL, NULL),
(2093, 'Çekerek', 616, 'cekerek', NULL, NULL),
(2094, 'Ermenek', 590, 'ermenek', NULL, NULL),
(2095, 'Borçka', 625, 'borcka', NULL, NULL),
(2096, 'Mazıdağı', 592, 'mazidagi', NULL, NULL),
(2097, 'Alaçatı', 547, 'alacati', NULL, NULL),
(2098, 'Keskin', 581, 'keskin', NULL, NULL),
(2099, 'Kandıra', 571, 'kandira', NULL, NULL),
(2100, 'Ahmetli', 572, 'ahmetli', NULL, NULL),
(2101, 'Şefaatli', 616, 'sefaatli', NULL, NULL),
(2102, 'Çamaş', 589, 'camas', NULL, NULL),
(2103, 'Haymana', 551, 'haymana', NULL, NULL),
(2104, 'Bayat', 577, 'bayat', NULL, NULL),
(2105, 'Büyükyoncalı', 578, 'buyukyoncali', NULL, NULL),
(2106, 'Tomarza', 557, 'tomarza', NULL, NULL),
(2107, 'Sultanhanı', 585, 'sultanhani', NULL, NULL),
(2108, 'Kepez', 546, 'kepez', NULL, NULL),
(2109, 'Tunçbilek', 575, 'tuncbilek', NULL, NULL),
(2110, 'Adilcevaz', 619, 'adilcevaz', NULL, NULL),
(2111, 'Bozdoğan', 583, 'bozdogan', NULL, NULL),
(2112, 'Gevaş', 568, 'gevas', NULL, NULL),
(2113, 'Gelinkaya', 592, 'gelinkaya', NULL, NULL),
(2114, 'Aşkale', 567, 'askale', NULL, NULL),
(2115, 'Kangal', 573, 'kangal', NULL, NULL),
(2116, 'Turgutalp', 572, 'turgutalp', NULL, NULL),
(2117, 'Köşk', 583, 'kosk', NULL, NULL),
(2118, 'Yahşihan', 581, 'yahsihan', NULL, NULL),
(2119, 'Cikcilli', 556, 'cikcilli', NULL, NULL),
(2120, 'Acarlar', 583, 'acarlar', NULL, NULL),
(2121, 'Pozantı', 553, 'pozanti', NULL, NULL),
(2122, 'Yenice', 599, 'yenice', NULL, NULL),
(2123, 'Sivrihisar', 559, 'sivrihisar', NULL, NULL),
(2124, 'Eruh', 591, 'eruh', NULL, NULL),
(2125, 'Gölmarmara', 572, 'golmarmara', NULL, NULL),
(2126, 'Kulp', 560, 'kulp', NULL, NULL),
(2127, 'Söğüt', 620, 'sogut', NULL, NULL),
(2128, 'Taşucu', 558, 'tasucu', NULL, NULL),
(2129, 'Odabaşı', 582, 'odabasi', NULL, NULL),
(2130, 'Fındıklı', 602, 'findikli', NULL, NULL),
(2131, 'Perşembe', 589, 'persembe', NULL, NULL),
(2132, 'Gölyaka', 593, 'golyaka', NULL, NULL),
(2133, 'Şebinkarahisar', 605, 'sebinkarahisar', NULL, NULL),
(2134, 'Araban', 554, 'araban', NULL, NULL),
(2135, 'Hassa', 582, 'hassa', NULL, NULL),
(2136, 'Akçadağ', 565, 'akcadag', NULL, NULL),
(2137, 'Savaştepe', 574, 'savastepe', NULL, NULL),
(2138, 'Kaynaşlı', 593, 'kaynasli', NULL, NULL),
(2139, 'Karayılan', 582, 'karayilan', NULL, NULL),
(2140, 'Reşadiye', 594, 'resadiye', NULL, NULL),
(2141, 'Hizan', 619, 'hizan', NULL, NULL),
(2142, 'Sarayönü', 555, 'sarayonu', NULL, NULL),
(2143, 'Hani', 560, 'hani', NULL, NULL),
(2144, 'Palu', 570, 'palu', NULL, NULL),
(2145, 'İnebolu', 608, 'inebolu', NULL, NULL),
(2146, 'Honaz', 562, 'honaz', NULL, NULL),
(2147, 'Gürün', 573, 'gurun', NULL, NULL),
(2148, 'Beşiri', 569, 'besiri', NULL, NULL),
(2149, 'Yunak', 555, 'yunak', NULL, NULL),
(2150, 'Yeşilhisar', 557, 'yesilhisar', NULL, NULL),
(2151, 'Avsallar', 556, 'avsallar', NULL, NULL),
(2152, 'Yıldızeli', 573, 'yildizeli', NULL, NULL),
(2153, 'Varto', 614, 'varto', NULL, NULL),
(2154, 'Mavikent', 556, 'mavikent', NULL, NULL),
(2155, 'Halfeti', 563, 'halfeti', NULL, NULL),
(2156, 'Pertek', 624, 'pertek', NULL, NULL),
(2157, 'Küçükdalyan', 582, 'kucukdalyan', NULL, NULL),
(2158, 'Çerkeş', 617, 'cerkes', NULL, NULL),
(2159, 'Yazıkonak', 570, 'yazikonak', NULL, NULL),
(2160, 'Akbez', 582, 'akbez', NULL, NULL),
(2161, 'Tekebaşı', 582, 'tekebasi', NULL, NULL),
(2162, 'Karaçoban', 567, 'karacoban', NULL, NULL),
(2163, 'Karataş', 553, 'karatas', NULL, NULL),
(2164, 'Konacık', 549, 'konacik', NULL, NULL),
(2165, 'Hınıs', 567, 'hinis', NULL, NULL),
(2166, 'İpsala', 588, 'ipsala', NULL, NULL),
(2167, 'Çobanlar', 586, 'cobanlar', NULL, NULL),
(2168, 'Havsa', 588, 'havsa', NULL, NULL),
(2169, 'Çatalağzı', 598, 'catalagzi', NULL, NULL),
(2170, 'Yakınca', 565, 'yakinca', NULL, NULL),
(2171, 'Beyoğlu', 566, 'beyoglu', NULL, NULL),
(2172, 'Çayırhan', 551, 'cayirhan', NULL, NULL),
(2173, 'Sahilkent', 556, 'sahilkent', NULL, NULL),
(2174, 'Gülşehir', 610, 'gulsehir', NULL, NULL),
(2175, 'Darende', 565, 'darende', NULL, NULL),
(2176, 'Ladik', 561, 'ladik', NULL, NULL),
(2177, 'Koru', 604, 'koru', NULL, NULL),
(2178, 'Kestel', 556, 'kestel', NULL, NULL),
(2179, 'Eleşkirt', 601, 'eleskirt', NULL, NULL),
(2180, 'Sultanköy', 578, 'sultankoy', NULL, NULL),
(2181, 'Dilek', 565, 'dilek', NULL, NULL),
(2182, 'Yeniçiftlik', 578, 'yeniciftlik', NULL, NULL),
(2183, 'Turunçova', 556, 'turuncova', NULL, NULL),
(2184, 'Gözcüler', 582, 'gozculer', NULL, NULL),
(2185, 'Köyceğiz', 549, 'koycegiz', NULL, NULL),
(2186, 'Sarılar', 556, 'sarilar', NULL, NULL),
(2187, 'Eynesil', 605, 'eynesil', NULL, NULL),
(2188, 'Ladik', 555, 'ladik', NULL, NULL),
(2189, 'Aydıncık', 558, 'aydincik', NULL, NULL),
(2190, 'Tuzluca', 613, 'tuzluca', NULL, NULL),
(2191, 'Çelikhan', 579, 'celikhan', NULL, NULL),
(2192, 'Söğütlü', 576, 'sogutlu', NULL, NULL),
(2193, 'Yenice', 558, 'yenice', NULL, NULL),
(2194, 'Kiraz', 547, 'kiraz', NULL, NULL),
(2195, 'Kabala', 592, 'kabala', NULL, NULL),
(2196, 'Dicle', 560, 'dicle', NULL, NULL),
(2197, 'Toprakkale', 580, 'toprakkale', NULL, NULL),
(2198, 'Yeşilyurt', 565, 'yesilyurt', NULL, NULL),
(2199, 'Yurtbaşı', 570, 'yurtbasi', NULL, NULL),
(2200, 'Bostanbaşı', 565, 'bostanbasi', NULL, NULL),
(2201, 'Yeniceoba', 555, 'yeniceoba', NULL, NULL),
(2202, 'Savur', 592, 'savur', NULL, NULL),
(2203, 'Kale', 562, 'kale', NULL, NULL),
(2204, 'Savuca', 583, 'savuca', NULL, NULL),
(2205, 'Andırın', 566, 'andirin', NULL, NULL),
(2206, 'Keşap', 605, 'kesap', NULL, NULL),
(2207, 'Hekimhan', 565, 'hekimhan', NULL, NULL),
(2208, 'İsmil', 555, 'ismil', NULL, NULL),
(2209, 'Yenice', 551, 'yenice', NULL, NULL),
(2210, 'Narlı', 566, 'narli', NULL, NULL),
(2211, 'Kuyucak', 583, 'kuyucak', NULL, NULL),
(2212, 'Gürgentepe', 589, 'gurgentepe', NULL, NULL),
(2213, 'Çilimli', 593, 'cilimli', NULL, NULL),
(2214, 'Orhaneli', 552, 'orhaneli', NULL, NULL),
(2215, 'Beldibi', 549, 'beldibi', NULL, NULL),
(2216, 'Göle', 627, 'gole', NULL, NULL),
(2217, 'Aktepe', 582, 'aktepe', NULL, NULL),
(2218, 'Ayvacık', 546, 'ayvacik', NULL, NULL),
(2219, 'Çayıralan', 616, 'cayiralan', NULL, NULL),
(2220, 'Bozkır', 555, 'bozkir', NULL, NULL),
(2221, 'Saraykent', 616, 'saraykent', NULL, NULL),
(2222, 'Tonya', 576, 'tonya', NULL, NULL),
(2223, 'Kavak', 561, 'kavak', NULL, NULL),
(2224, 'Keçiborlu', 587, 'keciborlu', NULL, NULL),
(2225, 'Ovaeymir', 583, 'ovaeymir', NULL, NULL),
(2226, 'Çolaklı', 556, 'colakli', NULL, NULL),
(2227, 'İçeriçumra', 555, 'icericumra', NULL, NULL),
(2228, 'Maçka', 576, 'macka', NULL, NULL),
(2229, 'Bitez', 549, 'bitez', NULL, NULL),
(2230, 'Yağlıdere', 605, 'yaglidere', NULL, NULL),
(2231, 'Çarşıbaşı', 576, 'carsibasi', NULL, NULL),
(2232, 'Durağan', 622, 'duragan', NULL, NULL),
(2233, 'Kozaklı', 610, 'kozakli', NULL, NULL),
(2234, 'Piraziz', 605, 'piraziz', NULL, NULL),
(2235, 'Bekbele', 582, 'bekbele', NULL, NULL),
(2236, 'Şekeroba', 566, 'sekeroba', NULL, NULL),
(2237, 'Arıtaş', 566, 'aritas', NULL, NULL),
(2238, 'Atça', 583, 'atca', NULL, NULL),
(2239, 'Gökçebey', 598, 'gokcebey', NULL, NULL),
(2240, 'Ulukışla', 597, 'ulukisla', NULL, NULL),
(2241, 'Gülüç', 598, 'guluc', NULL, NULL),
(2242, 'Altınova', 604, 'altinova', NULL, NULL),
(2243, 'Sakçagöze', 554, 'sakcagoze', NULL, NULL),
(2244, 'Atayurt', 558, 'atayurt', NULL, NULL),
(2245, 'Işıklar', 586, 'isiklar', NULL, NULL),
(2246, 'Uluborlu', 587, 'uluborlu', NULL, NULL),
(2247, 'Göynük', 595, 'goynuk', NULL, NULL),
(2248, 'Ilgaz', 617, 'ilgaz', NULL, NULL),
(2249, 'Atakent', 558, 'atakent', NULL, NULL),
(2250, 'Çiçekdağı', 596, 'cicekdagi', NULL, NULL),
(2251, 'Gökçe', 592, 'gokce', NULL, NULL),
(2252, 'Buharkent', 583, 'buharkent', NULL, NULL),
(2253, 'Velimeşe', 578, 'velimese', NULL, NULL),
(2254, 'Fussen', 2, 'fussen', NULL, NULL),
(2255, 'Esperanza', 19, 'esperanza', NULL, NULL),
(2256, 'Sankt Anton Am Arlberg', 47, 'sankt-anton-am-arlberg', NULL, NULL),
(2257, 'Copacabana', 54, 'copacabana', NULL, NULL),
(2258, 'Palmas', 628, 'palmas', NULL, NULL),
(2259, 'Roeselare', 68, 'roeselare', NULL, NULL),
(2260, 'Viña del Mar', 112, 'vina-del-mar', NULL, NULL),
(2261, 'Cornwall', 629, 'cornwall', NULL, NULL),
(2262, 'Dosquebradas', 147, 'dosquebradas', NULL, NULL),
(2263, 'Tortuguero', 159, 'tortuguero', NULL, NULL),
(2264, 'Cayo Largo del Sur', 175, 'cayo-largo-del-sur', NULL, NULL),
(2265, 'Brač', 630, 'brac', NULL, NULL),
(2266, 'Luxor', 631, 'luxor', NULL, NULL),
(2267, 'Umm al-Qaywayn', 632, 'umm-al-qaywayn', NULL, NULL),
(2268, 'Fort Augustus', 212, 'fort-augustus', NULL, NULL),
(2269, 'Pamplona', 633, 'pamplona', NULL, NULL),
(2270, 'Alaska', 634, 'alaska', NULL, NULL),
(2271, 'Clermont-Ferrand', 635, 'clermont-ferrand', NULL, NULL),
(2272, 'Neo Psychiko', 259, 'neo-psychiko', NULL, NULL),
(2273, 'Esquipulas', 636, 'esquipulas', NULL, NULL),
(2274, 'Salgótarján', 637, 'salgotarjan', NULL, NULL),
(2275, 'Chester', 638, 'chester', NULL, NULL),
(2276, 'Bushmills', 639, 'bushmills', NULL, NULL),
(2277, 'Collegno', 306, 'collegno', NULL, NULL),
(2278, 'Leitrim', 640, 'leitrim', NULL, NULL),
(2279, 'Tetuán', 362, 'tetuan', NULL, NULL),
(2280, 'Zirahuén', 405, 'zirahuen', NULL, NULL),
(2281, 'Lisen', 407, 'lisen', NULL, NULL),
(2282, 'Puerto Casado', 641, 'puerto-casado', NULL, NULL),
(2283, 'Bagua Grande', 642, 'bagua-grande', NULL, NULL),
(2284, 'Wieliczka', 463, 'wieliczka', NULL, NULL),
(2285, 'Portimao', 483, 'portimao', NULL, NULL),
(2286, 'Blansko', 489, 'blansko', NULL, NULL),
(2287, 'Río Grande', 643, 'rio-grande', NULL, NULL),
(2288, 'Murren', 505, 'murren', NULL, NULL),
(2289, 'Canelones', 644, 'canelones', NULL, NULL),
(2290, 'Şiran', 626, 'siran', NULL, NULL),
(2291, 'Puerto Morelos', 366, 'puerto-morelos', NULL, NULL),
(2292, 'El Calafete', 40, 'el-calafete-copy', NULL, NULL),
(2293, 'Foz do Iguazú', 80, 'foz-iguazu', 'waterfall-2301249_1920.jpg', 0),
(2294, 'Puerto Iguazú', 26, 'puerto-iguazu', 'iguazu.jpg', 0),
(2295, 'Salta', 22, 'salta', NULL, NULL),
(2296, 'El Calafate', 30, 'el-calafate', 'argentina.jpg', 0),
(2297, 'Riviera Maya', 366, 'riviera-maya', 'RIV.jpg', 1),
(2298, 'Los cabos', 403, 'los-cabos', 'los-cabos-portada.jpg', 1),
(2299, 'Toscana', 647, 'toscana', 'tuscany-1787932_1920.jpg', 1),
(2300, 'Jerusalén', 648, 'jerusalen', 'jeru1gio.jpg', 1),
(2301, 'Haifa', 650, '', NULL, 0),
(2302, 'Ramla', 649, '', NULL, 0),
(2303, 'Beerseba', 651, '', NULL, 0),
(2304, 'Nazaret', 651, '', NULL, 0),
(2305, 'Tel Aviv', 653, '', NULL, 0),
(2306, 'Tombuctú', 655, '', NULL, 0);

-- --------------------------------------------------------

--
-- Table structure for table `city_zone`
--

CREATE TABLE `city_zone` (
  `id` int NOT NULL,
  `id_city` int DEFAULT NULL,
  `id_city_in_zone` varchar(255) CHARACTER SET utf8mb4 COLLATE utf8mb4_general_ci DEFAULT NULL
) ENGINE=InnoDB DEFAULT CHARSET=utf8mb4 COLLATE=utf8mb4_general_ci ROW_FORMAT=DYNAMIC;

-- --------------------------------------------------------

--
-- Table structure for table `comments`
--

CREATE TABLE `comments` (
  `id` int NOT NULL,
  `id_booking` int DEFAULT NULL COMMENT 'Reserva',
  `date_created` datetime NOT NULL COMMENT 'Fecha de creaciÃ³n\n',
  `date_approved` datetime DEFAULT NULL COMMENT 'Fecha de aprobaciÃ³n\n',
  `approved` tinyint(1) DEFAULT '0' COMMENT 'Aprovado',
  `id_user_approved` int NOT NULL COMMENT 'Usuario que aprovo'
) ENGINE=InnoDB DEFAULT CHARSET=utf8mb4 COLLATE=utf8mb4_general_ci ROW_FORMAT=DYNAMIC;

-- --------------------------------------------------------

--
-- Table structure for table `company`
--

CREATE TABLE `company` (
  `id` int NOT NULL,
  `name` varchar(180) CHARACTER SET utf8mb4 COLLATE utf8mb4_general_ci DEFAULT NULL,
  `comertial_name` varchar(255) CHARACTER SET utf8mb4 COLLATE utf8mb4_general_ci DEFAULT NULL
) ENGINE=InnoDB DEFAULT CHARSET=utf8mb4 COLLATE=utf8mb4_general_ci ROW_FORMAT=DYNAMIC;

--
-- Dumping data for table `company`
--

INSERT INTO `company` (`id`, `name`, `comertial_name`) VALUES
(1, 'Trekzy', 'trekzy');

-- --------------------------------------------------------

--
-- Table structure for table `company_contact`
--

CREATE TABLE `company_contact` (
  `id` int NOT NULL,
  `name` varchar(255) CHARACTER SET utf8mb4 COLLATE utf8mb4_general_ci DEFAULT NULL,
  `phone` varchar(20) CHARACTER SET utf8mb4 COLLATE utf8mb4_general_ci DEFAULT NULL,
  `cellphone` varchar(30) CHARACTER SET utf8mb4 COLLATE utf8mb4_general_ci DEFAULT NULL,
  `ext` varchar(10) CHARACTER SET utf8mb4 COLLATE utf8mb4_general_ci DEFAULT NULL,
  `email` varchar(255) CHARACTER SET utf8mb4 COLLATE utf8mb4_general_ci DEFAULT NULL,
  `position` varchar(255) CHARACTER SET utf8mb4 COLLATE utf8mb4_general_ci DEFAULT NULL,
  `id_company` int DEFAULT NULL,
  `notify_booking` int DEFAULT NULL
) ENGINE=InnoDB DEFAULT CHARSET=utf8mb4 COLLATE=utf8mb4_general_ci ROW_FORMAT=DYNAMIC;

-- --------------------------------------------------------

--
-- Table structure for table `continent`
--

CREATE TABLE `continent` (
  `id` int NOT NULL,
  `name` varchar(100) CHARACTER SET utf8mb4 COLLATE utf8mb4_general_ci DEFAULT NULL
) ENGINE=InnoDB DEFAULT CHARSET=utf8mb4 COLLATE=utf8mb4_general_ci;

--
-- Dumping data for table `continent`
--

INSERT INTO `continent` (`id`, `name`) VALUES
(1, 'Asia'),
(2, 'Africa'),
(3, 'América'),
(4, 'Antartida'),
(5, 'Europa'),
(6, 'Oceanía');

-- --------------------------------------------------------

--
-- Table structure for table `contract`
--

CREATE TABLE `contract` (
  `id` int UNSIGNED NOT NULL,
  `name` varchar(180) CHARACTER SET utf8mb4 COLLATE utf8mb4_general_ci DEFAULT NULL,
  `active` tinyint(1) NOT NULL DEFAULT '0',
  `id_company` int NOT NULL,
  `start_on` date NOT NULL,
  `end_on` date NOT NULL,
  `notes` text CHARACTER SET utf8mb4 COLLATE utf8mb4_general_ci,
  `id_currency` int NOT NULL,
  `margin` varchar(10) CHARACTER SET utf8mb4 COLLATE utf8mb4_general_ci DEFAULT NULL
) ENGINE=InnoDB DEFAULT CHARSET=utf8mb4 COLLATE=utf8mb4_general_ci ROW_FORMAT=DYNAMIC;

--
-- Dumping data for table `contract`
--

INSERT INTO `contract` (`id`, `name`, `active`, `id_company`, `start_on`, `end_on`, `notes`, `id_currency`, `margin`) VALUES
(1, 'Default', 1, 1, '2024-01-01', '2028-01-01', 'Default Contact', 1, '33'),
(2, 'FAKE Contract', 1, 1, '2024-03-01', '2030-03-01', 'dasda', 1, '23'),
(3, 'dsdsds', 0, 1, '2024-06-13', '2024-06-22', NULL, 1, '22');

-- --------------------------------------------------------

--
-- Table structure for table `country`
--

CREATE TABLE `country` (
  `id` int NOT NULL,
  `code` varchar(8) CHARACTER SET utf8mb4 COLLATE utf8mb4_general_ci DEFAULT NULL,
  `name` varchar(45) CHARACTER SET utf8mb4 COLLATE utf8mb4_general_ci DEFAULT NULL,
  `slug` varchar(45) CHARACTER SET utf8mb4 COLLATE utf8mb4_general_ci DEFAULT NULL,
  `id_continent` int NOT NULL DEFAULT '5'
) ENGINE=InnoDB DEFAULT CHARSET=utf8mb4 COLLATE=utf8mb4_general_ci ROW_FORMAT=DYNAMIC;

--
-- Dumping data for table `country`
--

INSERT INTO `country` (`id`, `code`, `name`, `slug`, `id_continent`) VALUES
(1, 'al', 'Alemania', 'alemania', 5),
(2, 'ar', 'Argentina', 'argentina', 5),
(3, 'au', 'Austria', 'austria', 5),
(4, 'bo', 'Bolivia', 'bolivia', 5),
(5, 'br', 'Brasil', 'brasil', 5),
(6, 'ca', 'Canada', 'canada', 5),
(7, 'be', 'Bélgica', 'belgica', 5),
(8, 'ch', 'Chile', 'chile', 5),
(9, 'co', 'Colombia', 'colombia', 5),
(10, 'cr', 'Croacia', 'croacia', 5),
(11, 'co', 'Costa Rica', 'costa-rica', 5),
(12, 'cu', 'Cuba', 'cuba', 5),
(13, 'eg', 'Egipto', 'egipto', 5),
(14, 'es', 'Escocia', 'escocia', 5),
(15, 'es', 'España', 'espana', 5),
(16, 'em', 'Emigratos Àrabes Unidos', 'emigratos-arabes-unidos', 5),
(17, 'es', 'Estados Unidos', 'estados-unidos', 5),
(18, 'fr', 'Francia', 'francia', 5),
(19, 'gu', 'Guatemala', 'guatemala', 5),
(20, 'gr', 'Grecia', 'grecia', 5),
(21, 'hu', 'Hungría', 'hungria', 5),
(22, 'in', 'Inglaterra', 'inglaterra', 5),
(23, 'ir', 'Irlanda', 'irlanda', 5),
(24, 'ir', 'Irlanda del Norte', 'irlanda-del-norte', 5),
(25, 'it', 'Italia', 'italia', 5),
(26, 'ma', 'Marruecos', 'marruecos', 5),
(27, 'me', 'México', 'mexico', 5),
(28, 'pa', 'Paises Bajos', 'paises-bajos', 5),
(29, 'pa', 'Paraguay', 'paraguay', 5),
(30, 'po', 'Polonia', 'polonia', 5),
(31, 'pe', 'Peru', 'peru', 5),
(32, 'po', 'Portugal', 'portugal', 5),
(33, 'pu', 'Puerto Rico', 'puerto-rico', 5),
(34, 'su', 'Suiza', 'suiza', 5),
(35, 're', 'Republica Checa', 'republica-checa', 5),
(36, 'tu', 'Turquía', 'turquia', 5),
(37, 'ur', 'Uruguay', 'uruguay', 5),
(38, 'Is', 'Israel', 'israel', 5),
(39, 'Ma', 'Malí', 'mali', 5);

-- --------------------------------------------------------

--
-- Table structure for table `currency`
--

CREATE TABLE `currency` (
  `id` int NOT NULL,
  `name` varchar(180) CHARACTER SET utf8mb4 COLLATE utf8mb4_general_ci DEFAULT NULL,
  `code` varchar(5) CHARACTER SET utf8mb4 COLLATE utf8mb4_general_ci DEFAULT NULL,
  `symbol` varchar(5) CHARACTER SET utf8mb4 COLLATE utf8mb4_general_ci DEFAULT NULL
) ENGINE=InnoDB DEFAULT CHARSET=utf8mb4 COLLATE=utf8mb4_general_ci ROW_FORMAT=DYNAMIC;

--
-- Dumping data for table `currency`
--

INSERT INTO `currency` (`id`, `name`, `code`, `symbol`) VALUES
(1, 'EUR', 'EUR', '€');

-- --------------------------------------------------------

--
-- Table structure for table `currency_rate_exchange`
--

CREATE TABLE `currency_rate_exchange` (
  `id` int UNSIGNED NOT NULL,
  `id_currency_base` int NOT NULL,
  `id_currency_to` int NOT NULL,
  `rate` varchar(50) CHARACTER SET utf8mb4 COLLATE utf8mb4_general_ci DEFAULT NULL,
  `last_update` date DEFAULT NULL
) ENGINE=InnoDB DEFAULT CHARSET=utf8mb4 COLLATE=utf8mb4_general_ci ROW_FORMAT=DYNAMIC;

-- --------------------------------------------------------

--
-- Table structure for table `front_popular_attractions`
--

CREATE TABLE `front_popular_attractions` (
  `id` int UNSIGNED NOT NULL,
  `id_tour` int DEFAULT NULL,
  `position` enum('PRIMARY','ONE_COLUM_FIRST','ONE_COLUM_SECOND','SECOND_COLUMN_FIRST','SECOND_COLUMN_SECOND') CHARACTER SET utf8mb4 COLLATE utf8mb4_general_ci DEFAULT NULL
) ENGINE=InnoDB DEFAULT CHARSET=utf8mb4 COLLATE=utf8mb4_general_ci ROW_FORMAT=DYNAMIC;

-- --------------------------------------------------------

--
-- Table structure for table `front_popular_destinations`
--

CREATE TABLE `front_popular_destinations` (
  `id` int UNSIGNED NOT NULL,
  `id_city` int NOT NULL,
  `image` varchar(180) CHARACTER SET utf8mb4 COLLATE utf8mb4_general_ci DEFAULT NULL,
  `position` enum('LEFT','RIGHT','TOP_CENTER','MIDDLE') CHARACTER SET utf8mb4 COLLATE utf8mb4_general_ci DEFAULT NULL
) ENGINE=InnoDB DEFAULT CHARSET=utf8mb4 COLLATE=utf8mb4_general_ci ROW_FORMAT=DYNAMIC;

-- --------------------------------------------------------

--
-- Table structure for table `group_type`
--

CREATE TABLE `group_type` (
  `id` int UNSIGNED NOT NULL,
  `name` varchar(50) CHARACTER SET utf8mb4 COLLATE utf8mb4_general_ci DEFAULT NULL,
  `min_pax` int NOT NULL DEFAULT (0),
  `max_pax` int NOT NULL DEFAULT (0),
  `active` tinyint DEFAULT NULL
) ENGINE=InnoDB DEFAULT CHARSET=utf8mb4 COLLATE=utf8mb4_general_ci;

--
-- Dumping data for table `group_type`
--

INSERT INTO `group_type` (`id`, `name`, `min_pax`, `max_pax`, `active`) VALUES
(1, '1-3', 1, 3, 1),
(2, '4-6', 4, 6, 1);

-- --------------------------------------------------------

--
-- Table structure for table `home_popup`
--

CREATE TABLE `home_popup` (
  `id` int NOT NULL,
  `image` varchar(255) CHARACTER SET utf8mb4 COLLATE utf8mb4_general_ci DEFAULT NULL,
  `date_from` date DEFAULT NULL,
  `date_to` date DEFAULT NULL,
  `active` int DEFAULT NULL
) ENGINE=InnoDB DEFAULT CHARSET=utf8mb4 COLLATE=utf8mb4_general_ci;

-- --------------------------------------------------------

--
-- Table structure for table `images`
--

CREATE TABLE `images` (
  `id` int NOT NULL,
  `uri` varchar(250) CHARACTER SET utf8mb4 COLLATE utf8mb4_general_ci DEFAULT NULL,
  `caption` varchar(250) CHARACTER SET utf8mb4 COLLATE utf8mb4_general_ci DEFAULT NULL,
  `is_cover` tinyint(1) DEFAULT NULL,
  `tour_id` int NOT NULL COMMENT 'Tour'
) ENGINE=InnoDB DEFAULT CHARSET=utf8mb4 COLLATE=utf8mb4_general_ci ROW_FORMAT=DYNAMIC;

-- --------------------------------------------------------

--
-- Table structure for table `languages`
--

CREATE TABLE `languages` (
  `id` int NOT NULL,
  `name` varchar(180) CHARACTER SET utf8mb4 COLLATE utf8mb4_general_ci DEFAULT NULL,
  `code` varchar(10) CHARACTER SET utf8mb4 COLLATE utf8mb4_general_ci DEFAULT NULL
) ENGINE=InnoDB DEFAULT CHARSET=utf8mb4 COLLATE=utf8mb4_general_ci ROW_FORMAT=DYNAMIC;

--
-- Dumping data for table `languages`
--

INSERT INTO `languages` (`id`, `name`, `code`) VALUES
(1, 'Spanish', 'es'),
(2, 'English', 'en');

-- --------------------------------------------------------

--
-- Table structure for table `meeting_point`
--

CREATE TABLE `meeting_point` (
  `id` int NOT NULL,
  `name` varchar(180) CHARACTER SET utf8mb4 COLLATE utf8mb4_general_ci DEFAULT NULL,
  `id_tour` int NOT NULL COMMENT 'Tour',
  `latitude` varchar(100) CHARACTER SET utf8mb4 COLLATE utf8mb4_general_ci DEFAULT NULL,
  `longitude` varchar(100) CHARACTER SET utf8mb4 COLLATE utf8mb4_general_ci DEFAULT NULL,
  `how_to_get` text CHARACTER SET utf8mb4 COLLATE utf8mb4_general_ci
) ENGINE=InnoDB DEFAULT CHARSET=utf8mb4 COLLATE=utf8mb4_general_ci ROW_FORMAT=DYNAMIC;

-- --------------------------------------------------------

--
-- Table structure for table `phones`
--

CREATE TABLE `phones` (
  `id` int NOT NULL,
  `phone` varchar(30) CHARACTER SET utf8mb4 COLLATE utf8mb4_general_ci DEFAULT NULL,
  `country` varchar(30) CHARACTER SET utf8mb4 COLLATE utf8mb4_general_ci DEFAULT NULL,
  `clean` varchar(30) CHARACTER SET utf8mb4 COLLATE utf8mb4_general_ci DEFAULT NULL
) ENGINE=InnoDB DEFAULT CHARSET=utf8mb4 COLLATE=utf8mb4_general_ci;

-- --------------------------------------------------------

--
-- Table structure for table `region`
--

CREATE TABLE `region` (
  `id` int NOT NULL,
  `name` varchar(150) CHARACTER SET utf8mb4 COLLATE utf8mb4_general_ci DEFAULT NULL,
  `abbreviation` varchar(20) CHARACTER SET utf8mb4 COLLATE utf8mb4_general_ci DEFAULT NULL,
  `id_country` int NOT NULL COMMENT 'PaÃ­s',
  `slug` varchar(180) CHARACTER SET utf8mb4 COLLATE utf8mb4_general_ci DEFAULT NULL
) ENGINE=InnoDB DEFAULT CHARSET=utf8mb4 COLLATE=utf8mb4_general_ci ROW_FORMAT=DYNAMIC;

--
-- Dumping data for table `region`
--

INSERT INTO `region` (`id`, `name`, `abbreviation`, `id_country`, `slug`) VALUES
(1, 'Baden-Wurtemberg', 'bad', 1, 'baden-wurtemberg'),
(2, 'Baviera', 'bav', 1, 'baviera'),
(3, 'Berlín', 'ber', 1, 'berlin'),
(4, 'Brandeburgo', 'bra', 1, 'brandeburgo'),
(5, 'Bremen', 'bre', 1, 'bremen'),
(6, 'Hamburgo', 'ham', 1, 'hamburgo'),
(7, 'Hesse', 'hes', 1, 'hesse'),
(8, 'Mecklemburgo-Pomerania Occidental ', 'mec', 1, 'mecklemburgo-pomerania-occidental'),
(9, 'Baja Sajonia', 'baj', 1, 'baja-sajonia'),
(10, 'Renania del Norte-Westfalia', 'ren', 1, 'renania-del-norte-westfalia'),
(11, 'Renania-Palatinado', 'ren', 1, 'renania-palatinado'),
(12, 'Sarre', 'sar', 1, 'sarre'),
(13, 'Sajonia', 'saj', 1, 'sajonia'),
(14, 'Sajonia-Anhalt', 'saj', 1, 'sajonia-anhalt'),
(15, 'Schleswig-Holstein', 'sch', 1, 'schleswig-holstein'),
(16, 'Turingia', 'tur', 1, 'turingia'),
(17, ' Ciudad Autónoma de Buenos Aires', 'ciu', 2, 'ciudad-autonoma-de-buenos-aires'),
(18, 'Córdoba', 'cor', 2, 'cordoba'),
(19, 'Santa Fe', 'san', 2, 'santa-fe'),
(20, 'Buenos Aires', 'bue', 2, 'buenos-aires'),
(21, 'Tucumán', 'tuc', 2, 'tucuman'),
(22, 'Salta', 'sal', 2, 'salta'),
(23, 'Bandera de la Provincia de Santa Fe.svg Santa Fe', 'ban', 2, 'bandera-de-la-provincia-de-santa-fesvg-santa-fe'),
(24, 'Corrientes', 'cor', 2, 'corrientes'),
(25, 'Chaco', 'cha', 2, 'chaco'),
(26, 'Misiones', 'mis', 2, 'misiones'),
(27, 'Entre Ríos', 'ent', 2, 'entre-rios'),
(28, 'Jujuy', 'juj', 2, 'jujuy'),
(29, 'Santiago del Estero', 'san', 2, 'santiago-del-estero'),
(30, ' Buenos Aires', 'bue', 2, 'buenos-aires'),
(31, 'Mendoza', 'men', 2, 'mendoza'),
(32, 'Formosa', 'for', 2, 'formosa'),
(33, 'Neuquén', 'neu', 2, 'neuquen'),
(34, 'San Luis', 'san', 2, 'san-luis'),
(35, 'La Rioja', 'la-', 2, 'la-rioja'),
(36, 'Catamarca', 'cat', 2, 'catamarca'),
(37, 'Chubut', 'chu', 2, 'chubut'),
(38, 'San Juan', 'san', 2, 'san-juan'),
(39, 'La Pampa', 'la-', 2, 'la-pampa'),
(40, 'Santa Cruz', 'san', 2, 'santa-cruz'),
(41, 'Río Negro', 'rio', 2, 'rio-negro'),
(42, 'Tierra del Fuego', 'tie', 2, 'tierra-del-fuego'),
(43, 'Viena', 'vie', 3, 'viena'),
(44, 'Estiria', 'est', 3, 'estiria'),
(45, 'Alta Austria', 'alt', 3, 'alta-austria'),
(46, 'Salzburgo', 'sal', 3, 'salzburgo'),
(47, 'Tirol', 'tir', 3, 'tirol'),
(48, 'Carintia', 'car', 3, 'carintia'),
(49, 'Baja Austria', 'baj', 3, 'baja-austria'),
(50, 'Vorarlberg', 'vor', 3, 'vorarlberg'),
(51, 'Burgenland', 'bur', 3, 'burgenland'),
(52, ' Salzburgo', 'sal', 3, 'salzburgo'),
(53, ' Baja Austria', 'baj', 3, 'baja-austria'),
(54, 'La Paz', 'la-', 4, 'la-paz'),
(55, 'La Paz', 'la-', 4, 'la-paz'),
(56, 'Cochabamba', 'coc', 4, 'cochabamba'),
(57, 'Oruro', 'oru', 4, 'oruro'),
(58, 'Chuquisaca', 'chu', 4, 'chuquisaca'),
(59, 'Tarija', 'tar', 4, 'tarija'),
(60, 'Potosí', 'pot', 4, 'potosi'),
(61, 'Beni', 'ben', 4, 'beni'),
(62, 'Provincia de Amberes', 'pro', 7, 'provincia-de-amberes'),
(63, 'Provincia de Flandes Oriental', 'pro', 7, 'provincia-de-flandes-oriental'),
(64, 'Provincia de Henao', 'pro', 7, 'provincia-de-henao'),
(65, ' Provincia de Lieja', 'pro', 7, 'provincia-de-lieja'),
(66, 'Región de Bruselas-Capital', 'reg', 7, 'region-de-bruselas-capital'),
(67, 'Región de Bruselas-Capital', 'reg', 7, 'region-de-bruselas-capital'),
(68, 'Provincia de Flandes Occidental', 'pro', 7, 'provincia-de-flandes-occidental'),
(69, 'Provincia de Namur', 'pro', 7, 'provincia-de-namur'),
(70, 'Provincia del Brabante Flamenco', 'pro', 7, 'provincia-del-brabante-flamenco'),
(71, 'Provincia de Limburgo', 'pro', 7, 'provincia-de-limburgo'),
(72, 'Provincia de Lieja', 'pro', 7, 'provincia-de-lieja'),
(73, 'São Paulo', 'sao', 5, 'sao-paulo'),
(74, 'Río de Janeiro', 'rio', 5, 'rio-de-janeiro'),
(75, 'Bahía', 'bah', 5, 'bahia'),
(76, 'Distrito Federal', 'dis', 5, 'distrito-federal'),
(77, 'Ceará', 'cea', 5, 'ceara'),
(78, 'Minas Gerais', 'min', 5, 'minas-gerais'),
(79, 'Amazonas', 'ama', 5, 'amazonas'),
(80, 'Paraná', 'par', 5, 'parana'),
(81, 'Pernambuco', 'per', 5, 'pernambuco'),
(82, 'Río Grande del Sur', 'rio', 5, 'rio-grande-del-sur'),
(83, 'Pará', 'par', 5, 'para'),
(84, 'Goiás', 'goi', 5, 'goias'),
(85, 'Maranhão', 'mar', 5, 'maranhao'),
(86, 'Alagoas', 'ala', 5, 'alagoas'),
(87, 'Piauí', 'pia', 5, 'piaui'),
(88, 'Río Grande del Norte', 'rio', 5, 'rio-grande-del-norte'),
(89, 'Mato Grosso del Sur', 'mat', 5, 'mato-grosso-del-sur'),
(90, 'Paraíba', 'par', 5, 'paraiba'),
(91, 'Sergipe', 'ser', 5, 'sergipe'),
(92, 'Mato Grosso', 'mat', 5, 'mato-grosso'),
(93, 'Rondonia', 'ron', 5, 'rondonia'),
(94, 'Santa Catarina', 'san', 5, 'santa-catarina'),
(95, 'Amapá', 'ama', 5, 'amapa'),
(96, 'Acre', 'acr', 5, 'acre'),
(97, 'Espírito Santo', 'esp', 5, 'espirito-santo'),
(98, 'Roraima', 'ror', 5, 'roraima'),
(99, 'Alberta', 'alb', 6, 'alberta'),
(100, 'Ontario', 'ont', 6, 'ontario'),
(101, 'Quebec', 'que', 6, 'quebec'),
(102, 'Manitoba', 'man', 6, 'manitoba'),
(103, 'Columbia Británica', 'col', 6, 'columbia-britanica'),
(104, 'Nueva Escocia', 'nue', 6, 'nueva-escocia'),
(105, ' Saskatchewan', 'sas', 6, 'saskatchewan'),
(106, ' Saskatchewan', 'sas', 6, 'saskatchewan'),
(107, 'Terranova y Labrador', 'ter', 6, 'terranova-y-labrador'),
(108, 'British Columbia', 'bri', 6, 'british-columbia'),
(109, ' Nuevo Brunswick', 'nue', 6, 'nuevo-brunswick'),
(110, 'Gran Santiago', 'gra', 8, 'gran-santiago'),
(111, 'Gran Concepción', 'gra', 8, 'gran-concepcion'),
(112, 'Gran Valparaíso', 'gra', 8, 'gran-valparaiso'),
(113, 'Gran La Serena', 'gra', 8, 'gran-la-serena'),
(114, 'Antofagasta', 'ant', 8, 'antofagasta'),
(115, 'Gran Temuco', 'gra', 8, 'gran-temuco'),
(116, 'Gran Rancagua', 'gra', 8, 'gran-rancagua'),
(117, 'Gran Iquique', 'gra', 8, 'gran-iquique'),
(118, 'Talca', 'tal', 8, 'talca'),
(119, 'Arica', 'ari', 8, 'arica'),
(120, 'Gran Puerto Montt', 'gra', 8, 'gran-puerto-montt'),
(121, 'Gran Chillán', 'gra', 8, 'gran-chillan'),
(122, 'Los Ángeles', 'los', 8, 'los-angeles'),
(123, 'Calama', 'cal', 8, 'calama'),
(124, 'Copiapó', 'cop', 8, 'copiapo'),
(125, 'Osorno', 'oso', 8, 'osorno'),
(126, 'Gran Quillota', 'gra', 8, 'gran-quillota'),
(127, 'Valdivia', 'val', 8, 'valdivia'),
(128, 'Punta Arenas', 'pun', 8, 'punta-arenas'),
(129, 'Gran San Antonio', 'gra', 8, 'gran-san-antonio'),
(130, 'Curicó', 'cur', 8, 'curico'),
(131, 'Ovalle', 'ova', 8, 'ovalle'),
(132, 'Linares', 'lin', 8, 'linares'),
(133, 'Los Andes', 'los', 8, 'los-andes'),
(134, 'Melipilla', 'mel', 8, 'melipilla'),
(135, 'San Felipe', 'san', 8, 'san-felipe'),
(136, 'Cundinamarca', 'cun', 9, 'cundinamarca'),
(137, 'Antioquia', 'ant', 9, 'antioquia'),
(138, 'Valle del Cauca', 'val', 9, 'valle-del-cauca'),
(139, 'Atlántico', 'atl', 9, 'atlantico'),
(140, 'Bolívar', 'bol', 9, 'bolivar'),
(141, 'Norte de Santander', 'nor', 9, 'norte-de-santander'),
(142, 'Tolima', 'tol', 9, 'tolima'),
(143, 'Santander', 'san', 9, 'santander'),
(144, 'Meta', 'met', 9, 'meta'),
(145, 'Magdalena', 'mag', 9, 'magdalena'),
(146, 'Cesar', 'ces', 9, 'cesar'),
(147, 'Risaralda', 'ris', 9, 'risaralda'),
(148, 'Nariño', 'nar', 9, 'narino'),
(149, 'Caldas', 'cal', 9, 'caldas'),
(150, 'Huila', 'hui', 9, 'huila'),
(151, 'Quindío', 'qui', 9, 'quindio'),
(152, 'La Guajira', 'la-', 9, 'la-guajira'),
(153, 'Sucre', 'suc', 9, 'sucre'),
(154, 'Cauca', 'cau', 9, 'cauca'),
(155, ' San José', 'san', 11, 'san-jose'),
(156, 'Alajuela', 'ala', 11, 'alajuela'),
(157, 'San José', 'san', 11, 'san-jose'),
(158, 'Cartago', 'car', 11, 'cartago'),
(159, 'Limón', 'lim', 11, 'limon'),
(160, 'Heredia', 'her', 11, 'heredia'),
(161, 'Puntarenas', 'pun', 11, 'puntarenas'),
(162, 'Guanacaste', 'gua', 11, 'guanacaste'),
(163, 'Dubrovnik-Neretva', 'dub', 10, 'dubrovnik-neretva'),
(164, 'Split-Dalmacia ', 'spl', 10, 'split-dalmacia'),
(165, 'Zadar', 'zad', 10, 'zadar'),
(166, 'Split-Dalmacia central', 'spl', 10, 'split-dalmacia-central'),
(167, 'Croacia', 'cro', 10, 'croacia'),
(168, 'Istria', 'ist', 10, 'istria'),
(169, 'La Hahana', 'la-', 12, 'la-hahana'),
(170, 'Matanzas', 'mat', 12, 'matanzas'),
(171, 'Santi Spíritus', 'san', 12, 'santi-spiritus'),
(172, 'Santiago de Cuba', 'san', 12, 'santiago-de-cuba'),
(173, 'Piñar del Río', 'pin', 12, 'pinar-del-rio'),
(174, 'Cienfuegos', 'cie', 12, 'cienfuegos'),
(175, 'Villa Clara', 'vil', 12, 'villa-clara'),
(176, 'Ciego de Avila', 'cie', 12, 'ciego-de-avila'),
(177, 'Alejandría', 'ale', 13, 'alejandria'),
(178, 'Asuán', 'asu', 13, 'asuan'),
(179, 'Asiut', 'asi', 13, 'asiut'),
(180, 'Behera', 'beh', 13, 'behera'),
(181, 'Beni Suef', 'ben', 13, 'beni-suef'),
(182, 'El Cairo', 'el-', 13, 'el-cairo'),
(183, 'Dacalia', 'dac', 13, 'dacalia'),
(184, 'Damieta', 'dam', 13, 'damieta'),
(185, 'Fayún', 'fay', 13, 'fayun'),
(186, 'Occidental', 'occ', 13, 'occidental'),
(187, 'Guiza', 'gui', 13, 'guiza'),
(188, 'Ismailia', 'ism', 13, 'ismailia'),
(189, 'Kafr el Sheij', 'kaf', 13, 'kafr-el-sheij'),
(190, 'Matrú', 'mat', 13, 'matru'),
(191, 'Menia', 'men', 13, 'menia'),
(192, 'Menufia', 'men', 13, 'menufia'),
(193, 'Nuevo Valle', 'nue', 13, 'nuevo-valle'),
(194, 'Sinaí del Norte', 'sin', 13, 'sinai-del-norte'),
(195, 'Puerto Saíd', 'pue', 13, 'puerto-said'),
(196, 'Caliubia', 'cal', 13, 'caliubia'),
(197, 'Quena', 'que', 13, 'quena'),
(198, 'Mar Rojo', 'mar', 13, 'mar-rojo'),
(199, 'Oriental', 'ori', 13, 'oriental'),
(200, 'Suhag', 'suh', 13, 'suhag'),
(201, 'Sinaí del Sur', 'sin', 13, 'sinai-del-sur'),
(202, 'Suez', 'sue', 13, 'suez'),
(203, 'Abu Dabi', 'abu', 16, 'abu-dabi'),
(204, 'Ajmán', 'ajm', 16, 'ajman'),
(205, 'Dubái', 'dub', 16, 'dubai'),
(206, 'Fuyaira', 'fuy', 16, 'fuyaira'),
(207, 'Ras al-Jaima', 'ras', 16, 'ras-al-jaima'),
(208, 'Sarja', 'sar', 16, 'sarja'),
(209, 'Escocia', 'esc', 14, 'escocia'),
(210, 'Glasgow', 'gla', 14, 'glasgow'),
(211, 'Isla de Skye', 'isl', 14, 'isla-de-skye'),
(212, 'Hihglands', 'hih', 14, 'hihglands'),
(213, 'Stirling', 'sti', 14, 'stirling'),
(214, 'Fife', 'fif', 14, 'fife'),
(215, 'Andalucia', 'and', 15, 'andalucia'),
(216, 'Comunidad de Madrid', 'com', 15, 'comunidad-de-madrid'),
(217, 'Cataluña', 'cat', 15, 'cataluna'),
(218, 'Comunidad Valenciana', 'com', 15, 'comunidad-valenciana'),
(219, 'Islas Balneares', 'isl', 15, 'islas-balneares'),
(220, 'Castilla y León', 'cas', 15, 'castilla-y-leon'),
(221, 'Castilla La Mancha', 'cas', 15, 'castilla-la-mancha'),
(222, 'Galicia', 'gal', 15, 'galicia'),
(223, 'Cantabria', 'can', 15, 'cantabria'),
(224, 'Santa Cruz', 'san', 4, 'santa-cruz'),
(225, 'Córdoba', 'cor', 9, 'cordoba'),
(226, 'País Vasco', 'pai', 15, 'pais-vasco'),
(227, 'La Rioja', 'la-', 15, 'la-rioja'),
(228, 'Islas Canarias', 'isl', 15, 'islas-canarias'),
(229, 'Nueva York', 'nue', 17, 'nueva-york'),
(230, 'California', 'cal', 17, 'california'),
(231, 'Nevada', 'nev', 17, 'nevada'),
(232, 'Washinton', 'was', 17, 'washinton'),
(233, 'Florida', 'flo', 17, 'florida'),
(234, 'Hawai', 'haw', 17, 'hawai'),
(235, 'Illinois', 'ill', 17, 'illinois'),
(236, 'Massachusetts', 'mas', 17, 'massachusetts'),
(237, 'Luisiana', 'lui', 17, 'luisiana'),
(238, 'Pensilvania', 'pen', 17, 'pensilvania'),
(239, 'Isla de Francia', 'isl', 18, 'isla-de-francia'),
(240, 'Provenza-Alpes-Costa Azul', 'pro', 18, 'provenza-alpes-costa-azul'),
(241, 'Ródano-Alpes', 'rod', 18, 'rodano-alpes'),
(242, 'Mediodía-Pirineos', 'med', 18, 'mediodia-pirineos'),
(243, 'Países del Loira', 'pai', 18, 'paises-del-loira'),
(244, 'Alsacia', 'als', 18, 'alsacia'),
(245, 'Languedoc-Rosellón', 'lan', 18, 'languedoc-rosellon'),
(246, 'Norte-Paso de Calais', 'nor', 18, 'norte-paso-de-calais'),
(247, 'Aquitania', 'aqu', 18, 'aquitania'),
(248, 'Bretaña', 'bre', 18, 'bretana'),
(249, 'Champaña-Ardenas', 'cha', 18, 'champana-ardenas'),
(250, 'Alta Normandía', 'alt', 18, 'alta-normandia'),
(251, 'Borgoña', 'bor', 18, 'borgona'),
(252, 'Lemosín', 'lem', 18, 'lemosin'),
(253, 'Picardía', 'pic', 18, 'picardia'),
(254, 'Centro', 'cen', 18, 'centro'),
(255, 'Egeo Meridional', 'ege', 20, 'egeo-meridional'),
(256, 'Periferia de Islas Jónicas', 'per', 20, 'periferia-de-islas-jonicas'),
(257, 'Macedonia Central', 'mac', 20, 'macedonia-central'),
(258, 'Atenas Central', 'ate', 20, 'atenas-central'),
(259, 'Ática', 'ati', 20, 'atica'),
(260, 'Ática', 'ati', 20, 'atica'),
(261, 'Tesalia', 'tes', 20, 'tesalia'),
(262, 'Creta', 'cre', 20, 'creta'),
(263, 'Epiro', 'epi', 20, 'epiro'),
(264, 'Grecia Central', 'gre', 20, 'grecia-central'),
(265, 'Macedonia Oriental y Tracia', 'mac', 20, 'macedonia-oriental-y-tracia'),
(266, 'Peloponeso', 'pel', 20, 'peloponeso'),
(267, 'Macedonia Occidental', 'mac', 20, 'macedonia-occidental'),
(268, 'Egeo Septentrional', 'ege', 20, 'egeo-septentrional'),
(269, 'Islas Jónicas', 'isl', 20, 'islas-jonicas'),
(270, 'Sacatepéquez', 'sac', 19, 'sacatepequez'),
(271, 'Peten', 'pet', 19, 'peten'),
(272, 'Solola', 'sol', 19, 'solola'),
(273, 'El Quiché', 'el-', 19, 'el-quiche'),
(274, 'Alta Verapaz', 'alt', 19, 'alta-verapaz'),
(275, 'Budapest', 'bud', 21, 'budapest'),
(276, 'Hajdú-Bihar', 'haj', 21, 'hajdu-bihar'),
(277, 'Borsod-Abaúj-Zemplén', 'bor', 21, 'borsod-abauj-zemplen'),
(278, 'Csongrád', 'cso', 21, 'csongrad'),
(279, 'Baranya', 'bar', 21, 'baranya'),
(280, 'Győr-Moson-Sopron', 'gyo', 21, 'gyor-moson-sopron'),
(281, 'Szabolcs-Szatmár-Bereg', 'sza', 21, 'szabolcs-szatmar-bereg'),
(282, 'Bács-Kiskun', 'bac', 21, 'bacs-kiskun'),
(283, 'Fejér', 'fej', 21, 'fejer'),
(284, 'Vas', 'vas', 21, 'vas'),
(285, 'Jász-Nagykun-Szolnok', 'jas', 21, 'jasz-nagykun-szolnok'),
(286, 'Komárom-Esztergom', 'kom', 21, 'komarom-esztergom'),
(287, 'Somogy', 'som', 21, 'somogy'),
(288, 'Békés', 'bek', 21, 'bekes'),
(289, 'Pest', 'pes', 21, 'pest'),
(290, 'Veszprém', 'ves', 21, 'veszprem'),
(291, 'Zala', 'zal', 21, 'zala'),
(292, 'Heves', 'hev', 21, 'heves'),
(293, 'Londres', 'lon', 22, 'londres'),
(294, 'Sudoeste de Inglaterra', 'sud', 22, 'sudoeste-de-inglaterra'),
(295, 'Oxfordshire', 'oxf', 22, 'oxfordshire'),
(296, 'Noroeste de Inglaterra', 'nor', 22, 'noroeste-de-inglaterra'),
(297, 'Merseyside', 'mer', 22, 'merseyside'),
(298, 'Berkshire ', 'ber', 22, 'berkshire'),
(299, 'Cambridgeshire', 'cam', 22, 'cambridgeshire'),
(300, 'Antrim, Down', 'ant', 24, 'antrim-down'),
(301, 'Londonderry', 'lon', 24, 'londonderry'),
(302, 'Antrim', 'ant', 24, 'antrim'),
(303, 'lLacio', 'lla', 25, 'llacio'),
(304, 'Lombardía', 'lom', 25, 'lombardia'),
(305, 'Campania', 'cam', 25, 'campania'),
(306, 'Piamonte', 'pia', 25, 'piamonte'),
(307, 'Sicilia', 'sic', 25, 'sicilia'),
(308, 'Liguria', 'lig', 25, 'liguria'),
(309, 'Emilia-Romaña', 'emi', 25, 'emilia-romana'),
(310, 'Toscana', 'tos', 25, 'toscana'),
(311, 'Apulia', 'apu', 25, 'apulia'),
(312, 'Véneto', 'ven', 25, 'veneto'),
(313, 'Venecia Julia', 'ven', 25, 'venecia-julia'),
(314, 'Calabria', 'cal', 25, 'calabria'),
(315, 'Umbría', 'umb', 25, 'umbria'),
(316, 'Cerdeña', 'cer', 25, 'cerdena'),
(317, 'Abruzos', 'abr', 25, 'abruzos'),
(318, 'Lacio', 'lac', 25, 'lacio'),
(319, 'Trentino-Alto Adigio', 'tre', 25, 'trentino-alto-adigio'),
(320, 'Marcas', 'mar', 25, 'marcas'),
(321, 'Friuli-Venecia Julia', 'fri', 25, 'friuli-venecia-julia'),
(322, ' Campania', 'cam', 25, 'campania'),
(323, ' Toscana', 'tos', 25, 'toscana'),
(324, 'Basilicata', 'bas', 25, 'basilicata'),
(325, 'Molise', 'mol', 25, 'molise'),
(326, 'Dublin', 'dub', 23, 'dublin'),
(327, 'Antrim', 'ant', 23, 'antrim'),
(328, 'Down', 'dow', 23, 'down'),
(329, 'Cork', 'cor', 23, 'cork'),
(330, 'Galway', 'gal', 23, 'galway'),
(331, 'Londonderry', 'lon', 23, 'londonderry'),
(332, 'Kildare', 'kil', 23, 'kildare'),
(333, 'Limerick', 'lim', 23, 'limerick'),
(334, 'Meath', 'mea', 23, 'meath'),
(335, 'Tyrone', 'tyr', 23, 'tyrone'),
(336, 'Armagh', 'arm', 23, 'armagh'),
(337, 'Donegal', 'don', 23, 'donegal'),
(338, 'Tipperary', 'tip', 23, 'tipperary'),
(339, 'Kerry', 'ker', 23, 'kerry'),
(340, 'Wexford', 'wex', 23, 'wexford'),
(341, 'Wicklow', 'wic', 23, 'wicklow'),
(342, 'Mayo', 'may', 23, 'mayo'),
(343, 'Louth', 'lou', 23, 'louth'),
(344, 'Clare', 'cla', 23, 'clare'),
(345, 'Waterford', 'wat', 23, 'waterford'),
(346, 'Kilkenny', 'kil', 23, 'kilkenny'),
(347, 'Westmeath', 'wes', 23, 'westmeath'),
(348, 'Laois', 'lao', 23, 'laois'),
(349, 'Offaly', 'off', 23, 'offaly'),
(350, 'Cavan', 'cav', 23, 'cavan'),
(351, 'Sligo', 'sli', 23, 'sligo'),
(352, 'Roscommon', 'ros', 23, 'roscommon'),
(353, 'Fermanagh', 'fer', 23, 'fermanagh'),
(354, 'Monaghan', 'mon', 23, 'monaghan'),
(355, 'Carlow', 'car', 23, 'carlow'),
(356, 'Longford', 'lon', 23, 'longford'),
(357, 'Gran Casablanca', 'gra', 26, 'gran-casablanca'),
(358, 'Rabat-Salé-Zemur-Zaer', 'rab', 26, 'rabat-sale-zemur-zaer'),
(359, 'Fez-Bulman', 'fez', 26, 'fez-bulman'),
(360, 'Marrakech-Tensift-Hauz', 'mar', 26, 'marrakech-tensift-hauz'),
(361, 'Sus-Masa-Draa', 'sus', 26, 'sus-masa-draa'),
(362, 'Tánger-Tetuán', 'tan', 26, 'tanger-tetuan'),
(363, 'Mequínez-Tafilalet', 'meq', 26, 'mequinez-tafilalet'),
(364, 'Oriental', 'ori', 26, 'oriental'),
(365, 'Garb-Chrarda-Beni Hsen', 'gar', 26, 'garb-chrarda-beni-hsen'),
(366, 'Quintana Roo', 'qui', 27, 'quintana-roo'),
(367, 'Quintana Roo', 'qui', 27, 'quintana-roo'),
(368, 'Yucatan', 'yuc', 27, 'yucatan'),
(369, 'Campehe', 'cam', 27, 'campehe'),
(370, 'Chiapas', 'chi', 27, 'chiapas'),
(371, 'Oaxaca', 'oax', 27, 'oaxaca'),
(372, 'Veracruz', 'ver', 27, 'veracruz'),
(373, 'Tabasco', 'tab', 27, 'tabasco'),
(374, 'Guerrero', 'gue', 27, 'guerrero'),
(375, 'Morelos', 'mor', 27, 'morelos'),
(376, 'Morelos', 'mor', 27, 'morelos'),
(377, 'Puebla', 'pue', 27, 'puebla'),
(378, 'Puebla', 'pue', 27, 'puebla'),
(379, 'Ciudad de México', 'ciu', 27, 'ciudad-de-mexico'),
(380, 'Estado de México', 'est', 27, 'estado-de-mexico'),
(381, 'Guanajuato', 'gua', 27, 'guanajuato'),
(382, 'Guanajuato', 'gua', 27, 'guanajuato'),
(383, 'Querétaro', 'que', 27, 'queretaro'),
(384, 'Querétaro', 'que', 27, 'queretaro'),
(385, 'San Luis Potosi', 'san', 27, 'san-luis-potosi'),
(386, 'San Luis Potosi', 'san', 27, 'san-luis-potosi'),
(387, 'Jalisco', 'jal', 27, 'jalisco'),
(388, 'Jalisco', 'jal', 27, 'jalisco'),
(389, 'Colima', 'col', 27, 'colima'),
(390, 'Nayarit', 'nay', 27, 'nayarit'),
(391, 'Tlaxcala', 'tla', 27, 'tlaxcala'),
(392, 'Aguascalientes', 'agu', 27, 'aguascalientes'),
(393, 'Zacatecas', 'zac', 27, 'zacatecas'),
(394, 'Durango', 'dur', 27, 'durango'),
(395, 'Sinaloa', 'sin', 27, 'sinaloa'),
(396, 'Monterrey', 'mon', 27, 'monterrey'),
(397, 'Cohauila', 'coh', 27, 'cohauila'),
(398, 'Cohauila', 'coh', 27, 'cohauila'),
(399, 'Chihuahua', 'chi', 27, 'chihuahua'),
(400, 'Chihuahua', 'chi', 27, 'chihuahua'),
(401, 'Sonora', 'son', 27, 'sonora'),
(402, 'Baja California', 'baj', 27, 'baja-california'),
(403, 'Baja California Sur', 'baj', 27, 'baja-california-sur'),
(404, 'Baja California Sur', 'baj', 27, 'baja-california-sur'),
(405, 'Michoacán', 'mic', 27, 'michoacan'),
(406, 'Holanda Septentrional', 'hol', 28, 'holanda-septentrional'),
(407, 'Holanda Meridional', 'hol', 28, 'holanda-meridional'),
(408, 'UUtrecht', 'uut', 28, 'uutrecht'),
(409, 'Brabante Septentrional', 'bra', 28, 'brabante-septentrional'),
(410, 'Groninga', 'gro', 28, 'groninga'),
(411, 'Flevoland', 'fle', 28, 'flevoland'),
(412, 'Güeldres', 'gue', 28, 'gueldres'),
(413, 'Overijssel', 'ove', 28, 'overijssel'),
(414, 'Utrecht', 'utr', 28, 'utrecht'),
(415, 'Limburgo', 'lim', 28, 'limburgo'),
(416, 'Frisia', 'fri', 28, 'frisia'),
(417, 'Drente', 'dre', 28, 'drente'),
(418, 'Zelanda', 'zel', 28, 'zelanda'),
(419, 'Edam-Volendam', 'eda', 28, 'edam-volendam'),
(420, 'Steenwijkerland', 'ste', 28, 'steenwijkerland'),
(421, 'Distrito Capital', 'dis', 29, 'distrito-capital'),
(422, 'Alto Paraná', 'alt', 29, 'alto-parana'),
(423, 'Paraguay Central', 'pac', 29, 'paraguay-central'),
(424, 'Itapúa', 'ita', 29, 'itapua'),
(425, 'Caaguazú', 'caa', 29, 'caaguazu'),
(426, 'Amambay', 'ama', 29, 'amambay'),
(427, 'Concepción', 'con', 29, 'concepcion'),
(428, 'Guairá', 'gua', 29, 'guaira'),
(429, 'Cordillera', 'cor', 29, 'cordillera'),
(430, 'Canindeyú', 'can', 29, 'canindeyu'),
(431, 'San Pedro', 'san', 29, 'san-pedro'),
(432, 'Presidente Hayes', 'pre', 29, 'presidente-hayes'),
(433, 'Caazapá', 'caa', 29, 'caazapa'),
(434, 'Paraguarí', 'par', 29, 'paraguari'),
(435, 'Misiones', 'mis', 29, 'misiones'),
(436, 'Ñeembucú', 'nee', 29, 'neembucu'),
(437, 'Boquerón', 'boq', 29, 'boqueron'),
(438, 'Lima', 'lim', 31, 'lima'),
(439, 'Arequipa', 'are', 31, 'arequipa'),
(440, 'La Libertad', 'la-', 31, 'la-libertad'),
(441, 'Lambayeque', 'lam', 31, 'lambayeque'),
(442, 'Loreto', 'lor', 31, 'loreto'),
(443, 'Piura', 'piu', 31, 'piura'),
(444, 'Cuzco', 'cuz', 31, 'cuzco'),
(445, 'Ancash', 'anc', 31, 'ancash'),
(446, 'Junín', 'jun', 31, 'junin'),
(447, 'Tacna', 'tac', 31, 'tacna'),
(448, 'Puno', 'pun', 31, 'puno'),
(449, 'Ica', 'ica', 31, 'ica'),
(450, 'Cajamarca', 'caj', 31, 'cajamarca'),
(451, 'Ucayali', 'uca', 31, 'ucayali'),
(452, 'Ayacucho', 'aya', 31, 'ayacucho'),
(453, 'Huánuco', 'hua', 31, 'huanuco'),
(454, 'San Martín', 'san', 31, 'san-martin'),
(455, 'Tumbes', 'tum', 31, 'tumbes'),
(456, 'Madre de Dios', 'mad', 31, 'madre-de-dios'),
(457, 'Moquegua', 'moq', 31, 'moquegua'),
(458, 'Pasco', 'pas', 31, 'pasco'),
(459, 'Apurímac', 'apu', 31, 'apurimac'),
(460, 'Cusco', 'cus', 31, 'cusco'),
(461, 'Huancavelica', 'hua', 31, 'huancavelica'),
(462, 'Voivodato de Mazovia', 'voi', 30, 'voivodato-de-mazovia'),
(463, 'Voivodato de Pequeña Polonia', 'voi', 30, 'voivodato-de-pequena-polonia'),
(464, 'Voivodato de Łódź', 'voi', 30, 'voivodato-de-lodz'),
(465, 'Voivodato de Baja Silesia', 'voi', 30, 'voivodato-de-baja-silesia'),
(466, 'Voivodato de Gran Polonia', 'voi', 30, 'voivodato-de-gran-polonia'),
(467, 'Voivodato de Pomerania', 'voi', 30, 'voivodato-de-pomerania'),
(468, 'Voivodato de Pomerania Occidental', 'voi', 30, 'voivodato-de-pomerania-occidental'),
(469, 'Voivodato de Cuyavia y Pomerania', 'voi', 30, 'voivodato-de-cuyavia-y-pomerania'),
(470, 'Voivodato de Lublin', 'voi', 30, 'voivodato-de-lublin'),
(471, 'Voivodato de Silesia', 'voi', 30, 'voivodato-de-silesia'),
(472, 'Voivodato de Podlaquia', 'voi', 30, 'voivodato-de-podlaquia'),
(473, 'Voivodato de Santa Cruz', 'voi', 30, 'voivodato-de-santa-cruz'),
(474, 'Voivodato de Varmia y Masuria', 'voi', 30, 'voivodato-de-varmia-y-masuria'),
(475, 'Voivodato de Subcarpacia', 'voi', 30, 'voivodato-de-subcarpacia'),
(476, 'Voivodato de Opole', 'voi', 30, 'voivodato-de-opole'),
(477, 'Voivodato de Lubusz', 'voi', 30, 'voivodato-de-lubusz'),
(478, ' Voivodato de Lublin', 'voi', 30, 'voivodato-de-lublin'),
(479, 'POL województwo podkarpackie flag.svg Voivodato de Subcarpacia', 'pol', 30, 'pol-wojewodztwo-podkarpackie-flagsvg-voivodato-de-subcarpacia'),
(480, 'Lisboa', 'lis', 32, 'lisboa'),
(481, 'Oporto', 'opo', 32, 'oporto'),
(482, 'Aveiro', 'ave', 32, 'aveiro'),
(483, 'Faro', 'far', 32, 'faro'),
(484, 'Braga', 'bra', 32, 'braga'),
(485, 'San Juan Bautista', 'san', 33, 'san-juan-bautista'),
(486, 'Puerto Rico', 'pue', 33, 'puerto-rico'),
(487, 'Puerto Rico', 'pue', 33, 'puerto-rico'),
(488, 'Bohemia Central', 'boh', 35, 'bohemia-central'),
(489, 'Moravia Meridional', 'mor', 35, 'moravia-meridional'),
(490, 'Moravia-Silesia', 'mor', 35, 'moravia-silesia'),
(491, 'Pilsen', 'pil', 35, 'pilsen'),
(492, 'Liberec', 'lib', 35, 'liberec'),
(493, 'Olomouc', 'olo', 35, 'olomouc'),
(494, 'Ústí nad Labem', 'ust', 35, 'usti-nad-labem'),
(495, 'Hradec Králové', 'hra', 35, 'hradec-kralove'),
(496, 'Pardubice', 'par', 35, 'pardubice'),
(497, 'Zlín', 'zli', 35, 'zlin'),
(498, 'Vysočina', 'vys', 35, 'vysocina'),
(499, 'Karlovy Vary', 'kar', 35, 'karlovy-vary'),
(500, 'FlagHradec Králové', 'fla', 35, 'flaghradec-kralove'),
(501, ' Zúrich', 'zur', 34, 'zurich'),
(502, 'Ginebra', 'gin', 34, 'ginebra'),
(503, 'Basilea-Ciudad', 'bas', 34, 'basilea-ciudad'),
(504, 'Vaud', 'vau', 34, 'vaud'),
(505, 'Berna', 'ber', 34, 'berna'),
(506, 'Zúrich', 'zur', 34, 'zurich'),
(507, 'Lucerna', 'luc', 34, 'lucerna'),
(508, 'San Galo', 'san', 34, 'san-galo'),
(509, 'Tesino', 'tes', 34, 'tesino'),
(510, 'Neuchâtel', 'neu', 34, 'neuchatel'),
(511, 'Schaffhausen', 'sch', 34, 'schaffhausen'),
(512, 'Friburgo', 'fri', 34, 'friburgo'),
(513, 'Grisones', 'gri', 34, 'grisones'),
(514, 'Valais', 'val', 34, 'valais'),
(515, 'Zug', 'zug', 34, 'zug'),
(516, 'Turgovia', 'tur', 34, 'turgovia'),
(517, ' Zug', 'zug', 34, 'zug'),
(518, 'Argovia', 'arg', 34, 'argovia'),
(519, ' Vaud', 'vau', 34, 'vaud'),
(520, 'Basilea-Campiña', 'bas', 34, 'basilea-campina'),
(521, ' Argovia', 'arg', 34, 'argovia'),
(522, 'Soleura', 'sol', 34, 'soleura'),
(523, 'Schwyz', 'sch', 34, 'schwyz'),
(524, 'Appenzell Rodas Exteriores', 'app', 34, 'appenzell-rodas-exteriores'),
(525, ' Berna', 'ber', 34, 'berna'),
(526, ' Basilea-Campiña', 'bas', 34, 'basilea-campina'),
(527, 'Jura', 'jur', 34, 'jura'),
(528, 'Montevideo', 'mon', 37, 'montevideo'),
(529, 'Salto', 'sal', 37, 'salto'),
(530, 'Paysandú', 'pay', 37, 'paysandu'),
(531, 'Maldonado', 'mal', 37, 'maldonado'),
(532, 'Rivera', 'riv', 37, 'rivera'),
(533, 'Tacuarembó', 'tac', 37, 'tacuarembo'),
(534, 'Cerro Largo', 'cer', 37, 'cerro-largo'),
(535, 'Artigas', 'art', 37, 'artigas'),
(536, 'Soriano', 'sor', 37, 'soriano'),
(537, 'Lavalleja', 'lav', 37, 'lavalleja'),
(538, 'San José', 'san', 37, 'san-jose'),
(539, 'Durazno', 'dur', 37, 'durazno'),
(540, 'Florida', 'flo', 37, 'florida'),
(541, 'Treinta y Tres', 'tre', 37, 'treinta-y-tres'),
(542, 'Colonia', 'col', 37, 'colonia'),
(543, 'Rocha', 'roc', 37, 'rocha'),
(544, 'Río Negro', 'rio', 37, 'rio-negro'),
(545, 'Flores', 'flo', 37, 'flores'),
(546, 'Provincia de Çanakkale', 'pro', 36, 'provincia-de-canakkale'),
(547, 'Provincia de Esmirna', 'pro', 36, 'provincia-de-esmirna'),
(548, 'Provincia de Anatolia Central', 'pro', 36, 'provincia-de-anatolia-central'),
(549, 'Provincia de Muğla', 'pro', 36, 'provincia-de-mugla'),
(550, 'Provincia de Estambul', 'pro', 36, 'provincia-de-estambul'),
(551, 'Provincia de Ankara', 'pro', 36, 'provincia-de-ankara'),
(552, 'Provincia de Bursa', 'pro', 36, 'provincia-de-bursa'),
(553, 'Provincia de Adana', 'pro', 36, 'provincia-de-adana'),
(554, 'Provincia de Gaziantep', 'pro', 36, 'provincia-de-gaziantep'),
(555, 'Provincia de Konya', 'pro', 36, 'provincia-de-konya'),
(556, 'Provincia de Antalya', 'pro', 36, 'provincia-de-antalya'),
(557, 'Provincia de Kayseri', 'pro', 36, 'provincia-de-kayseri'),
(558, 'Provincia de Mersin', 'pro', 36, 'provincia-de-mersin'),
(559, 'Provincia de Eskişehir', 'pro', 36, 'provincia-de-eskisehir'),
(560, 'Provincia de Diyarbakır', 'pro', 36, 'provincia-de-diyarbakir'),
(561, 'Provincia de Samsun', 'pro', 36, 'provincia-de-samsun'),
(562, 'Provincia de Denizli', 'pro', 36, 'provincia-de-denizli'),
(563, 'Provincia de Şanlıurfa', 'pro', 36, 'provincia-de-sanliurfa'),
(564, 'Provincia de Sakarya', 'pro', 36, 'provincia-de-sakarya'),
(565, 'Provincia de Malatya', 'pro', 36, 'provincia-de-malatya'),
(566, 'Provincia de Kahramanmaraş', 'pro', 36, 'provincia-de-kahramanmaras'),
(567, 'Provincia de Erzurum', 'pro', 36, 'provincia-de-erzurum'),
(568, 'Provincia de Van', 'pro', 36, 'provincia-de-van'),
(569, 'Provincia de Batman', 'pro', 36, 'provincia-de-batman'),
(570, 'Provincia de Elazığ', 'pro', 36, 'provincia-de-elazig'),
(571, 'Provincia de Kocaeli', 'pro', 36, 'provincia-de-kocaeli'),
(572, 'Provincia de Manisa', 'pro', 36, 'provincia-de-manisa'),
(573, 'Provincia de Sivas', 'pro', 36, 'provincia-de-sivas'),
(574, 'Provincia de Balıkesir', 'pro', 36, 'provincia-de-balikesir'),
(575, 'Provincia de Kütahya', 'pro', 36, 'provincia-de-kutahya'),
(576, 'Provincia de Trabzon', 'pro', 36, 'provincia-de-trabzon'),
(577, 'Provincia de Çorum', 'pro', 36, 'provincia-de-corum'),
(578, 'Provincia de Tekirdağ', 'pro', 36, 'provincia-de-tekirdag'),
(579, 'Provincia de Adıyaman', 'pro', 36, 'provincia-de-adiyaman'),
(580, 'Provincia de Osmaniye', 'pro', 36, 'provincia-de-osmaniye'),
(581, 'Provincia de Kırıkkale', 'pro', 36, 'provincia-de-kirikkale'),
(582, 'Provincia de Hatay', 'pro', 36, 'provincia-de-hatay'),
(583, 'Provincia de Aydın', 'pro', 36, 'provincia-de-aydin'),
(584, 'Provincia de Uşak', 'pro', 36, 'provincia-de-usak'),
(585, 'Provincia de Aksaray', 'pro', 36, 'provincia-de-aksaray'),
(586, 'Provincia de Afyon', 'pro', 36, 'provincia-de-afyon'),
(587, 'Provincia de Isparta', 'pro', 36, 'provincia-de-isparta'),
(588, 'Provincia de Edirne', 'pro', 36, 'provincia-de-edirne'),
(589, 'Provincia de Ordu', 'pro', 36, 'provincia-de-ordu'),
(590, 'Provincia de Karaman', 'pro', 36, 'provincia-de-karaman'),
(591, 'Provincia de Siirt', 'pro', 36, 'provincia-de-siirt'),
(592, 'Provincia de Mardin', 'pro', 36, 'provincia-de-mardin'),
(593, 'Provincia de Düzce', 'pro', 36, 'provincia-de-duzce'),
(594, 'Provincia de Tokat', 'pro', 36, 'provincia-de-tokat'),
(595, 'Provincia de Bolu', 'pro', 36, 'provincia-de-bolu'),
(596, 'Provincia de Kırşehir', 'pro', 36, 'provincia-de-kirsehir'),
(597, 'Provincia de Niğde', 'pro', 36, 'provincia-de-nigde'),
(598, 'Provincia de Zonguldak', 'pro', 36, 'provincia-de-zonguldak'),
(599, 'Provincia de Karabük', 'pro', 36, 'provincia-de-karabuk'),
(600, 'Provincia de Kırklareli', 'pro', 36, 'provincia-de-kirklareli'),
(601, 'Provincia de Ağrı', 'pro', 36, 'provincia-de-agri'),
(602, 'Provincia de Rize', 'pro', 36, 'provincia-de-rize'),
(603, 'Provincia de Şırnak', 'pro', 36, 'provincia-de-sirnak'),
(604, 'Provincia de Yalova', 'pro', 36, 'provincia-de-yalova'),
(605, 'Provincia de Giresun', 'pro', 36, 'provincia-de-giresun'),
(606, 'Provincia de Bingöl', 'pro', 36, 'provincia-de-bingol'),
(607, 'Provincia de Amasya', 'pro', 36, 'provincia-de-amasya'),
(608, 'Provincia de Kastamonu', 'pro', 36, 'provincia-de-kastamonu'),
(609, 'Provincia de Erzincan', 'pro', 36, 'provincia-de-erzincan'),
(610, 'Provincia de Nevşehir', 'pro', 36, 'provincia-de-nevsehir'),
(611, 'Provincia de Kilis', 'pro', 36, 'provincia-de-kilis'),
(612, 'Provincia de Kars', 'pro', 36, 'provincia-de-kars'),
(613, 'Provincia de Iğdır', 'pro', 36, 'provincia-de-igdir'),
(614, 'Provincia de Muş', 'pro', 36, 'provincia-de-mus'),
(615, 'Provincia de Burdur', 'pro', 36, 'provincia-de-burdur'),
(616, 'Provincia de Yozgat', 'pro', 36, 'provincia-de-yozgat'),
(617, 'Provincia de Çankırı', 'pro', 36, 'provincia-de-cankiri'),
(618, 'Provincia de Hakkâri', 'pro', 36, 'provincia-de-hakkari'),
(619, 'Provincia de Bitlis', 'pro', 36, 'provincia-de-bitlis'),
(620, 'Provincia de Bilecik', 'pro', 36, 'provincia-de-bilecik'),
(621, 'Provincia de Bartın', 'pro', 36, 'provincia-de-bartin'),
(622, 'Provincia de Sinop', 'pro', 36, 'provincia-de-sinop'),
(623, 'Provincia de Bayburt', 'pro', 36, 'provincia-de-bayburt'),
(624, 'Provincia de Tunceli', 'pro', 36, 'provincia-de-tunceli'),
(625, 'Provincia de Artvin', 'pro', 36, 'provincia-de-artvin'),
(626, 'Provincia de Gümüşhane', 'pro', 36, 'provincia-de-gumushane'),
(627, 'Provincia de Ardahan', 'pro', 36, 'provincia-de-ardahan'),
(628, 'Tocantins', 'toc', 5, 'tocantins'),
(629, '', '', 6, ''),
(630, 'Dalmacia', 'dal', 10, 'dalmacia'),
(631, 'Luxor', 'lux', 13, 'luxor'),
(632, 'Umm al-Qaywayn', 'umm', 16, 'umm-al-qaywayn'),
(633, 'Navarra', 'nav', 15, 'navarra'),
(634, 'Alaska', 'ala', 17, 'alaska'),
(635, 'Auvernia', 'auv', 18, 'auvernia'),
(636, ' Chiquimula', 'chi', 19, 'chiquimula'),
(637, 'Nógrád', 'nog', 21, 'nograd'),
(638, 'Cheshire', 'che', 22, 'cheshire'),
(639, ' Úlster', 'uls', 24, 'ulster'),
(640, 'Leitrim', 'lei', 23, 'leitrim'),
(641, 'Alto Paraguay', 'alt', 29, 'alto-paraguay'),
(642, 'Amazonas', 'ama', 31, 'amazonas'),
(643, 'Río Grande', 'rio', 33, 'rio-grande'),
(644, 'Canelones', 'can', 37, 'canelones'),
(645, 'Puerto Iguazú', 'pue', 2, 'puerto-iguazu'),
(646, 'Foz do Iguazú', 'IGU', 5, 'foz-do-iguazu'),
(647, 'Florencia', 'flor', 25, 'florencia'),
(648, 'Jerusalén', 'jer', 38, 'jerusalen'),
(649, 'Central', 'cen', 38, 'central'),
(650, 'Haifa', 'hai', 38, 'haifa'),
(651, 'Meridional', 'mer', 38, 'meridional'),
(652, 'Norte', 'nor', 38, 'norte'),
(653, 'Tel Aviv', 'tel', 38, 'tel-aviv'),
(654, 'Judea y Samaria', 'jud', 38, 'judea-y-samaria'),
(655, 'Tombuctú', 'tom', 39, 'tombuctu');

-- --------------------------------------------------------

--
-- Table structure for table `tour`
--

CREATE TABLE `tour` (
  `id` int NOT NULL,
  `date_updated` datetime NOT NULL COMMENT 'Fecha de actualizaciÃ³n',
  `id_user_created` int NOT NULL COMMENT 'Usuario que lo dio de alta',
  `date_created` datetime NOT NULL COMMENT 'Fecha de creaciÃ³n\n',
  `last_user_updated` int NOT NULL COMMENT 'Ãšltimo usuario que actualizo',
  `id_contract` int UNSIGNED NOT NULL,
  `active` int NOT NULL DEFAULT '0',
  `id_city` int NOT NULL,
  `order` int DEFAULT NULL,
  `fake_bookings` int DEFAULT NULL,
  `origin_tour` varchar(50) CHARACTER SET utf8mb4 COLLATE utf8mb4_general_ci DEFAULT NULL,
  `product_code` int DEFAULT NULL,
  `companies` int DEFAULT NULL,
  `reduction_rate` int DEFAULT NULL,
  `is_free` int DEFAULT NULL,
  `code` varchar(100) CHARACTER SET utf8mb4 COLLATE utf8mb4_general_ci DEFAULT NULL
) ENGINE=InnoDB DEFAULT CHARSET=utf8mb4 COLLATE=utf8mb4_general_ci ROW_FORMAT=DYNAMIC;

--
-- Dumping data for table `tour`
--

INSERT INTO `tour` (`id`, `date_updated`, `id_user_created`, `date_created`, `last_user_updated`, `id_contract`, `active`, `id_city`, `order`, `fake_bookings`, `origin_tour`, `product_code`, `companies`, `reduction_rate`, `is_free`, `code`) VALUES
(1, '2024-06-06 08:02:27', 1, '2024-06-06 08:02:27', 1, 1, 0, 244, 0, NULL, NULL, NULL, NULL, NULL, NULL, 'DEMO1'),
(2, '2024-06-06 08:02:48', 1, '2024-06-06 08:02:48', 1, 1, 1, 244, 0, NULL, NULL, NULL, NULL, NULL, NULL, 'DEMO2'),
(3, '2024-06-09 21:11:15', 1, '2024-06-09 21:11:15', 1, 1, 1, 244, 0, NULL, NULL, NULL, NULL, NULL, NULL, 'DEMO3'),
(4, '2024-06-09 21:12:43', 1, '2024-06-09 21:12:43', 1, 2, 0, 244, 0, NULL, NULL, NULL, NULL, NULL, NULL, 'DEMO4'),
(5, '2024-06-13 13:26:14', 1, '2024-06-13 13:26:14', 1, 1, 0, 247, 0, NULL, NULL, NULL, NULL, NULL, NULL, 'WR'),
(6, '2024-06-13 13:26:14', 1, '2024-06-13 13:26:14', 1, 1, 0, 247, 0, NULL, NULL, NULL, NULL, NULL, NULL, 'WR'),
(7, '2024-06-13 13:27:00', 1, '2024-06-13 13:27:00', 1, 1, 0, 19, 0, NULL, NULL, NULL, NULL, NULL, NULL, '123'),
(8, '2024-06-13 13:29:21', 1, '2024-06-13 13:29:21', 1, 1, 0, 247, 0, NULL, NULL, NULL, NULL, NULL, NULL, 'RRR'),
(9, '2024-06-13 13:47:35', 1, '2024-06-13 13:47:35', 1, 2, 0, 292, 0, NULL, NULL, NULL, NULL, NULL, NULL, 'TOUR6'),
(10, '2024-06-13 13:47:35', 1, '2024-06-13 13:47:35', 1, 2, 0, 292, 0, NULL, NULL, NULL, NULL, NULL, NULL, 'COPY'),
(11, '2024-06-13 13:47:35', 1, '2024-06-13 13:47:35', 1, 2, 0, 292, 0, NULL, NULL, NULL, NULL, NULL, NULL, 'COPY'),
(12, '2024-06-09 21:11:15', 1, '2024-06-09 21:11:15', 1, 1, 1, 244, 0, NULL, NULL, NULL, NULL, NULL, NULL, 'DEMO3COPY'),
(13, '2024-06-06 08:02:27', 1, '2024-06-06 08:02:27', 1, 1, 0, 244, 0, NULL, NULL, NULL, NULL, NULL, NULL, 'DEMO1COPY'),
(14, '2024-08-01 22:13:23', 1, '2024-08-01 22:13:23', 1, 1, 0, 56, 0, NULL, NULL, NULL, NULL, NULL, NULL, 'SB12344'),
(15, '2024-08-01 22:14:32', 1, '2024-08-01 22:14:32', 1, 1, 0, 56, 0, NULL, NULL, NULL, NULL, NULL, NULL, 'SB12344'),
(16, '2024-08-01 22:29:17', 1, '2024-08-01 22:29:17', 1, 1, 0, 56, 0, NULL, NULL, NULL, NULL, NULL, NULL, 'SB1'),
(17, '2024-08-02 05:02:51', 1, '2024-08-02 05:02:51', 1, 1, 0, 217, 0, NULL, NULL, NULL, NULL, NULL, NULL, 'A'),
(18, '2024-08-02 05:06:37', 1, '2024-08-02 05:06:37', 1, 1, 0, 9, 0, NULL, NULL, NULL, NULL, NULL, NULL, 'ASD'),
(19, '2024-08-02 05:08:59', 1, '2024-08-02 05:08:59', 1, 1, 0, 29, 0, NULL, NULL, NULL, NULL, NULL, NULL, 'DAD'),
(20, '2024-08-02 05:12:39', 1, '2024-08-02 05:12:39', 1, 1, 0, 56, 0, NULL, NULL, NULL, NULL, NULL, NULL, 'ADASD'),
(21, '2024-08-02 15:16:03', 1, '2024-08-02 15:16:03', 1, 1, 0, 217, 0, NULL, NULL, NULL, NULL, NULL, NULL, 'TSP123'),
(22, '2024-08-02 15:19:41', 1, '2024-08-02 15:19:41', 1, 1, 0, 2254, 0, NULL, NULL, NULL, NULL, NULL, NULL, 'TS123454'),
(23, '2024-08-02 15:30:41', 1, '2024-08-02 15:30:41', 1, 1, 0, 2254, 0, NULL, NULL, NULL, NULL, NULL, NULL, 'TPL123'),
(24, '2024-08-02 15:52:18', 1, '2024-08-02 15:52:18', 1, 1, 0, 27, 0, NULL, NULL, NULL, NULL, NULL, NULL, 'QWEQWE'),
(25, '2024-08-02 15:53:45', 1, '2024-08-02 15:53:45', 1, 1, 0, 2254, 0, NULL, NULL, NULL, NULL, NULL, NULL, 'ASASD'),
(26, '2024-08-02 15:55:26', 1, '2024-08-02 15:55:26', 1, 1, 0, 56, 0, NULL, NULL, NULL, NULL, NULL, NULL, 'ASD'),
(27, '2024-08-02 15:55:50', 1, '2024-08-02 15:55:50', 1, 1, 0, 9, 0, NULL, NULL, NULL, NULL, NULL, NULL, 'ASD'),
(28, '2024-08-02 15:57:28', 1, '2024-08-02 15:57:28', 1, 2, 0, 24, 0, NULL, NULL, NULL, NULL, NULL, NULL, 'ASD'),
(29, '2024-08-02 15:58:20', 1, '2024-08-02 15:58:20', 1, 1, 0, 182, 0, NULL, NULL, NULL, NULL, NULL, NULL, 'ASD'),
(30, '2024-08-08 13:12:12', 1, '2024-08-08 13:12:12', 1, 1, 0, 196, 0, NULL, NULL, NULL, NULL, NULL, NULL, 'SWM2024');

-- --------------------------------------------------------

--
-- Table structure for table `tour_availability`
--

CREATE TABLE `tour_availability` (
  `id` int UNSIGNED NOT NULL,
  `id_tour_optional` int UNSIGNED NOT NULL,
  `id_season` int DEFAULT NULL,
  `day` int NOT NULL
) ENGINE=InnoDB DEFAULT CHARSET=utf8mb4 COLLATE=utf8mb4_general_ci ROW_FORMAT=DYNAMIC;

--
-- Dumping data for table `tour_availability`
--

INSERT INTO `tour_availability` (`id`, `id_tour_optional`, `id_season`, `day`) VALUES
(87, 1, 32, 0),
(88, 1, 32, 2),
(89, 1, 32, 3),
(90, 1, 32, 4),
(93, 3, 34, 0),
(94, 3, 34, 1),
(95, 3, 34, 2),
(96, 3, 34, 3);

-- --------------------------------------------------------

--
-- Table structure for table `tour_availability_hours`
--

CREATE TABLE `tour_availability_hours` (
  `id` int UNSIGNED NOT NULL,
  `id_season` int UNSIGNED NOT NULL,
  `hour` varchar(11) CHARACTER SET utf8mb4 COLLATE utf8mb4_general_ci DEFAULT NULL
) ENGINE=InnoDB DEFAULT CHARSET=utf8mb4 COLLATE=utf8mb4_general_ci ROW_FORMAT=DYNAMIC;

--
-- Dumping data for table `tour_availability_hours`
--

INSERT INTO `tour_availability_hours` (`id`, `id_season`, `hour`) VALUES
(10, 17, '09:00'),
(11, 17, ' 09:15'),
(12, 17, ' 10:30'),
(13, 18, '09:00'),
(14, 18, '   09:15'),
(15, 19, '09:00'),
(16, 19, '   09:15'),
(17, 20, '09:00'),
(18, 20, '     09:15'),
(19, 20, ' 08:45'),
(20, 21, '09:00'),
(21, 21, '     09:15'),
(22, 21, ' 08:45'),
(23, 22, '09:00'),
(24, 22, '   09:15'),
(25, 23, '09:00'),
(26, 23, '     09:15'),
(27, 23, ' 09:45'),
(28, 24, '09:00'),
(29, 24, '      09:15'),
(30, 24, '  09:45'),
(31, 25, '09:00'),
(32, 25, '   09:45'),
(33, 26, '09:00'),
(34, 26, '    09:45'),
(35, 27, '09:00'),
(36, 27, '     09:45'),
(37, 28, '09:00'),
(38, 28, '      09:45'),
(39, 29, '09:00'),
(40, 30, '09:00'),
(41, 31, '09:00'),
(42, 32, '09:00'),
(43, 33, '09:15'),
(44, 33, ' 09:45'),
(45, 34, '09:00'),
(46, 34, ' 00:30'),
(47, 34, ' 09:45');

-- --------------------------------------------------------

--
-- Table structure for table `tour_booking_config`
--

CREATE TABLE `tour_booking_config` (
  `id` int UNSIGNED NOT NULL,
  `id_tour_cut_off` int UNSIGNED NOT NULL,
  `max_pax` int NOT NULL DEFAULT '1',
  `on_request` int NOT NULL,
  `is_private` tinyint(1) DEFAULT NULL,
  `id_tour` int NOT NULL
) ENGINE=InnoDB DEFAULT CHARSET=utf8mb4 COLLATE=utf8mb4_general_ci ROW_FORMAT=DYNAMIC;

--
-- Dumping data for table `tour_booking_config`
--

INSERT INTO `tour_booking_config` (`id`, `id_tour_cut_off`, `max_pax`, `on_request`, `is_private`, `id_tour`) VALUES
(1, 10, 12, 1, NULL, 1);

-- --------------------------------------------------------

--
-- Table structure for table `tour_booking_config_pax`
--

CREATE TABLE `tour_booking_config_pax` (
  `id` int UNSIGNED NOT NULL,
  `min_age` int NOT NULL,
  `max_age` int NOT NULL,
  `id_tour_booking_config` int UNSIGNED NOT NULL,
  `id_pax_type` int UNSIGNED NOT NULL
) ENGINE=InnoDB DEFAULT CHARSET=utf8mb4 COLLATE=utf8mb4_general_ci ROW_FORMAT=DYNAMIC;

--
-- Dumping data for table `tour_booking_config_pax`
--

INSERT INTO `tour_booking_config_pax` (`id`, `min_age`, `max_age`, `id_tour_booking_config`, `id_pax_type`) VALUES
(37, 0, 5, 1, 4),
(38, 13, 99, 1, 5);

-- --------------------------------------------------------

--
-- Table structure for table `tour_booking_lead`
--

CREATE TABLE `tour_booking_lead` (
  `id` int UNSIGNED NOT NULL,
  `full_name` varchar(180) CHARACTER SET utf8mb4 COLLATE utf8mb4_general_ci DEFAULT NULL,
  `email` varchar(180) CHARACTER SET utf8mb4 COLLATE utf8mb4_general_ci DEFAULT NULL,
  `phone` varchar(180) CHARACTER SET utf8mb4 COLLATE utf8mb4_general_ci DEFAULT NULL,
  `id_tour_booking` int NOT NULL,
  `name` varchar(180) CHARACTER SET utf8mb4 COLLATE utf8mb4_general_ci DEFAULT NULL,
  `last_name` varchar(180) CHARACTER SET utf8mb4 COLLATE utf8mb4_general_ci DEFAULT NULL
) ENGINE=InnoDB DEFAULT CHARSET=utf8mb4 COLLATE=utf8mb4_general_ci ROW_FORMAT=DYNAMIC;

--
-- Dumping data for table `tour_booking_lead`
--

INSERT INTO `tour_booking_lead` (`id`, `full_name`, `email`, `phone`, `id_tour_booking`, `name`, `last_name`) VALUES
(8, 'Francis Leandro Tec Can', 'francis.tec.can@gmail.com', '9985123456', 9, 'Francis Leandro', 'Tec Can'),
(9, 'Francis Leandro Tec Can', 'francis.tec.can@gmail.com', '9985123456', 10, 'Francis Leandro', 'Tec Can'),
(10, 'Francis Leandro Tec Can', 'francis.tec.can@gmail.com', '9985123456', 11, 'Francis Leandro', 'Tec Can'),
(11, 'Francis Leandro Tec Can', 'francis.tec.can@gmail.com', '9985123456', 12, 'Francis Leandro', 'Tec Can'),
(12, 'Francis Leandro Tec Can', 'francis.tec.can@gmail.com', '9985123456', 13, 'Francis Leandro', 'Tec Can'),
(13, 'Francis Leandro Tec Can', 'francis.tec.can@gmail.com', '9985123456', 14, 'Francis Leandro', 'Tec Can'),
(14, 'Francis Leandro Tec Can', 'francis.tec.can@gmail.com', '9985123456', 15, 'Francis Leandro', 'Tec Can'),
(15, 'Francis Leandro Tec Can', 'francis.tec.can@gmail.com', '9985123456', 16, 'Francis Leandro', 'Tec Can'),
(16, 'Francis Leandro Tec Can', 'francis.tec.can@gmail.com', '9985123456', 17, 'Francis Leandro', 'Tec Can'),
(17, 'Francis Leandro Tec Can', 'francis.tec.can@gmail.com', '9985123456', 18, 'Francis Leandro', 'Tec Can'),
(18, 'Francis Leandro Tec Can', 'francis.tec.can@gmail.com', '9985123456', 19, 'Francis Leandro', 'Tec Can'),
(19, 'Francis Leandro Tec Can', 'francis.tec.can@gmail.com', '9985123456', 20, 'Francis Leandro', 'Tec Can'),
(20, 'Francis Leandro Tec Can', 'francis.tec.can@gmail.com', '9985123456', 21, 'Francis Leandro', 'Tec Can'),
(21, 'Francis Leandro Tec Can', 'francis.tec.can@gmail.com', '9985123456', 22, 'Francis Leandro', 'Tec Can'),
(22, 'Francis Leandro Tec Can', 'francis.tec.can@gmail.com', '9985123456', 23, 'Francis Leandro', 'Tec Can'),
(23, 'Francis Leandro Tec Can', 'francis.tec.can@gmail.com', '9985123456', 24, 'Francis Leandro', 'Tec Can'),
(24, 'Francis Leandro Tec Can', 'francis.tec.can@gmail.com', '9985123456', 25, 'Francis Leandro', 'Tec Can'),
(25, 'Francis Leandro Tec Can', 'francis.tec.can@gmail.com', '9985123456', 26, 'Francis Leandro', 'Tec Can'),
(26, 'Francis Leandro Tec Can', 'francis.tec.can@gmail.com', '9985123456', 27, 'Francis Leandro', 'Tec Can'),
(27, 'Francis Leandro Tec Can', 'francis.tec.can@gmail.com', '9985123456', 28, 'Francis Leandro', 'Tec Can'),
(28, 'Francis Leandro Tec Can', 'francis.tec.can@gmail.com', '9985123456', 29, 'Francis Leandro', 'Tec Can'),
(29, 'Francis Leandro Tec Can', 'francis.tec.can@gmail.com', '9985123456', 30, 'Francis Leandro', 'Tec Can'),
(30, 'Francis Leandro Tec Can', 'francis.tec.can@gmail.com', '9985123456', 31, 'Francis Leandro', 'Tec Can'),
(31, 'Francis Leandro Tec Can', 'francis.tec.can@gmail.com', '9985123456', 32, 'Francis Leandro', 'Tec Can'),
(32, 'Francis Leandro Tec Can', 'francis.tec.can@gmail.com', '9985123456', 33, 'Francis Leandro', 'Tec Can'),
(33, 'Francis Leandro Tec Can', 'francis.tec.can@gmail.com', '9985123456', 34, 'Francis Leandro', 'Tec Can'),
(34, 'Francis Leandro Tec Can', 'francis.tec.can@gmail.com', '9985123456', 35, 'Francis Leandro', 'Tec Can'),
(35, 'Francis Leandro Tec Can', 'francis.tec.can@gmail.com', '9985123456', 36, 'Francis Leandro', 'Tec Can'),
(36, 'Francis Leandro Tec Can', 'francis.tec.can@gmail.com', '9985123456', 37, 'Francis Leandro', 'Tec Can'),
(37, 'Francis Leandro Tec Can', 'francis.tec.can@gmail.com', '9985123456', 38, 'Francis Leandro', 'Tec Can'),
(38, 'Francis Leandro Tec Can', 'francis.tec.can@gmail.com', '9985123456', 39, 'Francis Leandro', 'Tec Can'),
(39, 'Francis Leandro Tec Can', 'francis.tec.can@gmail.com', '9985123456', 40, 'Francis Leandro', 'Tec Can'),
(40, 'Francis Leandro Tec Can', 'francis.tec.can@gmail.com', '9985123456', 41, 'Francis Leandro', 'Tec Can'),
(41, 'Francis Leandro Tec Can', 'francis.tec.can@gmail.com', '9985123456', 42, 'Francis Leandro', 'Tec Can'),
(42, 'Francis Leandro Tec Can', 'francis.tec.can@gmail.com', '9985123456', 43, 'Francis Leandro', 'Tec Can'),
(43, 'Francis Leandro Tec Can', 'francis.tec.can@gmail.com', '9985123456', 44, 'Francis Leandro', 'Tec Can'),
(44, 'Francis Leandro Tec Can', 'francis.tec.can@gmail.com', '9985123456', 45, 'Francis Leandro', 'Tec Can'),
(45, 'Francis Leandro Tec Can', 'francis.tec.can@gmail.com', '9985123456', 46, 'Francis Leandro', 'Tec Can'),
(46, 'Francis Leandro Tec Can', 'francis.tec.can@gmail.com', '9985123456', 47, 'Francis Leandro', 'Tec Can'),
(47, 'Francis Leandro Tec Can', 'francis.tec.can@gmail.com', '9985123456', 48, 'Francis Leandro', 'Tec Can'),
(48, 'Francis Leandro Tec Can', 'francis.tec.can@gmail.com', '9985123456', 49, 'Francis Leandro', 'Tec Can'),
(49, 'Francis Leandro Tec Can', 'francis.tec.can@gmail.com', '9985123456', 50, 'Francis Leandro', 'Tec Can'),
(50, 'Francis Leandro Tec Can', 'francis.tec.can@gmail.com', '9985123456', 51, 'Francis Leandro', 'Tec Can'),
(51, 'Francis Leandro Tec Can', 'francis.tec.can@gmail.com', '9985123456', 52, 'Francis Leandro', 'Tec Can'),
(52, 'Francis Leandro Tec Can', 'francis.tec.can@gmail.com', '9985123456', 53, 'Francis Leandro', 'Tec Can'),
(53, 'Francis Leandro Tec Can', 'francis.tec.can@gmail.com', '9985123456', 54, 'Francis Leandro', 'Tec Can'),
(54, 'Francis Leandro Tec Can', 'francis.tec.can@gmail.com', '9985123456', 55, 'Francis Leandro', 'Tec Can'),
(55, 'Francis Leandro Tec Can', 'francis.tec.can@gmail.com', '9985123456', 56, 'Francis Leandro', 'Tec Can'),
(56, 'Francis Leandro Tec Can', 'francis.tec.can@gmail.com', '9985123456', 57, 'Francis Leandro', 'Tec Can'),
(57, 'Francis Leandro Tec Can', 'francis.tec.can@gmail.com', '9985123456', 58, 'Francis Leandro', 'Tec Can'),
(58, 'Francis Leandro Tec Can', 'francis.tec.can@gmail.com', '9985123456', 59, 'Francis Leandro', 'Tec Can'),
(59, 'Francis Leandro Tec Can', 'francis.tec.can@gmail.com', '9985123456', 60, 'Francis Leandro', 'Tec Can'),
(60, 'Francis Leandro Tec Can', 'francis.tec.can@gmail.com', '9985123456', 61, 'Francis Leandro', 'Tec Can'),
(61, 'Francis Leandro Tec Can', 'francis.tec.can@gmail.com', '9985123456', 62, 'Francis Leandro', 'Tec Can'),
(62, 'Francis Leandro Tec Can', 'francis.tec.can@gmail.com', '9985123456', 63, 'Francis Leandro', 'Tec Can'),
(64, 'Francis Leandro Tec Can', 'francis.tec.can@gmail.com', '9985123456', 65, 'Francis Leandro', 'Tec Can');

-- --------------------------------------------------------

--
-- Table structure for table `tour_booking_rates`
--

CREATE TABLE `tour_booking_rates` (
  `id` int UNSIGNED NOT NULL,
  `id_pax_type` int UNSIGNED NOT NULL,
  `price` varchar(180) CHARACTER SET utf8mb4 COLLATE utf8mb4_general_ci DEFAULT NULL,
  `margin` int NOT NULL,
  `currency` varchar(20) CHARACTER SET utf8mb4 COLLATE utf8mb4_general_ci DEFAULT NULL,
  `rate_exchange` varchar(180) CHARACTER SET utf8mb4 COLLATE utf8mb4_general_ci DEFAULT NULL,
  `id_tour_booking` int NOT NULL,
  `pax_total` int NOT NULL,
  `id_tour_season` int DEFAULT NULL,
  `coupon` varchar(20) CHARACTER SET utf8mb4 COLLATE utf8mb4_general_ci DEFAULT NULL,
  `discount` int DEFAULT NULL
) ENGINE=InnoDB DEFAULT CHARSET=utf8mb4 COLLATE=utf8mb4_general_ci ROW_FORMAT=DYNAMIC;

--
-- Dumping data for table `tour_booking_rates`
--

INSERT INTO `tour_booking_rates` (`id`, `id_pax_type`, `price`, `margin`, `currency`, `rate_exchange`, `id_tour_booking`, `pax_total`, `id_tour_season`, `coupon`, `discount`) VALUES
(2, 4, '150', 25, 'MXN', '132', 9, 2, 1, '', NULL),
(3, 4, '150', 25, 'MXN', '132', 10, 2, 1, '', NULL),
(4, 4, '150', 25, 'MXN', '132', 11, 2, 1, '', NULL),
(5, 4, '150', 25, 'MXN', '132', 12, 2, 1, '', NULL),
(6, 4, '150', 25, 'MXN', '132', 13, 2, 1, '', NULL),
(7, 4, '150', 25, 'MXN', '132', 14, 2, 1, '', NULL),
(8, 4, '150', 25, 'MXN', '132', 15, 2, 1, '', NULL),
(9, 4, '150', 25, 'MXN', '132', 16, 2, 1, '', NULL),
(10, 4, '150', 25, 'MXN', '132', 17, 2, 1, '', NULL),
(11, 4, '150', 25, 'MXN', '132', 18, 2, 1, '', NULL),
(12, 4, '150', 25, 'MXN', '132', 19, 2, 1, '', NULL),
(13, 4, '150', 25, 'MXN', '132', 20, 2, 1, '', NULL),
(14, 4, '150', 25, 'MXN', '132', 21, 2, 1, '', NULL),
(15, 4, '150', 25, 'MXN', '132', 22, 2, 1, '', NULL),
(16, 4, '150', 25, 'MXN', '132', 23, 2, 1, '', NULL),
(17, 4, '150', 25, 'MXN', '132', 24, 2, 1, '', NULL),
(18, 4, '150', 25, 'MXN', '132', 25, 2, 1, '', NULL),
(19, 4, '150', 25, 'MXN', '132', 26, 2, 1, '', NULL),
(20, 4, '150', 25, 'MXN', '132', 27, 2, 1, '', NULL),
(21, 4, '150', 25, 'MXN', '132', 28, 2, 1, '', NULL),
(22, 4, '150', 25, 'MXN', '132', 29, 2, 1, '', NULL),
(23, 4, '150', 25, 'MXN', '132', 30, 2, 1, '', NULL),
(24, 4, '150', 25, 'MXN', '132', 31, 2, 1, '', NULL),
(25, 4, '150', 25, 'MXN', '132', 32, 2, 1, '', NULL),
(26, 4, '150', 25, 'MXN', '132', 33, 2, 1, '', NULL),
(27, 4, '150', 25, 'MXN', '132', 34, 2, 1, '', NULL),
(28, 4, '150', 25, 'MXN', '132', 35, 2, 1, '', NULL),
(29, 4, '150', 25, 'MXN', '132', 36, 2, 1, '', NULL),
(30, 4, '1500', 25, 'MXN', '132', 37, 2, 1, '', NULL),
(31, 4, '1500', 25, 'MXN', '132', 38, 2, 1, '', NULL),
(32, 4, '1500', 25, 'MXN', '132', 39, 2, 1, '', NULL),
(33, 4, '1500', 25, 'MXN', '132', 40, 2, 1, '', NULL),
(34, 4, '1500', 25, 'MXN', '132', 41, 2, 1, '', NULL),
(35, 4, '1500', 25, 'MXN', '132', 42, 2, 1, '', NULL),
(36, 4, '1500', 25, 'MXN', '132', 43, 2, 1, '', NULL),
(37, 4, '1500', 25, 'MXN', '132', 44, 2, 1, '', NULL),
(38, 4, '1500', 25, 'MXN', '132', 45, 2, 1, '', NULL),
(39, 4, '1500', 25, 'MXN', '132', 46, 2, 1, '', NULL),
(40, 4, '1500', 25, 'MXN', '132', 47, 2, 1, '', NULL),
(41, 4, '1500', 25, 'MXN', '132', 48, 2, 1, '', NULL),
(42, 4, '1500', 25, 'MXN', '132', 49, 2, 1, '', NULL),
(43, 4, '1500', 25, 'MXN', '132', 50, 2, 1, '', NULL),
(44, 4, '1500', 25, 'MXN', '132', 51, 2, 1, '', NULL),
(45, 4, '1500', 25, 'MXN', '132', 52, 2, 1, '', NULL),
(46, 4, '1500', 25, 'MXN', '132', 53, 2, 1, '', NULL),
(47, 4, '1500', 25, 'MXN', '132', 54, 2, 1, '', NULL),
(48, 4, '1500', 25, 'MXN', '132', 55, 2, 1, '', NULL),
(49, 4, '1500', 25, 'MXN', '132', 56, 2, 1, '', NULL),
(50, 4, '1500', 25, 'MXN', '132', 57, 2, 1, '', NULL),
(51, 4, '1500', 25, 'MXN', '132', 58, 2, 1, '', NULL),
(52, 4, '1500', 25, 'MXN', '132', 59, 2, 1, '', NULL),
(53, 4, '1500', 25, 'MXN', '132', 60, 2, 1, '', NULL),
(54, 4, '1500', 25, 'MXN', '132', 61, 2, 1, '', NULL),
(55, 4, '1500', 25, 'MXN', '132', 62, 2, 1, '', NULL),
(56, 4, '1500', 25, 'MXN', '132', 63, 2, 1, '', NULL),
(57, 4, '1500', 25, 'MXN', '132', 65, 5, 1, '', NULL);

-- --------------------------------------------------------

--
-- Table structure for table `tour_booking_status`
--

CREATE TABLE `tour_booking_status` (
  `id` int NOT NULL,
  `name` varchar(50) CHARACTER SET utf8mb4 COLLATE utf8mb4_general_ci DEFAULT NULL
) ENGINE=InnoDB DEFAULT CHARSET=utf8mb4 COLLATE=utf8mb4_general_ci ROW_FORMAT=DYNAMIC;

--
-- Dumping data for table `tour_booking_status`
--

INSERT INTO `tour_booking_status` (`id`, `name`) VALUES
(1, 'QUOTED'),
(2, 'PAYMENT_PENDING'),
(3, 'PENDING'),
(4, 'CONFIRMED');

-- --------------------------------------------------------

--
-- Table structure for table `tour_category`
--

CREATE TABLE `tour_category` (
  `id` int UNSIGNED NOT NULL,
  `id_tour` int NOT NULL,
  `id_category` int NOT NULL
) ENGINE=InnoDB DEFAULT CHARSET=utf8mb4 COLLATE=utf8mb4_general_ci ROW_FORMAT=DYNAMIC;

-- --------------------------------------------------------

--
-- Table structure for table `tour_close_dates`
--

CREATE TABLE `tour_close_dates` (
  `id` int UNSIGNED NOT NULL,
  `id_tour` int NOT NULL,
  `close_date` date NOT NULL,
  `id_optional` int UNSIGNED DEFAULT NULL
) ENGINE=InnoDB DEFAULT CHARSET=utf8mb4 COLLATE=utf8mb4_general_ci ROW_FORMAT=DYNAMIC;

--
-- Dumping data for table `tour_close_dates`
--

INSERT INTO `tour_close_dates` (`id`, `id_tour`, `close_date`, `id_optional`) VALUES
(1, 1, '2024-06-27', NULL),
(2, 1, '2024-06-28', NULL),
(3, 1, '2024-06-29', NULL),
(4, 1, '2024-06-29', 1),
(5, 1, '2024-06-30', 1),
(6, 1, '2024-07-01', 1);

-- --------------------------------------------------------

--
-- Table structure for table `tour_coupons`
--

CREATE TABLE `tour_coupons` (
  `id` int NOT NULL,
  `coupon` varchar(20) CHARACTER SET utf8mb4 COLLATE utf8mb4_general_ci DEFAULT NULL,
  `start_date` date DEFAULT NULL,
  `end_date` date DEFAULT NULL,
  `discount` int DEFAULT NULL
) ENGINE=InnoDB DEFAULT CHARSET=utf8mb4 COLLATE=utf8mb4_general_ci ROW_FORMAT=DYNAMIC;

-- --------------------------------------------------------

--
-- Table structure for table `tour_cut_off`
--

CREATE TABLE `tour_cut_off` (
  `id` int UNSIGNED NOT NULL,
  `name` varchar(50) CHARACTER SET utf8mb4 COLLATE utf8mb4_general_ci DEFAULT NULL,
  `value` int DEFAULT NULL
) ENGINE=InnoDB DEFAULT CHARSET=utf8mb4 COLLATE=utf8mb4_general_ci ROW_FORMAT=DYNAMIC;

--
-- Dumping data for table `tour_cut_off`
--

INSERT INTO `tour_cut_off` (`id`, `name`, `value`) VALUES
(1, '1 Hour', 1),
(2, '2 Hours', 2),
(3, '3 Hours', 3),
(4, '4 Hours', 4),
(5, '5 Hours', 5),
(6, '6 Hours', 6),
(7, '7 Hours', 7),
(8, '8 Hours', 8),
(9, '9 Hours', 9),
(10, '10 Hours', 10),
(11, '11 Hours', 11),
(12, '12 Hours', 12),
(13, '18 Hours', 18),
(14, '24 Hours', 24),
(15, '48 Hours', 48),
(16, '96 Hours', 96),
(17, '72 Hours', 72);

-- --------------------------------------------------------

--
-- Table structure for table `tour_details`
--

CREATE TABLE `tour_details` (
  `id` int NOT NULL,
  `name` varchar(180) CHARACTER SET utf8mb4 COLLATE utf8mb4_general_ci DEFAULT NULL,
  `short_description` varchar(180) CHARACTER SET utf8mb4 COLLATE utf8mb4_general_ci DEFAULT NULL,
  `description` text CHARACTER SET utf8mb4 COLLATE utf8mb4_general_ci,
  `itinerary` text CHARACTER SET utf8mb4 COLLATE utf8mb4_general_ci,
  `include` text CHARACTER SET utf8mb4 COLLATE utf8mb4_general_ci,
  `policy_cancellation` text CHARACTER SET utf8mb4 COLLATE utf8mb4_general_ci,
  `restrictions` text CHARACTER SET utf8mb4 COLLATE utf8mb4_general_ci,
  `tags` varchar(250) CHARACTER SET utf8mb4 COLLATE utf8mb4_general_ci DEFAULT NULL,
  `keywords` varchar(250) CHARACTER SET utf8mb4 COLLATE utf8mb4_general_ci DEFAULT NULL,
  `requirement` text CHARACTER SET utf8mb4 COLLATE utf8mb4_general_ci,
  `not_included` text CHARACTER SET utf8mb4 COLLATE utf8mb4_general_ci,
  `what_you_need` text CHARACTER SET utf8mb4 COLLATE utf8mb4_general_ci,
  `on_demand` tinyint(1) DEFAULT NULL,
  `published` tinyint(1) DEFAULT '0' COMMENT 'Publicado',
  `guide_included` tinyint(1) DEFAULT NULL,
  `is_accessible` tinyint(1) DEFAULT NULL,
  `id_language` int DEFAULT NULL COMMENT 'Idioma',
  `id_tour` int NOT NULL COMMENT 'Tour',
  `slug` varchar(180) CHARACTER SET utf8mb4 COLLATE utf8mb4_general_ci DEFAULT NULL,
  `ribbon` varchar(50) CHARACTER SET utf8mb4 COLLATE utf8mb4_general_ci DEFAULT NULL,
  `reduction_rate` varchar(50) CHARACTER SET utf8mb4 COLLATE utf8mb4_general_ci DEFAULT NULL,
  `meeting_points` varchar(50) CHARACTER SET utf8mb4 COLLATE utf8mb4_general_ci DEFAULT NULL
) ENGINE=InnoDB DEFAULT CHARSET=utf8mb4 COLLATE=utf8mb4_general_ci ROW_FORMAT=DYNAMIC;

--
-- Dumping data for table `tour_details`
--

INSERT INTO `tour_details` (`id`, `name`, `short_description`, `description`, `itinerary`, `include`, `policy_cancellation`, `restrictions`, `tags`, `keywords`, `requirement`, `not_included`, `what_you_need`, `on_demand`, `published`, `guide_included`, `is_accessible`, `id_language`, `id_tour`, `slug`, `ribbon`, `reduction_rate`, `meeting_points`) VALUES
(1, 'Demo Tour 1', NULL, NULL, NULL, NULL, NULL, NULL, NULL, NULL, NULL, NULL, NULL, 1, 0, 1, 1, 1, 1, NULL, NULL, NULL, NULL),
(2, 'Demo tour 2', NULL, NULL, NULL, NULL, NULL, NULL, NULL, NULL, NULL, NULL, NULL, 0, 0, 1, 1, 1, 3, NULL, NULL, NULL, NULL),
(3, 'Demo Tour 3', NULL, NULL, NULL, NULL, NULL, NULL, NULL, NULL, NULL, NULL, NULL, 0, 0, 1, 1, 1, 4, NULL, NULL, NULL, NULL),
(8, 'Tour 6', NULL, NULL, NULL, NULL, NULL, NULL, NULL, NULL, NULL, NULL, NULL, 1, 0, 1, 1, 1, 9, NULL, NULL, NULL, NULL),
(9, 'Tour 6 - Copy', NULL, NULL, NULL, NULL, NULL, NULL, NULL, NULL, NULL, NULL, NULL, 1, 0, 1, 1, 1, 10, NULL, NULL, NULL, NULL),
(10, 'Tour 6 - Copy - Copy', NULL, NULL, NULL, NULL, NULL, NULL, NULL, NULL, NULL, NULL, NULL, 1, 0, 1, 1, 1, 11, NULL, NULL, NULL, NULL),
(11, 'Demo tour 2 - Copy', NULL, NULL, NULL, NULL, NULL, NULL, NULL, NULL, NULL, NULL, NULL, 0, 0, 1, 1, 1, 12, NULL, NULL, NULL, NULL),
(12, 'Demo Tour 1 - Copy', NULL, NULL, NULL, NULL, NULL, NULL, NULL, NULL, NULL, NULL, NULL, 1, 0, 1, 1, 1, 13, NULL, NULL, NULL, NULL),
(13, 'Santiago Bernabeu', NULL, NULL, NULL, NULL, NULL, NULL, NULL, NULL, NULL, NULL, NULL, 1, 0, 1, 1, 1, 15, NULL, NULL, NULL, NULL),
(14, 'SB1', NULL, NULL, NULL, NULL, NULL, NULL, NULL, NULL, NULL, NULL, NULL, 1, 0, 1, 1, 1, 16, NULL, NULL, NULL, NULL),
(15, 'asdas', NULL, NULL, NULL, NULL, NULL, NULL, NULL, NULL, NULL, NULL, NULL, 1, 0, 1, 1, 1, 17, NULL, NULL, NULL, NULL),
(16, 'sdas', NULL, NULL, NULL, NULL, NULL, NULL, NULL, NULL, NULL, NULL, NULL, 1, 0, 1, 1, 1, 18, NULL, NULL, NULL, NULL),
(17, 'das', NULL, NULL, NULL, NULL, NULL, NULL, NULL, NULL, NULL, NULL, NULL, 1, 0, 1, 1, 1, 19, NULL, NULL, NULL, NULL),
(18, 'ads', NULL, NULL, NULL, NULL, NULL, NULL, NULL, NULL, NULL, NULL, NULL, 1, 0, 1, 1, 1, 20, NULL, NULL, NULL, NULL),
(19, 'Tour San pedro', NULL, NULL, NULL, NULL, NULL, NULL, NULL, NULL, NULL, NULL, NULL, 1, 0, 1, 1, 1, 21, NULL, NULL, NULL, NULL),
(20, 'Tour a Santiago', NULL, NULL, NULL, NULL, NULL, NULL, NULL, NULL, NULL, NULL, NULL, 1, 0, 1, 1, 1, 22, NULL, NULL, NULL, NULL),
(21, 'Tour Paseo por lancha', NULL, NULL, NULL, NULL, NULL, NULL, NULL, NULL, NULL, NULL, NULL, 1, 0, 1, 1, 1, 23, NULL, NULL, NULL, NULL),
(22, 'qewq', NULL, NULL, NULL, NULL, NULL, NULL, NULL, NULL, NULL, NULL, NULL, 1, 0, 1, 1, 1, 24, NULL, NULL, NULL, NULL),
(23, 'dsadsa', NULL, NULL, NULL, NULL, NULL, NULL, NULL, NULL, NULL, NULL, NULL, 1, 0, 1, 1, 1, 25, NULL, NULL, NULL, NULL),
(24, 'sadd', NULL, NULL, NULL, NULL, NULL, NULL, NULL, NULL, NULL, NULL, NULL, 1, 0, 1, 1, 1, 26, NULL, NULL, NULL, NULL),
(25, 'dasd', NULL, NULL, NULL, NULL, NULL, NULL, NULL, NULL, NULL, NULL, NULL, 1, 0, 1, 1, 1, 27, NULL, NULL, NULL, NULL),
(26, 'asd', NULL, NULL, NULL, NULL, NULL, NULL, NULL, NULL, NULL, NULL, NULL, 1, 0, 1, 1, 1, 28, NULL, NULL, NULL, NULL),
(27, 'ad', NULL, NULL, NULL, NULL, NULL, NULL, NULL, NULL, NULL, NULL, NULL, 1, 0, 1, 1, 2, 29, NULL, NULL, NULL, NULL),
(28, 'Street walk madrid', NULL, NULL, NULL, NULL, NULL, NULL, NULL, NULL, NULL, NULL, NULL, 0, 0, 1, 1, 1, 30, NULL, NULL, NULL, NULL);

-- --------------------------------------------------------

--
-- Table structure for table `tour_detail_languages`
--

CREATE TABLE `tour_detail_languages` (
  `id` int UNSIGNED NOT NULL,
  `id_tour` int DEFAULT NULL,
  `id_language` int DEFAULT NULL
) ENGINE=InnoDB DEFAULT CHARSET=utf8mb4 COLLATE=utf8mb4_general_ci ROW_FORMAT=DYNAMIC;

-- --------------------------------------------------------

--
-- Table structure for table `tour_duration_type`
--

CREATE TABLE `tour_duration_type` (
  `id` int NOT NULL,
  `name` varchar(150) CHARACTER SET utf8mb4 COLLATE utf8mb4_general_ci DEFAULT NULL,
  `singular` varchar(150) CHARACTER SET utf8mb4 COLLATE utf8mb4_general_ci DEFAULT NULL,
  `factor` int DEFAULT NULL
) ENGINE=InnoDB DEFAULT CHARSET=utf8mb4 COLLATE=utf8mb4_general_ci ROW_FORMAT=DYNAMIC;

--
-- Dumping data for table `tour_duration_type`
--

INSERT INTO `tour_duration_type` (`id`, `name`, `singular`, `factor`) VALUES
(1, 'minutes', 'minute', 1),
(2, 'hours', 'hour', 60),
(3, 'days', 'day', 1440),
(4, 'weeks', 'week', 10080),
(5, 'moths', 'moth', 43800);

-- --------------------------------------------------------

--
-- Table structure for table `tour_metadata`
--

CREATE TABLE `tour_metadata` (
  `id` int UNSIGNED NOT NULL,
  `id_tour` int DEFAULT NULL,
  `min_booking` int DEFAULT NULL,
  `max_booking` int DEFAULT NULL
) ENGINE=InnoDB DEFAULT CHARSET=utf8mb4 COLLATE=utf8mb4_general_ci ROW_FORMAT=DYNAMIC;

-- --------------------------------------------------------

--
-- Table structure for table `tour_news`
--

CREATE TABLE `tour_news` (
  `id` int UNSIGNED NOT NULL,
  `notice` text CHARACTER SET utf8mb4 COLLATE utf8mb4_general_ci,
  `id_tour` int DEFAULT NULL,
  `show_on` datetime DEFAULT NULL,
  `ends_on` datetime DEFAULT NULL
) ENGINE=InnoDB DEFAULT CHARSET=utf8mb4 COLLATE=utf8mb4_general_ci ROW_FORMAT=DYNAMIC;

-- --------------------------------------------------------

--
-- Table structure for table `tour_optional`
--

CREATE TABLE `tour_optional` (
  `id` int UNSIGNED NOT NULL,
  `name` varchar(180) CHARACTER SET utf8mb4 COLLATE utf8mb4_general_ci DEFAULT NULL,
  `description` varchar(180) CHARACTER SET utf8mb4 COLLATE utf8mb4_general_ci DEFAULT NULL,
  `id_tour` int NOT NULL,
  `is_private` tinyint NOT NULL DEFAULT '0',
  `max_pax` int NOT NULL DEFAULT '0',
  `optional_margin` int DEFAULT NULL,
  `min_pax` int NOT NULL DEFAULT '1',
  `duration` varchar(11) CHARACTER SET utf8mb4 COLLATE utf8mb4_general_ci DEFAULT NULL,
  `id_tour_duration_type` int DEFAULT NULL,
  `active` int DEFAULT '0',
  `id_tour_transfer_type` int DEFAULT NULL,
  `tour_transfer_note` varchar(180) CHARACTER SET utf8mb4 COLLATE utf8mb4_general_ci DEFAULT NULL,
  `description_include` text CHARACTER SET utf8mb4 COLLATE utf8mb4_general_ci,
  `description_not_included` text CHARACTER SET utf8mb4 COLLATE utf8mb4_general_ci,
  `is_external` int DEFAULT NULL,
  `rates_external` int DEFAULT NULL
) ENGINE=InnoDB DEFAULT CHARSET=utf8mb4 COLLATE=utf8mb4_general_ci ROW_FORMAT=DYNAMIC;

--
-- Dumping data for table `tour_optional`
--

INSERT INTO `tour_optional` (`id`, `name`, `description`, `id_tour`, `is_private`, `max_pax`, `optional_margin`, `min_pax`, `duration`, `id_tour_duration_type`, `active`, `id_tour_transfer_type`, `tour_transfer_note`, `description_include`, `description_not_included`, `is_external`, `rates_external`) VALUES
(1, 'Demo 1', 'asdasd', 1, 0, 23, 23, 23, '23', 2, 0, NULL, NULL, 'dada', 'asdsad', NULL, NULL),
(2, 'Demo 2 Private', 'dasda', 1, 1, 20, 20, 20, '20', 2, 0, NULL, NULL, 'dsadas', 'sdasdad', NULL, NULL),
(3, 'Demo 3', 'de', 1, 0, 12, 12, 12, '12', 2, 0, NULL, NULL, 'dsadsad', 'sdsad313', NULL, NULL),
(4, 'Demo 4', 'jhkjh', 1, 0, 12, 12, 12, '12', 3, 0, NULL, NULL, 'lkjlkj', 'lkjlkj', NULL, NULL),
(5, 'Demo 5', 'jhkjh', 1, 0, 12, 12, 12, '12', 3, 0, NULL, NULL, 'lkjlkj', 'lkjlkj', NULL, NULL),
(6, 'Demo 6', 'Short demo 22', 1, 0, 12, 12, 12, '12', 3, 0, NULL, NULL, 'aaaaa', 'bbbbb', NULL, NULL),
(7, 'Demo 7', 'Short demo 2233', 1, 0, 12, 12, 12, '12', 3, 0, NULL, NULL, 'aaaaa', 'bbbbb', NULL, NULL),
(8, 'Demo 8', '423424', 1, 0, 12, 12, 121, '34', NULL, 0, NULL, NULL, '4242', '424242', NULL, NULL),
(9, 'Demo 9', 'lkjl', 1, 0, 23, 23, 23, '23', 3, 0, NULL, NULL, 'hjjkh', 'kjh', NULL, NULL),
(10, 'Demo Optional 1', 'Demo Optional 1', 1, 0, 10, 20, 1, '12', 2, 0, NULL, NULL, 'Demo Optional 1 Demo Optional 1 Demo Optional 1 Demo Optional 1 Demo Optional 1', 'Demo Optional 1 Demo Optional 1 Demo Optional 1 Demo Optional 1 Demo Optional 1 Demo Optional 1', NULL, NULL),
(11, 'Demo Optqeqeqeqeq', '79y', 3, 1, 12, 12, 12, '12', 3, 0, NULL, NULL, 'sdad', 'asdd', NULL, NULL),
(12, 'Demo Opt', '79y', 3, 1, 12, 12, 12, '12', 3, 0, NULL, NULL, 'sdad', 'asdd', NULL, NULL),
(13, 'Demo Opt- Copy', '79y', 3, 1, 12, 12, 12, '12', 3, 0, NULL, NULL, 'sdad', 'asdd', NULL, NULL),
(14, 'Demo Opt- Copy 111', '79y', 3, 1, 12, 12, 12, '12', 3, 0, NULL, NULL, 'sdad', 'asdd', NULL, NULL),
(15, 'Demo134', '79y', 3, 1, 12, 12, 12, '12', 3, 0, NULL, NULL, 'sdad', 'asdd', NULL, NULL),
(16, 'dada', 'dasdasd', 3, 1, 21, 21, 12, '21', 1, 0, NULL, NULL, 'adasd', 'dasdad', NULL, NULL),
(17, 'dwqq', 'qwdqd', 3, 0, 23, 32, 321, '23', 1, 0, NULL, NULL, 'dqwdq', 'qwdwq', NULL, NULL);

-- --------------------------------------------------------

--
-- Table structure for table `tour_pax_type`
--

CREATE TABLE `tour_pax_type` (
  `id` int UNSIGNED NOT NULL,
  `name` varchar(100) CHARACTER SET utf8mb4 COLLATE utf8mb4_general_ci DEFAULT NULL,
  `id_language` int NOT NULL,
  `is_active` tinyint(1) NOT NULL DEFAULT '0',
  `name_plural` varchar(100) CHARACTER SET utf8mb4 COLLATE utf8mb4_general_ci DEFAULT NULL,
  `icon` varchar(50) CHARACTER SET utf8mb4 COLLATE utf8mb4_general_ci DEFAULT NULL
) ENGINE=InnoDB DEFAULT CHARSET=utf8mb4 COLLATE=utf8mb4_general_ci;

--
-- Dumping data for table `tour_pax_type`
--

INSERT INTO `tour_pax_type` (`id`, `name`, `id_language`, `is_active`, `name_plural`, `icon`) VALUES
(4, 'Infante', 1, 1, 'Infantes', NULL),
(5, 'Adulto', 1, 1, 'Adultos', NULL),
(6, 'Menor', 1, 1, 'Menores', NULL),
(7, 'Local', 1, 1, 'Locales', NULL),
(8, 'Local', 1, 1, 'Locales', NULL);

-- --------------------------------------------------------

--
-- Table structure for table `tour_rates`
--

CREATE TABLE `tour_rates` (
  `id` int UNSIGNED NOT NULL,
  `id_optional` int NOT NULL,
  `id_pax_type` int NOT NULL,
  `price` varchar(50) CHARACTER SET utf8mb4 COLLATE utf8mb4_general_ci DEFAULT NULL,
  `id_tour_season` int NOT NULL
) ENGINE=InnoDB DEFAULT CHARSET=utf8mb4 COLLATE=utf8mb4_general_ci;

--
-- Dumping data for table `tour_rates`
--

INSERT INTO `tour_rates` (`id`, `id_optional`, `id_pax_type`, `price`, `id_tour_season`) VALUES
(39, 1, 4, '123', 32),
(40, 1, 6, '200', 32),
(43, 3, 4, '12', 34),
(44, 3, 6, '15', 34);

-- --------------------------------------------------------

--
-- Table structure for table `tour_review`
--

CREATE TABLE `tour_review` (
  `id` int NOT NULL,
  `id_tour` int NOT NULL,
  `raiting` int NOT NULL,
  `comment` varchar(250) CHARACTER SET utf8mb4 COLLATE utf8mb4_general_ci DEFAULT NULL,
  `client_name` varchar(255) CHARACTER SET utf8mb4 COLLATE utf8mb4_general_ci DEFAULT NULL,
  `country` varchar(11) CHARACTER SET utf8mb4 COLLATE utf8mb4_general_ci DEFAULT NULL,
  `approved` int DEFAULT NULL,
  `confirmation` varchar(80) CHARACTER SET utf8mb4 COLLATE utf8mb4_general_ci DEFAULT NULL,
  `date_created` date DEFAULT NULL
) ENGINE=InnoDB DEFAULT CHARSET=utf8mb4 COLLATE=utf8mb4_general_ci;

-- --------------------------------------------------------

--
-- Table structure for table `tour_season`
--

CREATE TABLE `tour_season` (
  `id` int UNSIGNED NOT NULL,
  `name` varchar(180) CHARACTER SET utf8mb4 COLLATE utf8mb4_general_ci DEFAULT NULL,
  `start_on` date NOT NULL,
  `end_on` date NOT NULL,
  `id_tour_optional` int UNSIGNED NOT NULL
) ENGINE=InnoDB DEFAULT CHARSET=utf8mb4 COLLATE=utf8mb4_general_ci;

--
-- Dumping data for table `tour_season`
--

INSERT INTO `tour_season` (`id`, `name`, `start_on`, `end_on`, `id_tour_optional`) VALUES
(32, 'Demo Season', '2024-06-13', '2024-06-13', 1),
(34, 'Season Demp', '2024-06-13', '2024-07-31', 3);

-- --------------------------------------------------------

--
-- Table structure for table `users_type`
--

CREATE TABLE `users_type` (
  `id` int NOT NULL,
  `name` varchar(50) CHARACTER SET utf8mb4 COLLATE utf8mb4_general_ci DEFAULT NULL
) ENGINE=InnoDB DEFAULT CHARSET=utf8mb4 COLLATE=utf8mb4_general_ci;

--
-- Dumping data for table `users_type`
--

INSERT INTO `users_type` (`id`, `name`) VALUES
(1, 'ADMIN'),
(2, 'API');

--
-- Indexes for table `booking`
--
ALTER TABLE `booking`
  ADD PRIMARY KEY (`id`);

--
-- Indexes for table `booking_payment`
--
ALTER TABLE `booking_payment`
  ADD PRIMARY KEY (`id`);

--
-- Indexes for table `booking_systems`
--
ALTER TABLE `booking_systems`
  ADD PRIMARY KEY (`id`);

--
-- Indexes for table `categories`
--
ALTER TABLE `categories`
  ADD PRIMARY KEY (`id`);

--
-- Indexes for table `channel`
--
ALTER TABLE `channel`
  ADD PRIMARY KEY (`id`);

--
-- Indexes for table `city`
--
ALTER TABLE `city`
  ADD PRIMARY KEY (`id`),
  ADD KEY `fk_city_1_idx` (`id_region`);

--
-- Indexes for table `city_zone`
--
ALTER TABLE `city_zone`
  ADD PRIMARY KEY (`id`) USING BTREE;

--
-- Indexes for table `comments`
--
ALTER TABLE `comments`
  ADD PRIMARY KEY (`id`),
  ADD KEY `fk_c_1_idx` (`id_booking`),
  ADD KEY `fc_c_2_idx` (`id_user_approved`);

--
-- Indexes for table `company`
--
ALTER TABLE `company`
  ADD PRIMARY KEY (`id`);

--
-- Indexes for table `company_contact`
--
ALTER TABLE `company_contact`
  ADD PRIMARY KEY (`id`) USING BTREE,
  ADD KEY `fk_c_c_0` (`id_company`) USING BTREE;

--
-- Indexes for table `continent`
--
ALTER TABLE `continent`
  ADD PRIMARY KEY (`id`);

--
-- Indexes for table `contract`
--
ALTER TABLE `contract`
  ADD PRIMARY KEY (`id`),
  ADD KEY `fk_c_0` (`id_company`);

--
-- Indexes for table `country`
--
ALTER TABLE `country`
  ADD PRIMARY KEY (`id`),
  ADD KEY `country_continent_FK` (`id_continent`);

--
-- Indexes for table `currency`
--
ALTER TABLE `currency`
  ADD PRIMARY KEY (`id`);

--
-- Indexes for table `currency_rate_exchange`
--
ALTER TABLE `currency_rate_exchange`
  ADD PRIMARY KEY (`id`) USING BTREE,
  ADD KEY `fk_e_0` (`id_currency_base`) USING BTREE,
  ADD KEY `fk_e_1` (`id_currency_to`) USING BTREE;

--
-- Indexes for table `front_popular_attractions`
--
ALTER TABLE `front_popular_attractions`
  ADD PRIMARY KEY (`id`) USING BTREE;

--
-- Indexes for table `front_popular_destinations`
--
ALTER TABLE `front_popular_destinations`
  ADD PRIMARY KEY (`id`) USING BTREE,
  ADD KEY `fk_f_c_0` (`id_city`) USING BTREE;

--
-- Indexes for table `group_type`
--
ALTER TABLE `group_type`
  ADD PRIMARY KEY (`id`);

--
-- Indexes for table `home_popup`
--
ALTER TABLE `home_popup`
  ADD PRIMARY KEY (`id`);

--
-- Indexes for table `images`
--
ALTER TABLE `images`
  ADD PRIMARY KEY (`id`),
  ADD KEY `images_fk0` (`tour_id`);

--
-- Indexes for table `languages`
--
ALTER TABLE `languages`
  ADD PRIMARY KEY (`id`);

--
-- Indexes for table `meeting_point`
--
ALTER TABLE `meeting_point`
  ADD PRIMARY KEY (`id`),
  ADD KEY `fk_mp_1_idx` (`id_tour`);

--
-- Indexes for table `phones`
--
ALTER TABLE `phones`
  ADD PRIMARY KEY (`id`);

--
-- Indexes for table `region`
--
ALTER TABLE `region`
  ADD PRIMARY KEY (`id`),
  ADD KEY `fk_region_1_idx` (`id_country`);

--
-- Indexes for table `tour`
--
ALTER TABLE `tour`
  ADD PRIMARY KEY (`id`),
  ADD KEY `tour_fk0` (`id_user_created`),
  ADD KEY `tour_fk1` (`last_user_updated`),
  ADD KEY `tour_fk2` (`id_contract`) USING BTREE,
  ADD KEY `tour_fk3` (`id_city`) USING BTREE;

--
-- Indexes for table `tour_availability`
--
ALTER TABLE `tour_availability`
  ADD PRIMARY KEY (`id`),
  ADD KEY `fk_a_o_0` (`id_tour_optional`);

--
-- Indexes for table `tour_availability_hours`
--
ALTER TABLE `tour_availability_hours`
  ADD PRIMARY KEY (`id`) USING BTREE;

--
-- Indexes for table `tour_booking_config`
--
ALTER TABLE `tour_booking_config`
  ADD PRIMARY KEY (`id`),
  ADD KEY `fk_cu_0` (`id_tour_cut_off`),
  ADD KEY `fk_bc_t_1` (`id_tour`);

--
-- Indexes for table `tour_booking_config_pax`
--
ALTER TABLE `tour_booking_config_pax`
  ADD PRIMARY KEY (`id`),
  ADD KEY `fk_pt_0` (`id_tour_booking_config`),
  ADD KEY `fk_pt_1` (`id_pax_type`);

--
-- Indexes for table `tour_booking_lead`
--
ALTER TABLE `tour_booking_lead`
  ADD PRIMARY KEY (`id`) USING BTREE,
  ADD KEY `fk_bl_0` (`id_tour_booking`) USING BTREE;

--
-- Indexes for table `tour_booking_rates`
--
ALTER TABLE `tour_booking_rates`
  ADD PRIMARY KEY (`id`) USING BTREE,
  ADD KEY `fk_tbr_0` (`id_pax_type`) USING BTREE,
  ADD KEY `fk_tbr_2` (`id_tour_booking`) USING BTREE;

--
-- Indexes for table `tour_booking_status`
--
ALTER TABLE `tour_booking_status`
  ADD PRIMARY KEY (`id`) USING BTREE;

--
-- Indexes for table `tour_category`
--
ALTER TABLE `tour_category`
  ADD PRIMARY KEY (`id`),
  ADD KEY `fk_tcat_0` (`id_tour`),
  ADD KEY `fk_tcat_1` (`id_category`);

--
-- Indexes for table `tour_close_dates`
--
ALTER TABLE `tour_close_dates`
  ADD PRIMARY KEY (`id`) USING BTREE,
  ADD KEY `fk_cd_0` (`id_tour`) USING BTREE,
  ADD KEY `fk_cd_1` (`id_optional`) USING BTREE;

--
-- Indexes for table `tour_coupons`
--
ALTER TABLE `tour_coupons`
  ADD PRIMARY KEY (`id`) USING BTREE;

--
-- Indexes for table `tour_cut_off`
--
ALTER TABLE `tour_cut_off`
  ADD PRIMARY KEY (`id`);

--
-- Indexes for table `tour_details`
--
ALTER TABLE `tour_details`
  ADD PRIMARY KEY (`id`),
  ADD KEY `fk_tour_details_2_idx` (`id_language`),
  ADD KEY `fk_tour_details_1_idx` (`id_tour`);

--
-- Indexes for table `tour_detail_languages`
--
ALTER TABLE `tour_detail_languages`
  ADD PRIMARY KEY (`id`),
  ADD KEY `fk_tdl_0` (`id_tour`),
  ADD KEY `fk_tdl_1` (`id_language`);

--
-- Indexes for table `tour_duration_type`
--
ALTER TABLE `tour_duration_type`
  ADD PRIMARY KEY (`id`);

--
-- Indexes for table `tour_metadata`
--
ALTER TABLE `tour_metadata`
  ADD PRIMARY KEY (`id`) USING BTREE;

--
-- Indexes for table `tour_news`
--
ALTER TABLE `tour_news`
  ADD PRIMARY KEY (`id`),
  ADD KEY `fk_tn_0` (`id_tour`);

--
-- Indexes for table `tour_optional`
--
ALTER TABLE `tour_optional`
  ADD PRIMARY KEY (`id`),
  ADD KEY `fk_to_0` (`id_tour`);

--
-- Indexes for table `tour_pax_type`
--
ALTER TABLE `tour_pax_type`
  ADD PRIMARY KEY (`id`),
  ADD KEY `fk_l_0` (`id_language`);

--
-- Indexes for table `tour_rates`
--
ALTER TABLE `tour_rates`
  ADD PRIMARY KEY (`id`);

--
-- Indexes for table `tour_review`
--
ALTER TABLE `tour_review`
  ADD PRIMARY KEY (`id`) USING BTREE,
  ADD KEY `fk_tr_0` (`id_tour`) USING BTREE;

--
-- Indexes for table `tour_season`
--
ALTER TABLE `tour_season`
  ADD PRIMARY KEY (`id`),
  ADD KEY `fk_s_to_0` (`id_tour_optional`);

--
-- Indexes for table `users_type`
--
ALTER TABLE `users_type`
  ADD PRIMARY KEY (`id`);

--
-- AUTO_INCREMENT for table `booking`
--
ALTER TABLE `booking`
  MODIFY `id` int NOT NULL AUTO_INCREMENT;

--
-- AUTO_INCREMENT for table `booking_payment`
--
ALTER TABLE `booking_payment`
  MODIFY `id` int UNSIGNED NOT NULL AUTO_INCREMENT, AUTO_INCREMENT=12;

--
-- AUTO_INCREMENT for table `booking_systems`
--
ALTER TABLE `booking_systems`
  MODIFY `id` int UNSIGNED NOT NULL AUTO_INCREMENT, AUTO_INCREMENT=3;

--
-- AUTO_INCREMENT for table `categories`
--
ALTER TABLE `categories`
  MODIFY `id` int NOT NULL AUTO_INCREMENT;

--
-- AUTO_INCREMENT for table `channel`
--
ALTER TABLE `channel`
  MODIFY `id` int UNSIGNED NOT NULL AUTO_INCREMENT;

--
-- AUTO_INCREMENT for table `city`
--
ALTER TABLE `city`
  MODIFY `id` int NOT NULL AUTO_INCREMENT, AUTO_INCREMENT=4096;

--
-- AUTO_INCREMENT for table `city_zone`
--
ALTER TABLE `city_zone`
  MODIFY `id` int NOT NULL AUTO_INCREMENT;

--
-- AUTO_INCREMENT for table `comments`
--
ALTER TABLE `comments`
  MODIFY `id` int NOT NULL AUTO_INCREMENT;

--
-- AUTO_INCREMENT for table `company`
--
ALTER TABLE `company`
  MODIFY `id` int NOT NULL AUTO_INCREMENT, AUTO_INCREMENT=2;

--
-- AUTO_INCREMENT for table `company_contact`
--
ALTER TABLE `company_contact`
  MODIFY `id` int NOT NULL AUTO_INCREMENT;

--
-- AUTO_INCREMENT for table `continent`
--
ALTER TABLE `continent`
  MODIFY `id` int NOT NULL AUTO_INCREMENT, AUTO_INCREMENT=7;

--
-- AUTO_INCREMENT for table `contract`
--
ALTER TABLE `contract`
  MODIFY `id` int UNSIGNED NOT NULL AUTO_INCREMENT, AUTO_INCREMENT=4;

--
-- AUTO_INCREMENT for table `country`
--
ALTER TABLE `country`
  MODIFY `id` int NOT NULL AUTO_INCREMENT, AUTO_INCREMENT=40;

--
-- AUTO_INCREMENT for table `currency`
--
ALTER TABLE `currency`
  MODIFY `id` int NOT NULL AUTO_INCREMENT, AUTO_INCREMENT=2;

--
-- AUTO_INCREMENT for table `currency_rate_exchange`
--
ALTER TABLE `currency_rate_exchange`
  MODIFY `id` int UNSIGNED NOT NULL AUTO_INCREMENT;

--
-- AUTO_INCREMENT for table `front_popular_attractions`
--
ALTER TABLE `front_popular_attractions`
  MODIFY `id` int UNSIGNED NOT NULL AUTO_INCREMENT;

--
-- AUTO_INCREMENT for table `front_popular_destinations`
--
ALTER TABLE `front_popular_destinations`
  MODIFY `id` int UNSIGNED NOT NULL AUTO_INCREMENT;

--
-- AUTO_INCREMENT for table `group_type`
--
ALTER TABLE `group_type`
  MODIFY `id` int UNSIGNED NOT NULL AUTO_INCREMENT, AUTO_INCREMENT=3;

--
-- AUTO_INCREMENT for table `home_popup`
--
ALTER TABLE `home_popup`
  MODIFY `id` int NOT NULL AUTO_INCREMENT;

--
-- AUTO_INCREMENT for table `images`
--
ALTER TABLE `images`
  MODIFY `id` int NOT NULL AUTO_INCREMENT;

--
-- AUTO_INCREMENT for table `languages`
--
ALTER TABLE `languages`
  MODIFY `id` int NOT NULL AUTO_INCREMENT, AUTO_INCREMENT=3;

--
-- AUTO_INCREMENT for table `meeting_point`
--
ALTER TABLE `meeting_point`
  MODIFY `id` int NOT NULL AUTO_INCREMENT;

--
-- AUTO_INCREMENT for table `phones`
--
ALTER TABLE `phones`
  MODIFY `id` int NOT NULL AUTO_INCREMENT;

--
-- AUTO_INCREMENT for table `region`
--
ALTER TABLE `region`
  MODIFY `id` int NOT NULL AUTO_INCREMENT, AUTO_INCREMENT=1024;

--
-- AUTO_INCREMENT for table `tour`
--
ALTER TABLE `tour`
  MODIFY `id` int NOT NULL AUTO_INCREMENT, AUTO_INCREMENT=31;

--
-- AUTO_INCREMENT for table `tour_availability`
--
ALTER TABLE `tour_availability`
  MODIFY `id` int UNSIGNED NOT NULL AUTO_INCREMENT, AUTO_INCREMENT=97;

--
-- AUTO_INCREMENT for table `tour_availability_hours`
--
ALTER TABLE `tour_availability_hours`
  MODIFY `id` int UNSIGNED NOT NULL AUTO_INCREMENT, AUTO_INCREMENT=48;

--
-- AUTO_INCREMENT for table `tour_booking_config`
--
ALTER TABLE `tour_booking_config`
  MODIFY `id` int UNSIGNED NOT NULL AUTO_INCREMENT, AUTO_INCREMENT=2;

--
-- AUTO_INCREMENT for table `tour_booking_config_pax`
--
ALTER TABLE `tour_booking_config_pax`
  MODIFY `id` int UNSIGNED NOT NULL AUTO_INCREMENT, AUTO_INCREMENT=39;

--
-- AUTO_INCREMENT for table `tour_booking_lead`
--
ALTER TABLE `tour_booking_lead`
  MODIFY `id` int UNSIGNED NOT NULL AUTO_INCREMENT, AUTO_INCREMENT=65;

--
-- AUTO_INCREMENT for table `tour_booking_rates`
--
ALTER TABLE `tour_booking_rates`
  MODIFY `id` int UNSIGNED NOT NULL AUTO_INCREMENT, AUTO_INCREMENT=58;

--
-- AUTO_INCREMENT for table `tour_booking_status`
--
ALTER TABLE `tour_booking_status`
  MODIFY `id` int NOT NULL AUTO_INCREMENT, AUTO_INCREMENT=5;

--
-- AUTO_INCREMENT for table `tour_category`
--
ALTER TABLE `tour_category`
  MODIFY `id` int UNSIGNED NOT NULL AUTO_INCREMENT;

--
-- AUTO_INCREMENT for table `tour_close_dates`
--
ALTER TABLE `tour_close_dates`
  MODIFY `id` int UNSIGNED NOT NULL AUTO_INCREMENT, AUTO_INCREMENT=24;

--
-- AUTO_INCREMENT for table `tour_coupons`
--
ALTER TABLE `tour_coupons`
  MODIFY `id` int NOT NULL AUTO_INCREMENT;

--
-- AUTO_INCREMENT for table `tour_cut_off`
--
ALTER TABLE `tour_cut_off`
  MODIFY `id` int UNSIGNED NOT NULL AUTO_INCREMENT, AUTO_INCREMENT=18;

--
-- AUTO_INCREMENT for table `tour_details`
--
ALTER TABLE `tour_details`
  MODIFY `id` int NOT NULL AUTO_INCREMENT, AUTO_INCREMENT=29;

--
-- AUTO_INCREMENT for table `tour_detail_languages`
--
ALTER TABLE `tour_detail_languages`
  MODIFY `id` int UNSIGNED NOT NULL AUTO_INCREMENT;

--
-- AUTO_INCREMENT for table `tour_duration_type`
--
ALTER TABLE `tour_duration_type`
  MODIFY `id` int NOT NULL AUTO_INCREMENT, AUTO_INCREMENT=6;

--
-- AUTO_INCREMENT for table `tour_metadata`
--
ALTER TABLE `tour_metadata`
  MODIFY `id` int UNSIGNED NOT NULL AUTO_INCREMENT;

--
-- AUTO_INCREMENT for table `tour_news`
--
ALTER TABLE `tour_news`
  MODIFY `id` int UNSIGNED NOT NULL AUTO_INCREMENT;

--
-- AUTO_INCREMENT for table `tour_optional`
--
ALTER TABLE `tour_optional`
  MODIFY `id` int UNSIGNED NOT NULL AUTO_INCREMENT, AUTO_INCREMENT=18;

--
-- AUTO_INCREMENT for table `tour_pax_type`
--
ALTER TABLE `tour_pax_type`
  MODIFY `id` int UNSIGNED NOT NULL AUTO_INCREMENT, AUTO_INCREMENT=9;

--
-- AUTO_INCREMENT for table `tour_rates`
--
ALTER TABLE `tour_rates`
  MODIFY `id` int UNSIGNED NOT NULL AUTO_INCREMENT, AUTO_INCREMENT=45;

--
-- AUTO_INCREMENT for table `tour_review`
--
ALTER TABLE `tour_review`
  MODIFY `id` int NOT NULL AUTO_INCREMENT;

--
-- AUTO_INCREMENT for table `tour_season`
--
ALTER TABLE `tour_season`
  MODIFY `id` int UNSIGNED NOT NULL AUTO_INCREMENT, AUTO_INCREMENT=35;

--
-- AUTO_INCREMENT for table `users_type`
--
ALTER TABLE `users_type`
  MODIFY `id` int NOT NULL AUTO_INCREMENT, AUTO_INCREMENT=3;

--
-- Constraints for table `city`
--
ALTER TABLE `city`
  ADD CONSTRAINT `FK1_region_id` FOREIGN KEY (`id_region`) REFERENCES `region` (`id`);

--
-- Constraints for table `comments`
--
ALTER TABLE `comments`
  ADD CONSTRAINT `fc_c_2` FOREIGN KEY (`id_user_approved`) REFERENCES `users` (`id`),
  ADD CONSTRAINT `fk_c_1` FOREIGN KEY (`id_booking`) REFERENCES `booking` (`id`);

--
-- Constraints for table `company_contact`
--
ALTER TABLE `company_contact`
  ADD CONSTRAINT `fk_c_c_0` FOREIGN KEY (`id_company`) REFERENCES `company` (`id`);

--
-- Constraints for table `contract`
--
ALTER TABLE `contract`
  ADD CONSTRAINT `fk_c_0` FOREIGN KEY (`id_company`) REFERENCES `company` (`id`);

--
-- Constraints for table `country`
--
ALTER TABLE `country`
  ADD CONSTRAINT `country_continent_FK` FOREIGN KEY (`id_continent`) REFERENCES `continent` (`id`);

--
-- Constraints for table `currency_rate_exchange`
--
ALTER TABLE `currency_rate_exchange`
  ADD CONSTRAINT `fk_e_0` FOREIGN KEY (`id_currency_base`) REFERENCES `currency` (`id`),
  ADD CONSTRAINT `fk_e_1` FOREIGN KEY (`id_currency_to`) REFERENCES `currency` (`id`);

--
-- Constraints for table `images`
--
ALTER TABLE `images`
  ADD CONSTRAINT `images_fk0` FOREIGN KEY (`tour_id`) REFERENCES `tour` (`id`);

--
-- Constraints for table `meeting_point`
--
ALTER TABLE `meeting_point`
  ADD CONSTRAINT `fk_mp_1` FOREIGN KEY (`id_tour`) REFERENCES `tour` (`id`);

--
-- Constraints for table `region`
--
ALTER TABLE `region`
  ADD CONSTRAINT `FK1_rc_id` FOREIGN KEY (`id_country`) REFERENCES `country` (`id`);

--
-- Constraints for table `tour`
--
ALTER TABLE `tour`
  ADD CONSTRAINT `tour_fk0` FOREIGN KEY (`id_user_created`) REFERENCES `users` (`id`),
  ADD CONSTRAINT `tour_fk1` FOREIGN KEY (`last_user_updated`) REFERENCES `users` (`id`),
  ADD CONSTRAINT `tour_fk2` FOREIGN KEY (`id_contract`) REFERENCES `contract` (`id`);

--
-- Constraints for table `tour_availability`
--
ALTER TABLE `tour_availability`
  ADD CONSTRAINT `fk_a_o_0` FOREIGN KEY (`id_tour_optional`) REFERENCES `tour_optional` (`id`);

--
-- Constraints for table `tour_booking_config`
--
ALTER TABLE `tour_booking_config`
  ADD CONSTRAINT `fk_bc_t_1` FOREIGN KEY (`id_tour`) REFERENCES `tour` (`id`),
  ADD CONSTRAINT `fk_cu_0` FOREIGN KEY (`id_tour_cut_off`) REFERENCES `tour_cut_off` (`id`);

--
-- Constraints for table `tour_booking_config_pax`
--
ALTER TABLE `tour_booking_config_pax`
  ADD CONSTRAINT `fk_pt_0` FOREIGN KEY (`id_tour_booking_config`) REFERENCES `tour_booking_config` (`id`),
  ADD CONSTRAINT `fk_pt_1` FOREIGN KEY (`id_pax_type`) REFERENCES `tour_pax_type` (`id`);

--
-- Constraints for table `tour_booking_lead`
--
ALTER TABLE `tour_booking_lead`
  ADD CONSTRAINT `fk_bl_0` FOREIGN KEY (`id_tour_booking`) REFERENCES `tour_booking` (`id`);

--
-- Constraints for table `tour_booking_rates`
--
ALTER TABLE `tour_booking_rates`
  ADD CONSTRAINT `fk_tbr_0` FOREIGN KEY (`id_pax_type`) REFERENCES `tour_pax_type` (`id`),
  ADD CONSTRAINT `fk_tbr_2` FOREIGN KEY (`id_tour_booking`) REFERENCES `tour_booking` (`id`);

--
-- Constraints for table `tour_category`
--
ALTER TABLE `tour_category`
  ADD CONSTRAINT `fk_tcat_0` FOREIGN KEY (`id_tour`) REFERENCES `tour` (`id`),
  ADD CONSTRAINT `fk_tcat_1` FOREIGN KEY (`id_category`) REFERENCES `categories` (`id`);

--
-- Constraints for table `tour_close_dates`
--
ALTER TABLE `tour_close_dates`
  ADD CONSTRAINT `fk_cd_0` FOREIGN KEY (`id_tour`) REFERENCES `tour` (`id`),
  ADD CONSTRAINT `fk_cd_1` FOREIGN KEY (`id_optional`) REFERENCES `tour_optional` (`id`);

--
-- Constraints for table `tour_details`
--
ALTER TABLE `tour_details`
  ADD CONSTRAINT `fk_tour_details_1` FOREIGN KEY (`id_tour`) REFERENCES `tour` (`id`),
  ADD CONSTRAINT `fk_tour_details_2` FOREIGN KEY (`id_language`) REFERENCES `languages` (`id`);

--
-- Constraints for table `tour_detail_languages`
--
ALTER TABLE `tour_detail_languages`
  ADD CONSTRAINT `fk_tdl_0` FOREIGN KEY (`id_tour`) REFERENCES `tour` (`id`),
  ADD CONSTRAINT `fk_tdl_1` FOREIGN KEY (`id_language`) REFERENCES `languages` (`id`);

--
-- Constraints for table `tour_news`
--
ALTER TABLE `tour_news`
  ADD CONSTRAINT `fk_tn_0` FOREIGN KEY (`id_tour`) REFERENCES `tour` (`id`);

--
-- Constraints for table `tour_optional`
--
ALTER TABLE `tour_optional`
  ADD CONSTRAINT `fk_to_0` FOREIGN KEY (`id_tour`) REFERENCES `tour` (`id`);

--
-- Constraints for table `tour_pax_type`
--
ALTER TABLE `tour_pax_type`
  ADD CONSTRAINT `fk_l_0` FOREIGN KEY (`id_language`) REFERENCES `languages` (`id`);

--
-- Constraints for table `tour_review`
--
ALTER TABLE `tour_review`
  ADD CONSTRAINT `fk_tr_0` FOREIGN KEY (`id_tour`) REFERENCES `tour` (`id`);

--
-- Constraints for table `tour_season`
--
ALTER TABLE `tour_season`
  ADD CONSTRAINT `fk_s_to_0` FOREIGN KEY (`id_tour_optional`) REFERENCES `tour_optional` (`id`);
COMMIT;

